{"id":6071,"date":"2019-11-06T15:50:19","date_gmt":"2019-11-06T15:50:19","guid":{"rendered":"https:\/\/amarenak.com\/?post_type=product&#038;p=6071"},"modified":"2026-03-24T20:15:56","modified_gmt":"2026-03-24T19:15:56","slug":"kaikubasquero-bleu","status":"publish","type":"product","link":"https:\/\/amarenak.com\/blog\/producto\/todas\/kaikubasquero-bleu\/","title":{"rendered":"KAIKUBASQUERO BLEU"},"content":{"rendered":"<div class=\"wpb-content-wrapper\"><p>[vc_row][vc_column width=\u00bb1\/2&#8243;][vc_column_text]<\/p>\n<h6><strong>Historia<\/strong><\/h6>\n<p>El kaiku o lekeitiarra es un <strong>abrigo tradicional del Pa\u00eds Vasco.<\/strong> Lo <strong>llevaban los arrantzales (pescadores)<\/strong>\u00a0 cuando iban a faenar al Cant\u00e1brico. Se hac\u00eda con pa\u00f1o de lana muy tupido, perfecto para soportar el viento y chubascos del norte.<\/p>\n<p>Durante los a\u00f1os 20, resurgi\u00f3 una versi\u00f3n m\u00e1s de calle que las amonas (abuelas) hac\u00edan para sus nietos e hijos y <strong>lleg\u00f3 a convertirse en el abrigo m\u00e1s popular en Euskadi.<\/strong> Hoy en d\u00eda esta prenda casi ha desaparecido.[\/vc_column_text][\/vc_column][vc_column width=\u00bb1\/2&#8243;][vc_single_image image=\u00bb5773&#8243; img_size=\u00bblarge\u00bb][\/vc_column][\/vc_row][vc_row][vc_column width=\u00bb1\/2&#8243;][vc_single_image image=\u00bb5828&#8243; img_size=\u00bblarge\u00bb][\/vc_column][vc_column width=\u00bb1\/2&#8243;][vc_column_text]<\/p>\n<h6><strong>Tejido y cuidados<\/strong><\/h6>\n<p>Esta prenda est\u00e1 confeccionada de un tejido de algod\u00f3n, con un acabado encerado.<\/p>\n<ul>\n<li><em>Composici\u00f3n tejido: 100% algod\u00f3n<\/em><\/li>\n<\/ul>\n<p><strong>El algod\u00f3n <\/strong>es el tejido vegetal m\u00e1s com\u00fan. Esto se debe a sus muchas propiedades. Es una fibra muy transpirable, y absorbe la humedad y el sudor.\u00a0 Los tejidos de algod\u00f3n son adem\u00e1s muy suaves, resistentes y agradables al tacto.<\/p>\n<p>Este tejido tiene un acabado encerado, que hace que el tejido sea impermeable.<\/p>\n<p><strong>Cuidados:<\/strong> Para preservar la capa impermeable, no laves ni frotes la prenda. L\u00edmpiala suavemente con un pa\u00f1o h\u00famedo. Planchar por la cara interior.[\/vc_column_text][\/vc_column][\/vc_row][vc_row][vc_column width=\u00bb1\/2&#8243;][vc_column_text]<\/p>\n<h6><strong>Trazabilidad y Sostenibilidad<\/strong><\/h6>\n<p>En esta ocasi\u00f3n hemos colaborado con la centenaria casa <strong>L\u2019Artigue 1910<\/strong> (del Pa\u00eds Vasco franc\u00e9s) que ha sabido reinventar el conocido \u201cLinge Basque\u201d creando por ejemplo este tejido <strong>impermeable, inmanchable e inarrugable.<\/strong><\/p>\n<p>Esta prenda ha sido <strong>confeccionada <\/strong>con mucho cari\u00f1o por sastres y costureras<strong> en el Pa\u00eds Vasco.<\/strong><\/p>\n<p>El resto de elementos y fornituras que hemos utilizado en esta prenda, son tambi\u00e9n de procedencia local.[\/vc_column_text][\/vc_column][vc_column width=\u00bb1\/2&#8243;][vc_single_image image=\u00bb5789&#8243; img_size=\u00bblarge\u00bb][\/vc_column][\/vc_row][vc_row][vc_column][vc_raw_html]JTNDZGl2JTIwY2xhc3MlM0QlMjJjb250YWluZXItdGFja3RpbCUyMiUyMHN0eWxlJTNEJTIycG9zaXRpb24lM0ElMjByZWxhdGl2ZSUzQiUyMG92ZXJmbG93JTNBJTIwaGlkZGVuJTNCJTIwd2lkdGglM0ElMjAxMDAlMjUlM0IlMjBwYWRkaW5nLXRvcCUzQSUyMDU2LjI1JTI1JTNCJTIyJTNFJTNDaWZyYW1lJTIwY2xhc3MlM0QlMjJpZnJhbWUtdGFja3RpbCUyMiUyMHNyYyUzRCUyMmh0dHBzJTNBJTJGJTJGd3d3LnRhY2t0aWwuY29tJTJGZXMlMkZ2aXNvciUyRmV5SjBlWEFpT2lKS1YxUWlMQ0poYkdjaU9pSklVekkxTmlKOS5leUpsZUdsa0lqb3lOeko5LlFKTWxrSXdmUXJ0VnNjb0w5M1haUVNBd0d3ZVptbnFFM2QwZzQ1WkJ4UVklMjIlMjB0aXRsZSUzRCUyMjE0X2thaWt1YmFzcXVlcm8tYmVpZ2UlMjIlMjBzdHlsZSUzRCUyMnBvc2l0aW9uJTNBJTIwYWJzb2x1dGUlM0IlMjB0b3AlM0ElMjAwJTNCJTIwbGVmdCUzQSUyMDAlM0IlMjBib3R0b20lM0ElMjAwJTNCJTIwcmlnaHQlM0ElMjAwJTNCJTIwd2lkdGglM0ElMjAxMDAlMjUlM0IlMjBoZWlnaHQlM0ElMjAxMDAlMjUlM0IlMjBib3JkZXIlM0ElMjAwJTNCJTIyJTIwZnJhbWVCb3JkZXIlM0QlMjIwJTIyJTIwc2Nyb2xsaW5nJTNEJTIybm8lMjIlMjBhbGxvd2Z1bGxzY3JlZW4lM0UlM0MlMkZpZnJhbWUlM0UlM0MlMkZkaXYlM0U=[\/vc_raw_html][\/vc_column][\/vc_row]<\/p>\n<\/div>","protected":false},"excerpt":{"rendered":"<p>Kaiku con capucha e impermeable de algod\u00f3n encerado, con un aire moderno y original y de corte recto. Va rematada con vivos de algod\u00f3n, en el interior y en el exterior. El estampado de rayas es originario del Pa\u00eds Vasco franc\u00e9s.<\/p>\n<p>Hecha con cari\u00f1o en el Pa\u00eds Vasco.<\/p>\n<p style=\"font-size: 11px;\">*Nora mide 1,68 y lleva una talla M. Si tienes duda entre dos tallas, escoge la mayor. Si no encuentras tu talla, <a href=\"https:\/\/amarenak.com\/pide-cita\/\">escr\u00edbenos<\/a>.<\/p>\n<p><a href=\"https:\/\/www.tacktil.com\/es\/visor\/eyJ0eXAiOiJKV1QiLCJhbGciOiJIUzI1NiJ9.eyJleGlkIjoyNzJ9.QJMlkIwfQrtVscoL93XZQSAwGweZmnqE3d0g45ZBxQY\" target=\"_blank\" rel=\"noopener\"><img loading=\"lazy\" decoding=\"async\" class=\"alignnone size-full wp-image-9082\" src=\"https:\/\/amarenak.com\/wp-content\/uploads\/2021\/04\/icons8-360-view-50-1.png\" alt=\"\" width=\"50\" height=\"50\" \/><\/a><\/p>\n","protected":false},"featured_media":13876,"comment_status":"closed","ping_status":"closed","template":"","meta":{"_joinchat":[]},"product_brand":[],"product_cat":[15,563,562,158,159,289,458],"product_tag":[],"class_list":{"0":"post-6071","1":"product","2":"type-product","3":"status-publish","4":"has-post-thumbnail","6":"product_cat-todas","7":"product_cat-otono-invierno","8":"product_cat-primavera-verano","9":"product_cat-mujer","10":"product_cat-hombre","11":"product_cat-kaiku","12":"product_cat-kaikubasquero","14":"first","15":"outofstock","16":"sold-individually","17":"taxable","18":"shipping-taxable","19":"purchasable","20":"product-type-variable"},"aioseo_notices":[],"jetpack_sharing_enabled":true,"_links":{"self":[{"href":"https:\/\/amarenak.com\/blog\/wp-json\/wp\/v2\/product\/6071","targetHints":{"allow":["GET"]}}],"collection":[{"href":"https:\/\/amarenak.com\/blog\/wp-json\/wp\/v2\/product"}],"about":[{"href":"https:\/\/amarenak.com\/blog\/wp-json\/wp\/v2\/types\/product"}],"replies":[{"embeddable":true,"href":"https:\/\/amarenak.com\/blog\/wp-json\/wp\/v2\/comments?post=6071"}],"wp:featuredmedia":[{"embeddable":true,"href":"https:\/\/amarenak.com\/blog\/wp-json\/wp\/v2\/media\/13876"}],"wp:attachment":[{"href":"https:\/\/amarenak.com\/blog\/wp-json\/wp\/v2\/media?parent=6071"}],"wp:term":[{"taxonomy":"product_brand","embeddable":true,"href":"https:\/\/amarenak.com\/blog\/wp-json\/wp\/v2\/product_brand?post=6071"},{"taxonomy":"product_cat","embeddable":true,"href":"https:\/\/amarenak.com\/blog\/wp-json\/wp\/v2\/product_cat?post=6071"},{"taxonomy":"product_tag","embeddable":true,"href":"https:\/\/amarenak.com\/blog\/wp-json\/wp\/v2\/product_tag?post=6071"}],"curies":[{"name":"wp","href":"https:\/\/api.w.org\/{rel}","templated":true}]}}

<div class="wpb-content-wrapper"><p>[vc_row][vc_column width=»1/2&#8243;][vc_column_text]</p>
<h6><strong>Historia</strong></h6>
<p>El kaiku o lekeitiarra es un <strong>abrigo tradicional del País Vasco.</strong> Lo <strong>llevaban los arrantzales (pescadores)</strong>  cuando iban a faenar al Cantábrico. Se hacía con paño de lana muy tupido, perfecto para soportar el viento y chubascos del norte.</p>
<p>Durante los años 20, resurgió una versión más de calle que las amonas (abuelas) hacían para sus nietos e hijos y <strong>llegó a convertirse en el abrigo más popular en Euskadi.</strong> Hoy en día esta prenda casi ha desaparecido.[/vc_column_text][/vc_column][vc_column width=»1/2&#8243;][vc_single_image image=»5773&#8243; img_size=»large»][/vc_column][/vc_row][vc_row][vc_column width=»1/2&#8243;][vc_single_image image=»5828&#8243; img_size=»large»][/vc_column][vc_column width=»1/2&#8243;][vc_column_text]</p>
<h6><strong>Tejido y cuidados</strong></h6>
<p>Esta prenda está confeccionada de un tejido de algodón, con un acabado encerado.</p>
<ul>
<li><em>Composición tejido: 100% algodón</em></li>
</ul>
<p><strong>El algodón </strong>es el tejido vegetal más común. Esto se debe a sus muchas propiedades. Es una fibra muy transpirable, y absorbe la humedad y el sudor.  Los tejidos de algodón son además muy suaves, resistentes y agradables al tacto.</p>
<p>Este tejido tiene un acabado encerado, que hace que el tejido sea impermeable.</p>
<p><strong>Cuidados:</strong> Para preservar la capa impermeable, no laves ni frotes la prenda. Límpiala suavemente con un paño húmedo. Planchar por la cara interior.[/vc_column_text][/vc_column][/vc_row][vc_row][vc_column width=»1/2&#8243;][vc_column_text]</p>
<h6><strong>Trazabilidad y Sostenibilidad</strong></h6>
<p>En esta ocasión hemos colaborado con la centenaria casa <strong>L’Artigue 1910</strong> (del País Vasco francés) que ha sabido reinventar el conocido “Linge Basque” creando por ejemplo este tejido <strong>impermeable, inmanchable e inarrugable.</strong></p>
<p>Esta prenda ha sido <strong>confeccionada </strong>con mucho cariño por sastres y costureras<strong> en el País Vasco.</strong></p>
<p>El resto de elementos y fornituras que hemos utilizado en esta prenda, son también de procedencia local.[/vc_column_text][/vc_column][vc_column width=»1/2&#8243;][vc_single_image image=»5789&#8243; img_size=»large»][/vc_column][/vc_row][vc_row][vc_column][vc_raw_html]JTNDZGl2JTIwY2xhc3MlM0QlMjJjb250YWluZXItdGFja3RpbCUyMiUyMHN0eWxlJTNEJTIycG9zaXRpb24lM0ElMjByZWxhdGl2ZSUzQiUyMG92ZXJmbG93JTNBJTIwaGlkZGVuJTNCJTIwd2lkdGglM0ElMjAxMDAlMjUlM0IlMjBwYWRkaW5nLXRvcCUzQSUyMDU2LjI1JTI1JTNCJTIyJTNFJTNDaWZyYW1lJTIwY2xhc3MlM0QlMjJpZnJhbWUtdGFja3RpbCUyMiUyMHNyYyUzRCUyMmh0dHBzJTNBJTJGJTJGd3d3LnRhY2t0aWwuY29tJTJGZXMlMkZ2aXNvciUyRmV5SjBlWEFpT2lKS1YxUWlMQ0poYkdjaU9pSklVekkxTmlKOS5leUpsZUdsa0lqb3lOeko5LlFKTWxrSXdmUXJ0VnNjb0w5M1haUVNBd0d3ZVptbnFFM2QwZzQ1WkJ4UVklMjIlMjB0aXRsZSUzRCUyMjE0X2thaWt1YmFzcXVlcm8tYmVpZ2UlMjIlMjBzdHlsZSUzRCUyMnBvc2l0aW9uJTNBJTIwYWJzb2x1dGUlM0IlMjB0b3AlM0ElMjAwJTNCJTIwbGVmdCUzQSUyMDAlM0IlMjBib3R0b20lM0ElMjAwJTNCJTIwcmlnaHQlM0ElMjAwJTNCJTIwd2lkdGglM0ElMjAxMDAlMjUlM0IlMjBoZWlnaHQlM0ElMjAxMDAlMjUlM0IlMjBib3JkZXIlM0ElMjAwJTNCJTIyJTIwZnJhbWVCb3JkZXIlM0QlMjIwJTIyJTIwc2Nyb2xsaW5nJTNEJTIybm8lMjIlMjBhbGxvd2Z1bGxzY3JlZW4lM0UlM0MlMkZpZnJhbWUlM0UlM0MlMkZkaXYlM0U=[/vc_raw_html][/vc_column][/vc_row]</p>
</div>

<p>Kaiku con capucha e impermeable de algodón encerado, con un aire moderno y original y de corte recto. Va rematada con vivos de algodón, en el interior y en el exterior. El estampado de rayas es originario del País Vasco francés.</p>
<p>Hecha con cariño en el País Vasco.</p>
<p style="font-size: 11px;">*Nora mide 1,68 y lleva una talla M. Si tienes duda entre dos tallas, escoge la mayor. Si no encuentras tu talla, <a href="https://amarenak.com/pide-cita/">escríbenos</a>.</p>
<p><a href="https://www.tacktil.com/es/visor/eyJ0eXAiOiJKV1QiLCJhbGciOiJIUzI1NiJ9.eyJleGlkIjoyNzJ9.QJMlkIwfQrtVscoL93XZQSAwGweZmnqE3d0g45ZBxQY" target="_blank" rel="noopener"><img loading="lazy" decoding="async" class="alignnone size-full wp-image-9082" src="https://amarenak.com/wp-content/uploads/2021/04/icons8-360-view-50-1.png" alt="" width="50" height="50" /></a></p>
