{"id":27020,"date":"2025-11-02T11:36:37","date_gmt":"2025-11-02T10:36:37","guid":{"rendered":"https:\/\/amarenak.com\/?post_type=product&#038;p=27020"},"modified":"2025-11-02T14:32:31","modified_gmt":"2025-11-02T13:32:31","slug":"pantalon-rosa-mari-gaua","status":"publish","type":"product","link":"https:\/\/amarenak.com\/blog\/producto\/todas\/pantalon-rosa-mari-gaua\/","title":{"rendered":"PANTAL\u00d3N ROSA MARI GAUA"},"content":{"rendered":"<div class=\"wpb-content-wrapper\"><p>[vc_row][vc_column width=\u00bb1\/2&#8243;][vc_column_text]<\/p>\n<p>La historia<\/p>\n<p>\u201cPrimus circumdedisti me\u201d\u00a0fuiste el primero que la vuelta me diste. As\u00ed reza la inscripci\u00f3n del escudo de armas que el Emperador Carlos V\u00a0entreg\u00f3 a Juan Sebasti\u00e1n Elkano despu\u00e9s de completar la primera circunnavegaci\u00f3n de la Tierra. De esa manera reconoci\u00f3 la haza\u00f1a del navegante vasco, que lleg\u00f3 a Sanl\u00facar de Barrameda el 6 de septiembre de 1522 a bordo de la nao Victoria, tres a\u00f1os despu\u00e9s de zarpar, el 10 de agosto de 1519.<\/p>\n<p>500 a\u00f1os despu\u00e9s, desde Amarenak queremos recordar y homenajear a este personaje y al resto de marineros vascos del siglo XVI, devolviendo a nuestros d\u00edas y a nuestros armarios algunas de sus prendas.[\/vc_column_text][\/vc_column][vc_column width=\u00bb1\/2&#8243;][vc_single_image image=\u00bb11243&#8243; img_size=\u00bblarge\u00bb add_caption=\u00bbyes\u00bb][\/vc_column][\/vc_row][vc_row][vc_column width=\u00bb1\/2&#8243;][vc_single_image image=\u00bb6126&#8243; img_size=\u00bblarge\u00bb][\/vc_column][vc_column width=\u00bb1\/2&#8243;][vc_column_text css=\u00bb\u00bb]<\/p>\n<h6><strong>Tejido y cuidados <\/strong><\/h6>\n<ul>\n<li style=\"list-style-type: none;\">\n<ul>\n<li><em>Composici\u00f3n tejido: 100% algod\u00f3n org\u00e1nico GOTS<\/em><em> \u00a0 <\/em><\/li>\n<\/ul>\n<p><strong>El algod\u00f3n <\/strong>es el tejido vegetal m\u00e1s com\u00fan. Esto se debe a sus muchas propiedades. Es una fibra muy transpirable, y absorbe la humedad y el sudor.\u00a0 Los tejidos de algod\u00f3n son adem\u00e1s muy suaves, resistentes y agradables al tacto.<\/p>\n<p><strong>La Norma Textil Org\u00e1nica Global (GOTS)<\/strong> es la norma l\u00edder mundial en el procesamiento de textiles hechos con fibra org\u00e1nica, que incluye criterios ecol\u00f3gicos y sociales.<\/p>\n<p><strong>Cuidados:<\/strong> Lavar en lavadora a 30\u00ba con colores similares. En el primer lavado la prenda puede encoger.<\/li>\n<\/ul>\n<p>[\/vc_column_text][\/vc_column][\/vc_row][vc_row][vc_column width=\u00bb1\/2&#8243;][vc_column_text css=\u00bb\u00bb]<\/p>\n<h6><strong>Trazabilidad y Sostenibilidad<\/strong><\/h6>\n<p>El tejido de pana de algod\u00f3n org\u00e1nico de esta prenda se ha tejido en <strong>Catalu\u00f1a.\u00a0<\/strong><\/p>\n<div class=\"page\" title=\"Page 8\">\n<div class=\"layoutArea\">\n<div class=\"column\">\n<p>Ha sido confeccionada con carin\u0303o en uno de nuestros talleres en Zaragoza, <strong>a menos de 200km de San Sebasti\u00e1n.<\/strong><\/p>\n<p>El resto de elementos y fornituras son tambi\u00e9n de <strong>procedencia local.<\/strong><\/p>\n<\/div>\n<\/div>\n<\/div>\n<p>[\/vc_column_text][\/vc_column][vc_column width=\u00bb1\/2&#8243;][vc_single_image image=\u00bb15165&#8243; img_size=\u00bblarge\u00bb][\/vc_column][\/vc_row]<\/p>\n<\/div>","protected":false},"excerpt":{"rendered":"<p data-start=\"447\" data-end=\"703\">Pantal\u00f3n de <strong>pana negra de talle alto<\/strong> inspirado en los \u201cpraka-mantala\u201d tradicionales vascos. Corte entallado en cintura, cierre lateral con cremallera y botones frontales como gui\u00f1o al dise\u00f1o original. Confeccionado en <strong>algod\u00f3n org\u00e1nico certificado<\/strong> GOTS.<\/p>\n<p data-start=\"705\" data-end=\"908\">C\u00f3modo, favorecedor y vers\u00e1til, combina a la perfecci\u00f3n con la <strong>chaqueta bolero <a href=\"https:\/\/amarenak.com\/producto\/kaiku-rosa-mari-gaua\/\">KAIKU GAUA GRISA<\/a><\/strong> para un look aut\u00e9ntico y sostenible. Una prenda \u00fanica que une <strong>tradici\u00f3n, dise\u00f1o y compromiso ambiental.<\/strong><\/p>\n<p data-start=\"910\" data-end=\"979\">Hecho con cari\u00f1o en talleres locales de Espa\u00f1a. Edici\u00f3n limitada.<\/p>\n<p>&nbsp;<\/p>\n","protected":false},"featured_media":26963,"comment_status":"open","ping_status":"closed","template":"","meta":{"_joinchat":[]},"product_brand":[],"product_cat":[15,563,158,1506,679],"product_tag":[],"class_list":{"0":"post-27020","1":"product","2":"type-product","3":"status-publish","4":"has-post-thumbnail","6":"product_cat-todas","7":"product_cat-otono-invierno","8":"product_cat-mujer","9":"product_cat-rosa-mari","10":"product_cat-elkano","12":"first","13":"instock","14":"taxable","15":"shipping-taxable","16":"purchasable","17":"product-type-variable"},"aioseo_notices":[],"jetpack_sharing_enabled":true,"_links":{"self":[{"href":"https:\/\/amarenak.com\/blog\/wp-json\/wp\/v2\/product\/27020","targetHints":{"allow":["GET"]}}],"collection":[{"href":"https:\/\/amarenak.com\/blog\/wp-json\/wp\/v2\/product"}],"about":[{"href":"https:\/\/amarenak.com\/blog\/wp-json\/wp\/v2\/types\/product"}],"replies":[{"embeddable":true,"href":"https:\/\/amarenak.com\/blog\/wp-json\/wp\/v2\/comments?post=27020"}],"wp:featuredmedia":[{"embeddable":true,"href":"https:\/\/amarenak.com\/blog\/wp-json\/wp\/v2\/media\/26963"}],"wp:attachment":[{"href":"https:\/\/amarenak.com\/blog\/wp-json\/wp\/v2\/media?parent=27020"}],"wp:term":[{"taxonomy":"product_brand","embeddable":true,"href":"https:\/\/amarenak.com\/blog\/wp-json\/wp\/v2\/product_brand?post=27020"},{"taxonomy":"product_cat","embeddable":true,"href":"https:\/\/amarenak.com\/blog\/wp-json\/wp\/v2\/product_cat?post=27020"},{"taxonomy":"product_tag","embeddable":true,"href":"https:\/\/amarenak.com\/blog\/wp-json\/wp\/v2\/product_tag?post=27020"}],"curies":[{"name":"wp","href":"https:\/\/api.w.org\/{rel}","templated":true}]}}

PANTALÓN ROSA MARI GAUA

<div class="wpb-content-wrapper"><p>[vc_row][vc_column width=»1/2&#8243;][vc_column_text]</p>
<p>La historia</p>
<p>“Primus circumdedisti me” fuiste el primero que la vuelta me diste. Así reza la inscripción del escudo de armas que el Emperador Carlos V entregó a Juan Sebastián Elkano después de completar la primera circunnavegación de la Tierra. De esa manera reconoció la hazaña del navegante vasco, que llegó a Sanlúcar de Barrameda el 6 de septiembre de 1522 a bordo de la nao Victoria, tres años después de zarpar, el 10 de agosto de 1519.</p>
<p>500 años después, desde Amarenak queremos recordar y homenajear a este personaje y al resto de marineros vascos del siglo XVI, devolviendo a nuestros días y a nuestros armarios algunas de sus prendas.[/vc_column_text][/vc_column][vc_column width=»1/2&#8243;][vc_single_image image=»11243&#8243; img_size=»large» add_caption=»yes»][/vc_column][/vc_row][vc_row][vc_column width=»1/2&#8243;][vc_single_image image=»6126&#8243; img_size=»large»][/vc_column][vc_column width=»1/2&#8243;][vc_column_text css=»»]</p>
<h6><strong>Tejido y cuidados </strong></h6>
<ul>
<li style="list-style-type: none;">
<ul>
<li><em>Composición tejido: 100% algodón orgánico GOTS</em><em>   </em></li>
</ul>
<p><strong>El algodón </strong>es el tejido vegetal más común. Esto se debe a sus muchas propiedades. Es una fibra muy transpirable, y absorbe la humedad y el sudor.  Los tejidos de algodón son además muy suaves, resistentes y agradables al tacto.</p>
<p><strong>La Norma Textil Orgánica Global (GOTS)</strong> es la norma líder mundial en el procesamiento de textiles hechos con fibra orgánica, que incluye criterios ecológicos y sociales.</p>
<p><strong>Cuidados:</strong> Lavar en lavadora a 30º con colores similares. En el primer lavado la prenda puede encoger.</li>
</ul>
<p>[/vc_column_text][/vc_column][/vc_row][vc_row][vc_column width=»1/2&#8243;][vc_column_text css=»»]</p>
<h6><strong>Trazabilidad y Sostenibilidad</strong></h6>
<p>El tejido de pana de algodón orgánico de esta prenda se ha tejido en <strong>Cataluña. </strong></p>
<div class="page" title="Page 8">
<div class="layoutArea">
<div class="column">
<p>Ha sido confeccionada con cariño en uno de nuestros talleres en Zaragoza, <strong>a menos de 200km de San Sebastián.</strong></p>
<p>El resto de elementos y fornituras son también de <strong>procedencia local.</strong></p>
</div>
</div>
</div>
<p>[/vc_column_text][/vc_column][vc_column width=»1/2&#8243;][vc_single_image image=»15165&#8243; img_size=»large»][/vc_column][/vc_row]</p>
</div>

<p data-start="447" data-end="703">Pantalón de <strong>pana negra de talle alto</strong> inspirado en los “praka-mantala” tradicionales vascos. Corte entallado en cintura, cierre lateral con cremallera y botones frontales como guiño al diseño original. Confeccionado en <strong>algodón orgánico certificado</strong> GOTS.</p>
<p data-start="705" data-end="908">Cómodo, favorecedor y versátil, combina a la perfección con la <strong>chaqueta bolero <a href="https://amarenak.com/producto/kaiku-rosa-mari-gaua/">KAIKU GAUA GRISA</a></strong> para un look auténtico y sostenible. Una prenda única que une <strong>tradición, diseño y compromiso ambiental.</strong></p>
<p data-start="910" data-end="979">Hecho con cariño en talleres locales de España. Edición limitada.</p>
<p>&nbsp;</p>
