{"id":25368,"date":"2025-09-12T17:59:05","date_gmt":"2025-09-12T15:59:05","guid":{"rendered":"https:\/\/amarenak.com\/?post_type=product&#038;p=25368"},"modified":"2025-12-30T15:03:31","modified_gmt":"2025-12-30T14:03:31","slug":"kaiku-lau-basoa-3","status":"publish","type":"product","link":"https:\/\/amarenak.com\/blog\/producto\/todas\/kaiku-lau-basoa-3\/","title":{"rendered":"KAIKU LAU BASOA"},"content":{"rendered":"<div class=\"wpb-content-wrapper\"><p>[vc_row][vc_column width=\u00bb1\/2&#8243;][vc_column_text]<\/p>\n<h6><strong>Historia<\/strong><\/h6>\n<p>El kaiku o lekeitiarra es un <strong>abrigo tradicional del Pa\u00eds Vasco.<\/strong> Lo <strong>llevaban los arrantzales (pescadores)<\/strong>\u00a0 cuando iban a faenar al Cant\u00e1brico. Se hac\u00eda con pa\u00f1o de lana muy tupido, perfecto para soportar el viento y chubascos del norte.<\/p>\n<p>Durante los a\u00f1os 20, resurgi\u00f3 una versi\u00f3n m\u00e1s de calle que las amonas (abuelas) hac\u00edan para sus nietos e hijos y <strong>lleg\u00f3 a convertirse en el abrigo m\u00e1s popular en Euskadi.<\/strong> Hoy en d\u00eda esta prenda casi ha desaparecido.[\/vc_column_text][\/vc_column][vc_column width=\u00bb1\/2&#8243;][vc_single_image image=\u00bb5773&#8243; img_size=\u00bblarge\u00bb][\/vc_column][\/vc_row][vc_row][vc_column width=\u00bb1\/2&#8243;][vc_single_image image=\u00bb5958&#8243; img_size=\u00bblarge\u00bb][\/vc_column][vc_column width=\u00bb1\/2&#8243;][vc_column_text css=\u00bb\u00bb]<\/p>\n<h6><strong>Tejido y cuidados<\/strong><\/h6>\n<ul>\n<li><em>Composici\u00f3n tejido: 100% lana<\/em><\/li>\n<\/ul>\n<p><strong>La lana <\/strong>es uno de los tejidos naturales m\u00e1s incre\u00edbles que existen. Es biodegradable y sostenible. Generalmente proviene de las ovejas, y es lo que les mantiene calentitas en invierno.\u00a0 Sus propiedades son espectaculares, especialmente para prendas de exterior, ya que es un regulador natural de la temperatura que te mantiene seco y caliente en invierno, absorbe la humedad y es resistente a olores, moho y suciedad.<\/p>\n<p><strong>Cuidados:<\/strong> Conviene no lavar demasiado tu prenda, a no ser que sea necesario. Lavar en seco al final de temporada y almacenar, preferiblemente en percha, en un lugar seco y ventilado, sin luz solar directa, hasta el a\u00f1o siguiente.[\/vc_column_text][\/vc_column][\/vc_row][vc_row][vc_column width=\u00bb1\/2&#8243;][vc_column_text css=\u00bb\u00bb]<\/p>\n<h6><strong>Trazabilidad y Sostenibilidad<\/strong><\/h6>\n<p>El tejido de esta prenda ha sido seleccionado por nosotras del almac\u00e9n de una antigua tienda de tejidos de Eibar (Pa\u00eds Vasco). Esta tienda a\u00fan conservaba algunos metros de <strong>tejidos de hace muchos a\u00f1os, de f\u00e1bricas espa\u00f1olas que ya ni siquiera existen<\/strong>. Con esta selecci\u00f3n hemos lanzado esta colecci\u00f3n exclusiva y limitada \u00a1que es todo un tesoro!<\/p>\n<p>Esta prenda ha sido <strong>confeccionada<\/strong> con mucho cari\u00f1o en uno de nuestros talleres <strong>en Trapaga (Pa\u00eds Vasco).<\/strong><\/p>\n<p>El resto de <strong>elementos y fornituras<\/strong> que hemos utilizado en esta prenda, son <strong>tambi\u00e9n de procedencia local<\/strong> (Uni\u00f3n Europea).[\/vc_column_text][\/vc_column][vc_column width=\u00bb1\/2&#8243;][vc_single_image image=\u00bb18727&#8243; img_size=\u00bblarge\u00bb css=\u00bb\u00bb][\/vc_column][\/vc_row]<\/p>\n<\/div>","protected":false},"excerpt":{"rendered":"<p data-start=\"899\" data-end=\"1148\">La <strong data-start=\"904\" data-end=\"937\">chaqueta Kaiku de cuadros<\/strong>\u00a0es una reinterpretaci\u00f3n contempor\u00e1nea de la prenda vasca m\u00e1s ic\u00f3nica. Confeccionada en<strong data-start=\"1025\" data-end=\"1054\"> 100% lana natural<\/strong>, rescatada de una antigua tienda de Eibar, combina calidez, durabilidad y estilo atemporal.<\/p>\n<p data-start=\"1659\" data-end=\"1766\">Una prenda \u00fanica que une tradici\u00f3n, dise\u00f1o y sostenibilidad, pensada para acompa\u00f1arte muchos inviernos.<\/p>\n<p data-start=\"1659\" data-end=\"1766\">Producida con cari\u00f1o en el Pa\u00eds Vasco.<\/p>\n","protected":false},"featured_media":27149,"comment_status":"closed","ping_status":"closed","template":"","meta":{"_joinchat":[]},"product_brand":[],"product_cat":[15,563,158,159,1370,289],"product_tag":[],"class_list":{"0":"post-25368","1":"product","2":"type-product","3":"status-publish","4":"has-post-thumbnail","6":"product_cat-todas","7":"product_cat-otono-invierno","8":"product_cat-mujer","9":"product_cat-hombre","10":"product_cat-ugarteburu","11":"product_cat-kaiku","13":"first","14":"outofstock","15":"taxable","16":"shipping-taxable","17":"purchasable","18":"product-type-variable","19":"has-default-attributes"},"aioseo_notices":[],"jetpack_sharing_enabled":true,"_links":{"self":[{"href":"https:\/\/amarenak.com\/blog\/wp-json\/wp\/v2\/product\/25368","targetHints":{"allow":["GET"]}}],"collection":[{"href":"https:\/\/amarenak.com\/blog\/wp-json\/wp\/v2\/product"}],"about":[{"href":"https:\/\/amarenak.com\/blog\/wp-json\/wp\/v2\/types\/product"}],"replies":[{"embeddable":true,"href":"https:\/\/amarenak.com\/blog\/wp-json\/wp\/v2\/comments?post=25368"}],"wp:featuredmedia":[{"embeddable":true,"href":"https:\/\/amarenak.com\/blog\/wp-json\/wp\/v2\/media\/27149"}],"wp:attachment":[{"href":"https:\/\/amarenak.com\/blog\/wp-json\/wp\/v2\/media?parent=25368"}],"wp:term":[{"taxonomy":"product_brand","embeddable":true,"href":"https:\/\/amarenak.com\/blog\/wp-json\/wp\/v2\/product_brand?post=25368"},{"taxonomy":"product_cat","embeddable":true,"href":"https:\/\/amarenak.com\/blog\/wp-json\/wp\/v2\/product_cat?post=25368"},{"taxonomy":"product_tag","embeddable":true,"href":"https:\/\/amarenak.com\/blog\/wp-json\/wp\/v2\/product_tag?post=25368"}],"curies":[{"name":"wp","href":"https:\/\/api.w.org\/{rel}","templated":true}]}}

<div class="wpb-content-wrapper"><p>[vc_row][vc_column width=»1/2&#8243;][vc_column_text]</p>
<h6><strong>Historia</strong></h6>
<p>El kaiku o lekeitiarra es un <strong>abrigo tradicional del País Vasco.</strong> Lo <strong>llevaban los arrantzales (pescadores)</strong>  cuando iban a faenar al Cantábrico. Se hacía con paño de lana muy tupido, perfecto para soportar el viento y chubascos del norte.</p>
<p>Durante los años 20, resurgió una versión más de calle que las amonas (abuelas) hacían para sus nietos e hijos y <strong>llegó a convertirse en el abrigo más popular en Euskadi.</strong> Hoy en día esta prenda casi ha desaparecido.[/vc_column_text][/vc_column][vc_column width=»1/2&#8243;][vc_single_image image=»5773&#8243; img_size=»large»][/vc_column][/vc_row][vc_row][vc_column width=»1/2&#8243;][vc_single_image image=»5958&#8243; img_size=»large»][/vc_column][vc_column width=»1/2&#8243;][vc_column_text css=»»]</p>
<h6><strong>Tejido y cuidados</strong></h6>
<ul>
<li><em>Composición tejido: 100% lana</em></li>
</ul>
<p><strong>La lana </strong>es uno de los tejidos naturales más increíbles que existen. Es biodegradable y sostenible. Generalmente proviene de las ovejas, y es lo que les mantiene calentitas en invierno.  Sus propiedades son espectaculares, especialmente para prendas de exterior, ya que es un regulador natural de la temperatura que te mantiene seco y caliente en invierno, absorbe la humedad y es resistente a olores, moho y suciedad.</p>
<p><strong>Cuidados:</strong> Conviene no lavar demasiado tu prenda, a no ser que sea necesario. Lavar en seco al final de temporada y almacenar, preferiblemente en percha, en un lugar seco y ventilado, sin luz solar directa, hasta el año siguiente.[/vc_column_text][/vc_column][/vc_row][vc_row][vc_column width=»1/2&#8243;][vc_column_text css=»»]</p>
<h6><strong>Trazabilidad y Sostenibilidad</strong></h6>
<p>El tejido de esta prenda ha sido seleccionado por nosotras del almacén de una antigua tienda de tejidos de Eibar (País Vasco). Esta tienda aún conservaba algunos metros de <strong>tejidos de hace muchos años, de fábricas españolas que ya ni siquiera existen</strong>. Con esta selección hemos lanzado esta colección exclusiva y limitada ¡que es todo un tesoro!</p>
<p>Esta prenda ha sido <strong>confeccionada</strong> con mucho cariño en uno de nuestros talleres <strong>en Trapaga (País Vasco).</strong></p>
<p>El resto de <strong>elementos y fornituras</strong> que hemos utilizado en esta prenda, son <strong>también de procedencia local</strong> (Unión Europea).[/vc_column_text][/vc_column][vc_column width=»1/2&#8243;][vc_single_image image=»18727&#8243; img_size=»large» css=»»][/vc_column][/vc_row]</p>
</div>

<p data-start="899" data-end="1148">La <strong data-start="904" data-end="937">chaqueta Kaiku de cuadros</strong> es una reinterpretación contemporánea de la prenda vasca más icónica. Confeccionada en<strong data-start="1025" data-end="1054"> 100% lana natural</strong>, rescatada de una antigua tienda de Eibar, combina calidez, durabilidad y estilo atemporal.</p>
<p data-start="1659" data-end="1766">Una prenda única que une tradición, diseño y sostenibilidad, pensada para acompañarte muchos inviernos.</p>
<p data-start="1659" data-end="1766">Producida con cariño en el País Vasco.</p>
