{"id":20178,"date":"2024-11-05T00:01:02","date_gmt":"2024-11-04T23:01:02","guid":{"rendered":"https:\/\/amarenak.com\/?post_type=product&#038;p=20178"},"modified":"2025-04-05T19:13:28","modified_gmt":"2025-04-05T17:13:28","slug":"kaiku-iturrienea-gaua","status":"publish","type":"product","link":"https:\/\/amarenak.com\/blog\/producto\/todas\/kaiku-iturrienea-gaua\/","title":{"rendered":"KAIKU ITURRIENEA GAUA"},"content":{"rendered":"<div class=\"wpb-content-wrapper\"><p>[vc_row][vc_column width=\u00bb1\/2&#8243;][vc_column_text]<\/p>\n<h6><strong>Historia<\/strong><\/h6>\n<p>El kaiku o lekeitiarra es un <strong>abrigo tradicional del Pa\u00eds Vasco.<\/strong> Lo <strong>llevaban los arrantzales (pescadores)<\/strong>\u00a0 cuando iban a faenar al Cant\u00e1brico. Se hac\u00eda con pa\u00f1o de lana muy tupido, perfecto para soportar el viento y chubascos del norte.<\/p>\n<p>Durante los a\u00f1os 20, resurgi\u00f3 una versi\u00f3n m\u00e1s de calle que las amonas (abuelas) hac\u00edan para sus nietos e hijos y <strong>lleg\u00f3 a convertirse en el abrigo m\u00e1s popular en Euskadi.<\/strong> Hoy en d\u00eda esta prenda casi ha desaparecido.[\/vc_column_text][\/vc_column][vc_column width=\u00bb1\/2&#8243;][vc_single_image image=\u00bb5773&#8243; img_size=\u00bblarge\u00bb][\/vc_column][\/vc_row][vc_row][vc_column width=\u00bb1\/2&#8243;][vc_single_image image=\u00bb5958&#8243; img_size=\u00bblarge\u00bb][\/vc_column][vc_column width=\u00bb1\/2&#8243;][vc_column_text]<\/p>\n<h6><strong>Tejido y cuidados<\/strong><\/h6>\n<ul>\n<li><em>Composici\u00f3n tejido liso: 100% lana merino<\/em><\/li>\n<li><em>Composici\u00f3n tejido estampado: 100% algod\u00f3n<\/em><\/li>\n<\/ul>\n<p><strong>La lana <\/strong>es uno de los tejidos naturales m\u00e1s incre\u00edbles que existen. Es biodegradable y sostenible. Generalmente proviene de las ovejas, y es lo que les mantiene calentitas en invierno.\u00a0 Sus propiedades son espectaculares, especialmente para prendas de exterior, ya que es un regulador natural de la temperatura que te mantiene seco y caliente en invierno, absorbe la humedad y es resistente a olores, moho y suciedad.<\/p>\n<p><strong>La lana merino<\/strong> es adem\u00e1s, dentro del mundo de la lana, de las mejores, por su finura y suavidad. Para transformar el tejido en pa\u00f1o, este se somete a una serie de procesos mec\u00e1nicos, que compactan la lana, haci\u00e9ndola as\u00ed pr\u00e1cticamente impermeable al agua y el viento.<\/p>\n<p><strong>El algod\u00f3n <\/strong>es el tejido vegetal m\u00e1s com\u00fan. Esto se debe a sus muchas propiedades. Es una fibra muy transpirable, y absorbe la humedad y el sudor.\u00a0 Los tejidos de algod\u00f3n son adem\u00e1s muy suaves, resistentes y agradables al tacto.<\/p>\n<p><strong>Cuidados:<\/strong> Conviene no lavar demasiado tu prenda, a no ser que sea necesario. Lavar en seco al final de temporada y almacenar, preferiblemente en percha, en un lugar seco y ventilado, sin luz solar directa, hasta el a\u00f1o siguiente.[\/vc_column_text][\/vc_column][\/vc_row][vc_row][vc_column width=\u00bb1\/2&#8243;][vc_column_text]<\/p>\n<h6><strong>Trazabilidad y Sostenibilidad<\/strong><\/h6>\n<p>El pa\u00f1o de lana de esta prenda se ha <strong>hilado y tejido en un pueblo de Le\u00f3n<\/strong> por una de las pocas empresas que quedan en Espa\u00f1a. La lana viene de reba\u00f1os de Palencia y Extremadura, que respetan debidamente los derechos de sus animales.<\/p>\n<p><span style=\"font-weight: 400;\">El colorido tejido de estampado blockprint viene de la India, de uno de los proveedores escogidos con mimo con los que trabajan en Iturrienea, a quienes conocen personalmente y que visitan cada a\u00f1o. El block print es una t\u00e9cnica ancestral y artesanal, con la que se estampa la tela usando diferentes sellos de madera a mano. Por esta raz\u00f3n, los estampados suelen tener irregularidades que los hacen a\u00fan m\u00e1s \u00fanicos y especiales. <\/span><\/p>\n<p>Esta prenda ha sido <strong>confeccionada <\/strong>con mucho cari\u00f1o en uno de nuestros talleres en <strong>Trapaga (Pa\u00eds Vasco)<\/strong>.<\/p>\n<p>El resto de <strong>elementos y fornituras<\/strong> que hemos utilizado en esta prenda, son <strong>tambi\u00e9n de procedencia local<\/strong> (Uni\u00f3n Europea).[\/vc_column_text][\/vc_column][vc_column width=\u00bb1\/2&#8243;][vc_single_image image=\u00bb5962&#8243; img_size=\u00bblarge\u00bb][\/vc_column][\/vc_row][vc_row][vc_column][vc_raw_html]JTNDZGl2JTIwY2xhc3MlM0QlMjJjb250YWluZXItdGFja3RpbCUyMiUyMHN0eWxlJTNEJTIycG9zaXRpb24lM0ElMjByZWxhdGl2ZSUzQiUyMG92ZXJmbG93JTNBJTIwaGlkZGVuJTNCJTIwd2lkdGglM0ElMjAxMDAlMjUlM0IlMjBwYWRkaW5nLXRvcCUzQSUyMDU2LjI1JTI1JTNCJTIyJTNFJTNDaWZyYW1lJTIwY2xhc3MlM0QlMjJpZnJhbWUtdGFja3RpbCUyMiUyMHNyYyUzRCUyMmh0dHBzJTNBJTJGJTJGd3d3LnRhY2t0aWwuY29tJTJGZXMlMkZ2aXNvciUyRmV5SjBlWEFpT2lKS1YxUWlMQ0poYkdjaU9pSklVekkxTmlKOS5leUpsZUdsa0lqb3lORFo5LkJJRjhTWUQ4NzBIcGJLN0VSMTlxRC1OVXpmRFJqTUw3LXZFdGlnbVFZanclMjIlMjB0aXRsZSUzRCUyMjAxX2thaWt1LWx1emUtaG9kZWklMjIlMjBzdHlsZSUzRCUyMnBvc2l0aW9uJTNBJTIwYWJzb2x1dGUlM0IlMjB0b3AlM0ElMjAwJTNCJTIwbGVmdCUzQSUyMDAlM0IlMjBib3R0b20lM0ElMjAwJTNCJTIwcmlnaHQlM0ElMjAwJTNCJTIwd2lkdGglM0ElMjAxMDAlMjUlM0IlMjBoZWlnaHQlM0ElMjAxMDAlMjUlM0IlMjBib3JkZXIlM0ElMjAwJTNCJTIyJTIwZnJhbWVCb3JkZXIlM0QlMjIwJTIyJTIwc2Nyb2xsaW5nJTNEJTIybm8lMjIlMjBhbGxvd2Z1bGxzY3JlZW4lM0UlM0MlMkZpZnJhbWUlM0UlM0MlMkZkaXYlM0U=[\/vc_raw_html][\/vc_column][\/vc_row]<\/p>\n<\/div>","protected":false},"excerpt":{"rendered":"<p><span style=\"font-weight: 400;\">Con mucho cari\u00f1o e ilusi\u00f3n os presentamos la chaqueta de invierno Kaiku resultado de la <strong>colaboraci\u00f3n Amarenak x Iturri enea<\/strong>, una prenda que fusiona lo mejor de los dos mundos.<\/span><\/p>\n<p><span style=\"font-weight: 400;\">Confeccionada con el tejido <strong>de lana merino<\/strong> de siempre, esta <strong>chaqueta kaiku de invierno<\/strong> tiene un toque fresco y moderno, un corte recto y un sutil entalle en la espalda que le da un aire especial. Los detalles en vivos de algod\u00f3n liso y cuadros vichy le a\u00f1aden ese puntito divertido que hace que destaque.<\/span><\/p>\n<p><span style=\"font-weight: 400;\">Pero la magia no termina ah\u00ed. Esta <strong>edici\u00f3n especial es reversible<\/strong>, y en su interior esconde un <strong>forro floral exclusivo<\/strong> que solo pod\u00eda nacer de esta colaboraci\u00f3n con Iturri enea. Amantes de lo diferente y lo extraordinario, nos invita a disfrutar del arte y la creatividad en lo cotidiano.<\/span><\/p>\n<p><span style=\"font-weight: 400;\">Esta chaqueta es un gui\u00f1o a lo \u00fanico y lo sorprendente, una pieza que habla de amor por el detalle y el estilo. <strong>Hecha con cari\u00f1o en el Pa\u00eds Vasco<\/strong>, es una edici\u00f3n que te har\u00e1 sentirte especial cada vez que te la pongas. \u00a1An\u00edmate a vivir la experiencia Amarenak x Iturri Enea!<\/span><\/p>\n<p>Esta es una <strong>colecci\u00f3n muy limitada<\/strong> (solo hay <strong>12\u00a0unidades<\/strong>), por ello, las haremos <strong>bajo reserva.<\/strong> Los pedidos se podr\u00e1n hacer<strong> \u00fanicamente del 5 (00:01) al 10 (23:59) de Noviembre.<\/strong>\u00a0Garantizando que las personas que las quer\u00e9is, pod\u00e1is conseguir vuestra talla.<\/p>\n<p>La <strong>entrega se har\u00e1 antes del 24 de diciembre<\/strong><span style=\"font-weight: 400;\">, justo a tiempo para convertirse en un regalo especial para estas navidades. Pasado este plazo, el resto de prendas que hayan sobrado, estar\u00e1n disponibles en nuestras tiendas f\u00edsicas y online.<\/span><\/p>\n<p>En caso de que por alg\u00fan motivo <strong>no podamos confeccionar<\/strong> este modelo, <strong>se devolver\u00e1 el importe \u00edntegro.<\/strong><\/p>\n<p><a href=\"https:\/\/www.tacktil.com\/es\/visor\/eyJ0eXAiOiJKV1QiLCJhbGciOiJIUzI1NiJ9.eyJleGlkIjoyNDZ9.BIF8SYD870HpbK7ER19qD-NUzfDRjML7-vEtigmQYjw\" target=\"_blank\" rel=\"noopener\"><img loading=\"lazy\" decoding=\"async\" class=\"alignnone size-full wp-image-9082\" src=\"https:\/\/amarenak.com\/wp-content\/uploads\/2021\/04\/icons8-360-view-50-1.png\" alt=\"\" width=\"50\" height=\"50\" \/><\/a><\/p>\n<p>&nbsp;<\/p>\n","protected":false},"featured_media":20242,"comment_status":"open","ping_status":"closed","template":"","meta":{"_joinchat":[]},"product_brand":[],"product_cat":[15,563,158,289,1435],"product_tag":[922,759,712,910,716,775,1434,711,774],"class_list":{"0":"post-20178","1":"product","2":"type-product","3":"status-publish","4":"has-post-thumbnail","6":"product_cat-todas","7":"product_cat-otono-invierno","8":"product_cat-mujer","9":"product_cat-kaiku","10":"product_cat-iturri-enea","11":"product_tag-abrigo","12":"product_tag-algodon","13":"product_tag-amarenak","14":"product_tag-chaqueta","15":"product_tag-coleccion-otono-invierno","16":"product_tag-exclusiva","17":"product_tag-iturrienea","18":"product_tag-kaiku","19":"product_tag-limitada","21":"first","22":"outofstock","23":"taxable","24":"shipping-taxable","25":"purchasable","26":"product-type-variable"},"aioseo_notices":[],"jetpack_sharing_enabled":true,"_links":{"self":[{"href":"https:\/\/amarenak.com\/blog\/wp-json\/wp\/v2\/product\/20178","targetHints":{"allow":["GET"]}}],"collection":[{"href":"https:\/\/amarenak.com\/blog\/wp-json\/wp\/v2\/product"}],"about":[{"href":"https:\/\/amarenak.com\/blog\/wp-json\/wp\/v2\/types\/product"}],"replies":[{"embeddable":true,"href":"https:\/\/amarenak.com\/blog\/wp-json\/wp\/v2\/comments?post=20178"}],"wp:featuredmedia":[{"embeddable":true,"href":"https:\/\/amarenak.com\/blog\/wp-json\/wp\/v2\/media\/20242"}],"wp:attachment":[{"href":"https:\/\/amarenak.com\/blog\/wp-json\/wp\/v2\/media?parent=20178"}],"wp:term":[{"taxonomy":"product_brand","embeddable":true,"href":"https:\/\/amarenak.com\/blog\/wp-json\/wp\/v2\/product_brand?post=20178"},{"taxonomy":"product_cat","embeddable":true,"href":"https:\/\/amarenak.com\/blog\/wp-json\/wp\/v2\/product_cat?post=20178"},{"taxonomy":"product_tag","embeddable":true,"href":"https:\/\/amarenak.com\/blog\/wp-json\/wp\/v2\/product_tag?post=20178"}],"curies":[{"name":"wp","href":"https:\/\/api.w.org\/{rel}","templated":true}]}}

<div class="wpb-content-wrapper"><p>[vc_row][vc_column width=»1/2&#8243;][vc_column_text]</p>
<h6><strong>Historia</strong></h6>
<p>El kaiku o lekeitiarra es un <strong>abrigo tradicional del País Vasco.</strong> Lo <strong>llevaban los arrantzales (pescadores)</strong>  cuando iban a faenar al Cantábrico. Se hacía con paño de lana muy tupido, perfecto para soportar el viento y chubascos del norte.</p>
<p>Durante los años 20, resurgió una versión más de calle que las amonas (abuelas) hacían para sus nietos e hijos y <strong>llegó a convertirse en el abrigo más popular en Euskadi.</strong> Hoy en día esta prenda casi ha desaparecido.[/vc_column_text][/vc_column][vc_column width=»1/2&#8243;][vc_single_image image=»5773&#8243; img_size=»large»][/vc_column][/vc_row][vc_row][vc_column width=»1/2&#8243;][vc_single_image image=»5958&#8243; img_size=»large»][/vc_column][vc_column width=»1/2&#8243;][vc_column_text]</p>
<h6><strong>Tejido y cuidados</strong></h6>
<ul>
<li><em>Composición tejido liso: 100% lana merino</em></li>
<li><em>Composición tejido estampado: 100% algodón</em></li>
</ul>
<p><strong>La lana </strong>es uno de los tejidos naturales más increíbles que existen. Es biodegradable y sostenible. Generalmente proviene de las ovejas, y es lo que les mantiene calentitas en invierno.  Sus propiedades son espectaculares, especialmente para prendas de exterior, ya que es un regulador natural de la temperatura que te mantiene seco y caliente en invierno, absorbe la humedad y es resistente a olores, moho y suciedad.</p>
<p><strong>La lana merino</strong> es además, dentro del mundo de la lana, de las mejores, por su finura y suavidad. Para transformar el tejido en paño, este se somete a una serie de procesos mecánicos, que compactan la lana, haciéndola así prácticamente impermeable al agua y el viento.</p>
<p><strong>El algodón </strong>es el tejido vegetal más común. Esto se debe a sus muchas propiedades. Es una fibra muy transpirable, y absorbe la humedad y el sudor.  Los tejidos de algodón son además muy suaves, resistentes y agradables al tacto.</p>
<p><strong>Cuidados:</strong> Conviene no lavar demasiado tu prenda, a no ser que sea necesario. Lavar en seco al final de temporada y almacenar, preferiblemente en percha, en un lugar seco y ventilado, sin luz solar directa, hasta el año siguiente.[/vc_column_text][/vc_column][/vc_row][vc_row][vc_column width=»1/2&#8243;][vc_column_text]</p>
<h6><strong>Trazabilidad y Sostenibilidad</strong></h6>
<p>El paño de lana de esta prenda se ha <strong>hilado y tejido en un pueblo de León</strong> por una de las pocas empresas que quedan en España. La lana viene de rebaños de Palencia y Extremadura, que respetan debidamente los derechos de sus animales.</p>
<p><span style="font-weight: 400;">El colorido tejido de estampado blockprint viene de la India, de uno de los proveedores escogidos con mimo con los que trabajan en Iturrienea, a quienes conocen personalmente y que visitan cada año. El block print es una técnica ancestral y artesanal, con la que se estampa la tela usando diferentes sellos de madera a mano. Por esta razón, los estampados suelen tener irregularidades que los hacen aún más únicos y especiales. </span></p>
<p>Esta prenda ha sido <strong>confeccionada </strong>con mucho cariño en uno de nuestros talleres en <strong>Trapaga (País Vasco)</strong>.</p>
<p>El resto de <strong>elementos y fornituras</strong> que hemos utilizado en esta prenda, son <strong>también de procedencia local</strong> (Unión Europea).[/vc_column_text][/vc_column][vc_column width=»1/2&#8243;][vc_single_image image=»5962&#8243; img_size=»large»][/vc_column][/vc_row][vc_row][vc_column][vc_raw_html]JTNDZGl2JTIwY2xhc3MlM0QlMjJjb250YWluZXItdGFja3RpbCUyMiUyMHN0eWxlJTNEJTIycG9zaXRpb24lM0ElMjByZWxhdGl2ZSUzQiUyMG92ZXJmbG93JTNBJTIwaGlkZGVuJTNCJTIwd2lkdGglM0ElMjAxMDAlMjUlM0IlMjBwYWRkaW5nLXRvcCUzQSUyMDU2LjI1JTI1JTNCJTIyJTNFJTNDaWZyYW1lJTIwY2xhc3MlM0QlMjJpZnJhbWUtdGFja3RpbCUyMiUyMHNyYyUzRCUyMmh0dHBzJTNBJTJGJTJGd3d3LnRhY2t0aWwuY29tJTJGZXMlMkZ2aXNvciUyRmV5SjBlWEFpT2lKS1YxUWlMQ0poYkdjaU9pSklVekkxTmlKOS5leUpsZUdsa0lqb3lORFo5LkJJRjhTWUQ4NzBIcGJLN0VSMTlxRC1OVXpmRFJqTUw3LXZFdGlnbVFZanclMjIlMjB0aXRsZSUzRCUyMjAxX2thaWt1LWx1emUtaG9kZWklMjIlMjBzdHlsZSUzRCUyMnBvc2l0aW9uJTNBJTIwYWJzb2x1dGUlM0IlMjB0b3AlM0ElMjAwJTNCJTIwbGVmdCUzQSUyMDAlM0IlMjBib3R0b20lM0ElMjAwJTNCJTIwcmlnaHQlM0ElMjAwJTNCJTIwd2lkdGglM0ElMjAxMDAlMjUlM0IlMjBoZWlnaHQlM0ElMjAxMDAlMjUlM0IlMjBib3JkZXIlM0ElMjAwJTNCJTIyJTIwZnJhbWVCb3JkZXIlM0QlMjIwJTIyJTIwc2Nyb2xsaW5nJTNEJTIybm8lMjIlMjBhbGxvd2Z1bGxzY3JlZW4lM0UlM0MlMkZpZnJhbWUlM0UlM0MlMkZkaXYlM0U=[/vc_raw_html][/vc_column][/vc_row]</p>
</div>

<p><span style="font-weight: 400;">Con mucho cariño e ilusión os presentamos la chaqueta de invierno Kaiku resultado de la <strong>colaboración Amarenak x Iturri enea</strong>, una prenda que fusiona lo mejor de los dos mundos.</span></p>
<p><span style="font-weight: 400;">Confeccionada con el tejido <strong>de lana merino</strong> de siempre, esta <strong>chaqueta kaiku de invierno</strong> tiene un toque fresco y moderno, un corte recto y un sutil entalle en la espalda que le da un aire especial. Los detalles en vivos de algodón liso y cuadros vichy le añaden ese puntito divertido que hace que destaque.</span></p>
<p><span style="font-weight: 400;">Pero la magia no termina ahí. Esta <strong>edición especial es reversible</strong>, y en su interior esconde un <strong>forro floral exclusivo</strong> que solo podía nacer de esta colaboración con Iturri enea. Amantes de lo diferente y lo extraordinario, nos invita a disfrutar del arte y la creatividad en lo cotidiano.</span></p>
<p><span style="font-weight: 400;">Esta chaqueta es un guiño a lo único y lo sorprendente, una pieza que habla de amor por el detalle y el estilo. <strong>Hecha con cariño en el País Vasco</strong>, es una edición que te hará sentirte especial cada vez que te la pongas. ¡Anímate a vivir la experiencia Amarenak x Iturri Enea!</span></p>
<p>Esta es una <strong>colección muy limitada</strong> (solo hay <strong>12 unidades</strong>), por ello, las haremos <strong>bajo reserva.</strong> Los pedidos se podrán hacer<strong> únicamente del 5 (00:01) al 10 (23:59) de Noviembre.</strong> Garantizando que las personas que las queréis, podáis conseguir vuestra talla.</p>
<p>La <strong>entrega se hará antes del 24 de diciembre</strong><span style="font-weight: 400;">, justo a tiempo para convertirse en un regalo especial para estas navidades. Pasado este plazo, el resto de prendas que hayan sobrado, estarán disponibles en nuestras tiendas físicas y online.</span></p>
<p>En caso de que por algún motivo <strong>no podamos confeccionar</strong> este modelo, <strong>se devolverá el importe íntegro.</strong></p>
<p><a href="https://www.tacktil.com/es/visor/eyJ0eXAiOiJKV1QiLCJhbGciOiJIUzI1NiJ9.eyJleGlkIjoyNDZ9.BIF8SYD870HpbK7ER19qD-NUzfDRjML7-vEtigmQYjw" target="_blank" rel="noopener"><img loading="lazy" decoding="async" class="alignnone size-full wp-image-9082" src="https://amarenak.com/wp-content/uploads/2021/04/icons8-360-view-50-1.png" alt="" width="50" height="50" /></a></p>
<p>&nbsp;</p>
