{"id":18811,"date":"2024-09-15T00:01:24","date_gmt":"2024-09-15T00:01:24","guid":{"rendered":"https:\/\/amarenak.com\/?post_type=product&#038;p=18811"},"modified":"2026-03-24T15:44:37","modified_gmt":"2026-03-24T14:44:37","slug":"kaiku-lau-gaua","status":"publish","type":"product","link":"https:\/\/amarenak.com\/blog\/producto\/todas\/kaiku-lau-gaua\/","title":{"rendered":"KAIKU LAU GAUA"},"content":{"rendered":"<div class=\"wpb-content-wrapper\"><p>[vc_row][vc_column width=\u00bb1\/2&#8243;][vc_column_text]<\/p>\n<h6><strong>Historia<\/strong><\/h6>\n<p>El kaiku o lekeitiarra es un <strong>abrigo tradicional del Pa\u00eds Vasco.<\/strong> Lo <strong>llevaban los arrantzales (pescadores)<\/strong>\u00a0 cuando iban a faenar al Cant\u00e1brico. Se hac\u00eda con pa\u00f1o de lana muy tupido, perfecto para soportar el viento y chubascos del norte.<\/p>\n<p>Durante los a\u00f1os 20, resurgi\u00f3 una versi\u00f3n m\u00e1s de calle que las amonas (abuelas) hac\u00edan para sus nietos e hijos y <strong>lleg\u00f3 a convertirse en el abrigo m\u00e1s popular en Euskadi.<\/strong> Hoy en d\u00eda esta prenda casi ha desaparecido.[\/vc_column_text][\/vc_column][vc_column width=\u00bb1\/2&#8243;][vc_single_image image=\u00bb5773&#8243; img_size=\u00bblarge\u00bb][\/vc_column][\/vc_row][vc_row][vc_column width=\u00bb1\/2&#8243;][vc_single_image image=\u00bb5958&#8243; img_size=\u00bblarge\u00bb][\/vc_column][vc_column width=\u00bb1\/2&#8243;][vc_column_text]<\/p>\n<h6><strong>Tejido y cuidados<\/strong><\/h6>\n<ul>\n<li><em>Composici\u00f3n tejido: 40% lana\u00a0 45% mohair\u00a0 15% poliamida<\/em><\/li>\n<\/ul>\n<p><strong>La lana <\/strong>es uno de los tejidos naturales m\u00e1s incre\u00edbles que existen. Es biodegradable y sostenible. Generalmente proviene de las ovejas, y es lo que les mantiene calentitas en invierno.\u00a0 Sus propiedades son espectaculares, especialmente para prendas de exterior, ya que es un regulador natural de la temperatura que te mantiene seco y caliente en invierno, absorbe la humedad y es resistente a olores, moho y suciedad.<\/p>\n<p><strong>Cuidados:<\/strong> Conviene no lavar demasiado tu prenda, a no ser que sea necesario. Lavar en seco al final de temporada y almacenar, preferiblemente en percha, en un lugar seco y ventilado, sin luz solar directa, hasta el a\u00f1o siguiente.[\/vc_column_text][\/vc_column][\/vc_row][vc_row][vc_column width=\u00bb1\/2&#8243;][vc_column_text]<\/p>\n<h6><strong>Trazabilidad y Sostenibilidad<\/strong><\/h6>\n<p>El tejido de esta prenda ha sido seleccionado por nosotras del almac\u00e9n de una antigua tienda de tejidos de Eibar (Pa\u00eds Vasco). Esta tienda a\u00fan conservaba algunos metros de <strong>tejidos de hace muchos a\u00f1os, de f\u00e1bricas espa\u00f1olas que ya ni siquiera existen<\/strong>. Con esta selecci\u00f3n hemos lanzado esta colecci\u00f3n exclusiva y limitada \u00a1que es todo un tesoro!<\/p>\n<p>Esta prenda ha sido <strong>confeccionada<\/strong> con mucho cari\u00f1o en uno de nuestros talleres <strong>en Trapaga (Pa\u00eds Vasco).<\/strong><\/p>\n<p>El resto de <strong>elementos y fornituras<\/strong> que hemos utilizado en esta prenda, son <strong>tambi\u00e9n de procedencia local<\/strong> (Uni\u00f3n Europea).[\/vc_column_text][\/vc_column][vc_column width=\u00bb1\/2&#8243;][vc_single_image image=\u00bb18727&#8243; img_size=\u00bblarge\u00bb][\/vc_column][\/vc_row][vc_row][vc_column][vc_raw_html]JTNDZGl2JTIwY2xhc3MlM0QlMjJjb250YWluZXItdGFja3RpbCUyMiUyMHN0eWxlJTNEJTIycG9zaXRpb24lM0ElMjByZWxhdGl2ZSUzQiUyMG92ZXJmbG93JTNBJTIwaGlkZGVuJTNCJTIwd2lkdGglM0ElMjAxMDAlMjUlM0IlMjBwYWRkaW5nLXRvcCUzQSUyMDU2LjI1JTI1JTNCJTIyJTNFJTNDaWZyYW1lJTIwY2xhc3MlM0QlMjJpZnJhbWUtdGFja3RpbCUyMiUyMHNyYyUzRCUyMmh0dHBzJTNBJTJGJTJGYXBwLnRhY2t0aWwuY29tJTJGZXMlMkZ2aXNvciUyRmV5SjBlWEFpT2lKS1YxUWlMQ0poYkdjaU9pSklVekkxTmlKOS5leUpsZUdsa0lqb3lORFY5LlczRDJ5cFJZd0xXQ0dITzhsdEpaSS1IbGpzRFZZMEVtRTJlNG40a21FR0klMjIlMjB0aXRsZSUzRCUyMjklMjBrYWlrdSUyMGdhdWElMjB0eHVyaWElMjBtdWplciUyMiUyMHN0eWxlJTNEJTIycG9zaXRpb24lM0ElMjBhYnNvbHV0ZSUzQiUyMHRvcCUzQSUyMDAlM0IlMjBsZWZ0JTNBJTIwMCUzQiUyMGJvdHRvbSUzQSUyMDAlM0IlMjByaWdodCUzQSUyMDAlM0IlMjB3aWR0aCUzQSUyMDEwMCUyNSUzQiUyMGhlaWdodCUzQSUyMDEwMCUyNSUzQiUyMGJvcmRlciUzQSUyMDAlM0IlMjIlMjBmcmFtZUJvcmRlciUzRCUyMjAlMjIlMjBzY3JvbGxpbmclM0QlMjJubyUyMiUyMGFsbG93ZnVsbHNjcmVlbiUzRSUzQyUyRmlmcmFtZSUzRSUzQyUyRmRpdiUzRQ==[\/vc_raw_html][\/vc_column][\/vc_row]<\/p>\n<\/div>","protected":false},"excerpt":{"rendered":"<p>Chaqueta de invierno kaiku de tejido de lana y mohair, con un aire moderno y original. Corte recto y ligero entalle en la espalda. La chaqueta va rematada con vivos en algod\u00f3n, en el interior y en el exterior. Puede ir forrada. Hecha con cari\u00f1o en el Pa\u00eds Vasco.<\/p>\n<p>Esta chaqueta es parte de una <strong>colecci\u00f3n muy limitada <\/strong>(solo hay <strong>7 unidades<\/strong>), por ello, las haremos <strong>bajo reserva.<\/strong> Los pedidos se podr\u00e1n hacer<strong> \u00fanicamente del 16 (00:01) al 22 (23:59) de Septiembre.<\/strong>\u00a0Garantizando que las personas que las quer\u00e9is, pod\u00e1is conseguir vuestra talla.<\/p>\n<p>La <strong>entrega se har\u00e1 6 semanas despu\u00e9s<\/strong> de la compra. Pasado este plazo, el resto de prendas que hayan sobrado, estar\u00e1n disponibles en tienda y online.<\/p>\n<p>En caso de que por alg\u00fan motivo <strong>no podamos confeccionar<\/strong> este modelo, <strong>se devolver\u00e1 el importe \u00edntegro.<\/strong><\/p>\n<p><a href=\"https:\/\/app.tacktil.com\/es\/visor\/eyJ0eXAiOiJKV1QiLCJhbGciOiJIUzI1NiJ9.eyJleGlkIjoyNDV9.W3D2ypRYwLWCGHO8ltJZI-HljsDVY0EmE2e4n4kmEGI\" target=\"_blank\" rel=\"noopener\"><img loading=\"lazy\" decoding=\"async\" class=\"alignnone wp-image-9082 size-full\" src=\"https:\/\/amarenak.com\/wp-content\/uploads\/2021\/04\/icons8-360-view-50-1.png\" alt=\"\" width=\"50\" height=\"50\" \/><\/a><\/p>\n<p>&nbsp;<\/p>\n","protected":false},"featured_media":19088,"comment_status":"open","ping_status":"closed","template":"","meta":{"_joinchat":[]},"product_brand":[],"product_cat":[15,563,158,159,1370,289,1312],"product_tag":[922,910,716,765,711,918,774,919,715,766],"class_list":{"0":"post-18811","1":"product","2":"type-product","3":"status-publish","4":"has-post-thumbnail","6":"product_cat-todas","7":"product_cat-otono-invierno","8":"product_cat-mujer","9":"product_cat-hombre","10":"product_cat-ugarteburu","11":"product_cat-kaiku","12":"product_cat-ultimas-unidades","13":"product_tag-abrigo","14":"product_tag-chaqueta","15":"product_tag-coleccion-otono-invierno","16":"product_tag-hombre","17":"product_tag-kaiku","18":"product_tag-lana","19":"product_tag-limitada","20":"product_tag-moda-sostenible","21":"product_tag-moda-vasca","22":"product_tag-mujer","24":"first","25":"instock","26":"taxable","27":"shipping-taxable","28":"purchasable","29":"product-type-variable"},"aioseo_notices":[],"jetpack_sharing_enabled":true,"_links":{"self":[{"href":"https:\/\/amarenak.com\/blog\/wp-json\/wp\/v2\/product\/18811","targetHints":{"allow":["GET"]}}],"collection":[{"href":"https:\/\/amarenak.com\/blog\/wp-json\/wp\/v2\/product"}],"about":[{"href":"https:\/\/amarenak.com\/blog\/wp-json\/wp\/v2\/types\/product"}],"replies":[{"embeddable":true,"href":"https:\/\/amarenak.com\/blog\/wp-json\/wp\/v2\/comments?post=18811"}],"wp:featuredmedia":[{"embeddable":true,"href":"https:\/\/amarenak.com\/blog\/wp-json\/wp\/v2\/media\/19088"}],"wp:attachment":[{"href":"https:\/\/amarenak.com\/blog\/wp-json\/wp\/v2\/media?parent=18811"}],"wp:term":[{"taxonomy":"product_brand","embeddable":true,"href":"https:\/\/amarenak.com\/blog\/wp-json\/wp\/v2\/product_brand?post=18811"},{"taxonomy":"product_cat","embeddable":true,"href":"https:\/\/amarenak.com\/blog\/wp-json\/wp\/v2\/product_cat?post=18811"},{"taxonomy":"product_tag","embeddable":true,"href":"https:\/\/amarenak.com\/blog\/wp-json\/wp\/v2\/product_tag?post=18811"}],"curies":[{"name":"wp","href":"https:\/\/api.w.org\/{rel}","templated":true}]}}

<div class="wpb-content-wrapper"><p>[vc_row][vc_column width=»1/2&#8243;][vc_column_text]</p>
<h6><strong>Historia</strong></h6>
<p>El kaiku o lekeitiarra es un <strong>abrigo tradicional del País Vasco.</strong> Lo <strong>llevaban los arrantzales (pescadores)</strong>  cuando iban a faenar al Cantábrico. Se hacía con paño de lana muy tupido, perfecto para soportar el viento y chubascos del norte.</p>
<p>Durante los años 20, resurgió una versión más de calle que las amonas (abuelas) hacían para sus nietos e hijos y <strong>llegó a convertirse en el abrigo más popular en Euskadi.</strong> Hoy en día esta prenda casi ha desaparecido.[/vc_column_text][/vc_column][vc_column width=»1/2&#8243;][vc_single_image image=»5773&#8243; img_size=»large»][/vc_column][/vc_row][vc_row][vc_column width=»1/2&#8243;][vc_single_image image=»5958&#8243; img_size=»large»][/vc_column][vc_column width=»1/2&#8243;][vc_column_text]</p>
<h6><strong>Tejido y cuidados</strong></h6>
<ul>
<li><em>Composición tejido: 40% lana  45% mohair  15% poliamida</em></li>
</ul>
<p><strong>La lana </strong>es uno de los tejidos naturales más increíbles que existen. Es biodegradable y sostenible. Generalmente proviene de las ovejas, y es lo que les mantiene calentitas en invierno.  Sus propiedades son espectaculares, especialmente para prendas de exterior, ya que es un regulador natural de la temperatura que te mantiene seco y caliente en invierno, absorbe la humedad y es resistente a olores, moho y suciedad.</p>
<p><strong>Cuidados:</strong> Conviene no lavar demasiado tu prenda, a no ser que sea necesario. Lavar en seco al final de temporada y almacenar, preferiblemente en percha, en un lugar seco y ventilado, sin luz solar directa, hasta el año siguiente.[/vc_column_text][/vc_column][/vc_row][vc_row][vc_column width=»1/2&#8243;][vc_column_text]</p>
<h6><strong>Trazabilidad y Sostenibilidad</strong></h6>
<p>El tejido de esta prenda ha sido seleccionado por nosotras del almacén de una antigua tienda de tejidos de Eibar (País Vasco). Esta tienda aún conservaba algunos metros de <strong>tejidos de hace muchos años, de fábricas españolas que ya ni siquiera existen</strong>. Con esta selección hemos lanzado esta colección exclusiva y limitada ¡que es todo un tesoro!</p>
<p>Esta prenda ha sido <strong>confeccionada</strong> con mucho cariño en uno de nuestros talleres <strong>en Trapaga (País Vasco).</strong></p>
<p>El resto de <strong>elementos y fornituras</strong> que hemos utilizado en esta prenda, son <strong>también de procedencia local</strong> (Unión Europea).[/vc_column_text][/vc_column][vc_column width=»1/2&#8243;][vc_single_image image=»18727&#8243; img_size=»large»][/vc_column][/vc_row][vc_row][vc_column][vc_raw_html]JTNDZGl2JTIwY2xhc3MlM0QlMjJjb250YWluZXItdGFja3RpbCUyMiUyMHN0eWxlJTNEJTIycG9zaXRpb24lM0ElMjByZWxhdGl2ZSUzQiUyMG92ZXJmbG93JTNBJTIwaGlkZGVuJTNCJTIwd2lkdGglM0ElMjAxMDAlMjUlM0IlMjBwYWRkaW5nLXRvcCUzQSUyMDU2LjI1JTI1JTNCJTIyJTNFJTNDaWZyYW1lJTIwY2xhc3MlM0QlMjJpZnJhbWUtdGFja3RpbCUyMiUyMHNyYyUzRCUyMmh0dHBzJTNBJTJGJTJGYXBwLnRhY2t0aWwuY29tJTJGZXMlMkZ2aXNvciUyRmV5SjBlWEFpT2lKS1YxUWlMQ0poYkdjaU9pSklVekkxTmlKOS5leUpsZUdsa0lqb3lORFY5LlczRDJ5cFJZd0xXQ0dITzhsdEpaSS1IbGpzRFZZMEVtRTJlNG40a21FR0klMjIlMjB0aXRsZSUzRCUyMjklMjBrYWlrdSUyMGdhdWElMjB0eHVyaWElMjBtdWplciUyMiUyMHN0eWxlJTNEJTIycG9zaXRpb24lM0ElMjBhYnNvbHV0ZSUzQiUyMHRvcCUzQSUyMDAlM0IlMjBsZWZ0JTNBJTIwMCUzQiUyMGJvdHRvbSUzQSUyMDAlM0IlMjByaWdodCUzQSUyMDAlM0IlMjB3aWR0aCUzQSUyMDEwMCUyNSUzQiUyMGhlaWdodCUzQSUyMDEwMCUyNSUzQiUyMGJvcmRlciUzQSUyMDAlM0IlMjIlMjBmcmFtZUJvcmRlciUzRCUyMjAlMjIlMjBzY3JvbGxpbmclM0QlMjJubyUyMiUyMGFsbG93ZnVsbHNjcmVlbiUzRSUzQyUyRmlmcmFtZSUzRSUzQyUyRmRpdiUzRQ==[/vc_raw_html][/vc_column][/vc_row]</p>
</div>

<p>Chaqueta de invierno kaiku de tejido de lana y mohair, con un aire moderno y original. Corte recto y ligero entalle en la espalda. La chaqueta va rematada con vivos en algodón, en el interior y en el exterior. Puede ir forrada. Hecha con cariño en el País Vasco.</p>
<p>Esta chaqueta es parte de una <strong>colección muy limitada </strong>(solo hay <strong>7 unidades</strong>), por ello, las haremos <strong>bajo reserva.</strong> Los pedidos se podrán hacer<strong> únicamente del 16 (00:01) al 22 (23:59) de Septiembre.</strong> Garantizando que las personas que las queréis, podáis conseguir vuestra talla.</p>
<p>La <strong>entrega se hará 6 semanas después</strong> de la compra. Pasado este plazo, el resto de prendas que hayan sobrado, estarán disponibles en tienda y online.</p>
<p>En caso de que por algún motivo <strong>no podamos confeccionar</strong> este modelo, <strong>se devolverá el importe íntegro.</strong></p>
<p><a href="https://app.tacktil.com/es/visor/eyJ0eXAiOiJKV1QiLCJhbGciOiJIUzI1NiJ9.eyJleGlkIjoyNDV9.W3D2ypRYwLWCGHO8ltJZI-HljsDVY0EmE2e4n4kmEGI" target="_blank" rel="noopener"><img loading="lazy" decoding="async" class="alignnone wp-image-9082 size-full" src="https://amarenak.com/wp-content/uploads/2021/04/icons8-360-view-50-1.png" alt="" width="50" height="50" /></a></p>
<p>&nbsp;</p>
