{"id":15514,"date":"2023-12-08T13:32:12","date_gmt":"2023-12-08T13:32:12","guid":{"rendered":"https:\/\/amarenak.com\/?post_type=product&#038;p=15514"},"modified":"2026-01-09T15:25:52","modified_gmt":"2026-01-09T14:25:52","slug":"kaiku-gaua-txuria","status":"publish","type":"product","link":"https:\/\/amarenak.com\/blog\/producto\/todas\/kaiku-gaua-txuria\/","title":{"rendered":"KAIKU GAUA TXURIA"},"content":{"rendered":"<div class=\"wpb-content-wrapper\"><p>[vc_row][vc_column width=\u00bb1\/2&#8243;][vc_column_text]<\/p>\n<h6><strong>Historia<\/strong><\/h6>\n<p>El kaiku o lekeitiarra es un <strong>abrigo tradicional del Pa\u00eds Vasco.<\/strong> Lo <strong>llevaban los arrantzales (pescadores)<\/strong>\u00a0 cuando iban a faenar al Cant\u00e1brico. Se hac\u00eda con pa\u00f1o de lana muy tupido, perfecto para soportar el viento y chubascos del norte.<\/p>\n<p>Durante los a\u00f1os 20, resurgi\u00f3 una versi\u00f3n m\u00e1s de calle que las amonas (abuelas) hac\u00edan para sus nietos e hijos y <strong>lleg\u00f3 a convertirse en el abrigo m\u00e1s popular en Euskadi.<\/strong> Hoy en d\u00eda esta prenda casi ha desaparecido.[\/vc_column_text][\/vc_column][vc_column width=\u00bb1\/2&#8243;][vc_single_image image=\u00bb5773&#8243; img_size=\u00bblarge\u00bb][\/vc_column][\/vc_row][vc_row][vc_column width=\u00bb1\/2&#8243;][vc_single_image image=\u00bb5958&#8243; img_size=\u00bblarge\u00bb][\/vc_column][vc_column width=\u00bb1\/2&#8243;][vc_column_text]<\/p>\n<h6><strong>Tejido y cuidados<\/strong><\/h6>\n<ul>\n<li><em>Composici\u00f3n tejido: 100% lana merino<\/em><\/li>\n<\/ul>\n<p><strong>La lana <\/strong>es uno de los tejidos naturales m\u00e1s incre\u00edbles que existen. Es biodegradable y sostenible. Generalmente proviene de las ovejas, y es lo que les mantiene calentitas en invierno.\u00a0 Sus propiedades son espectaculares, especialmente para prendas de exterior, ya que es un regulador natural de la temperatura que te mantiene seco y caliente en invierno, absorbe la humedad y es resistente a olores, moho y suciedad.<\/p>\n<p><strong>La lana merino<\/strong> es adem\u00e1s, dentro del mundo de la lana, de las mejores, por su finura y suavidad. Para transformar el tejido en pa\u00f1o, este se somete a una serie de procesos mec\u00e1nicos, que compactan la lana, haci\u00e9ndola as\u00ed pr\u00e1cticamente impermeable al agua y el viento.<\/p>\n<p><strong>Cuidados:<\/strong> Conviene no lavar demasiado tu prenda, a no ser que sea necesario. Lavar en seco al final de temporada y almacenar, preferiblemente en percha, en un lugar seco y ventilado, sin luz solar directa, hasta el a\u00f1o siguiente.[\/vc_column_text][\/vc_column][\/vc_row][vc_row][vc_column width=\u00bb1\/2&#8243;][vc_column_text]<\/p>\n<h6><strong>Trazabilidad y Sostenibilidad<\/strong><\/h6>\n<p>El pa\u00f1o de lana de esta prenda se ha <strong>hilado y tejido en un pueblo de Le\u00f3n<\/strong> por una de las pocas empresas que quedan en Espa\u00f1a. La lana viene de reba\u00f1os de Palencia y Extremadura, que respetan debidamente los derechos de sus animales.<\/p>\n<p>Esta prenda ha sido <strong>confeccionada<\/strong> con mucho cari\u00f1o por sastres y costureras de Bizkaia (Pa\u00eds Vasco).<\/p>\n<p>El resto de elementos y fornituras que hemos utilizado en esta prenda, son tambi\u00e9n de procedencia local.[\/vc_column_text][\/vc_column][vc_column width=\u00bb1\/2&#8243;][vc_single_image image=\u00bb5962&#8243; img_size=\u00bblarge\u00bb][\/vc_column][\/vc_row][vc_row][vc_column][vc_raw_html]JTNDZGl2JTIwY2xhc3MlM0QlMjJjb250YWluZXItdGFja3RpbCUyMiUyMHN0eWxlJTNEJTIycG9zaXRpb24lM0ElMjByZWxhdGl2ZSUzQiUyMG92ZXJmbG93JTNBJTIwaGlkZGVuJTNCJTIwd2lkdGglM0ElMjAxMDAlMjUlM0IlMjBwYWRkaW5nLXRvcCUzQSUyMDU2LjI1JTI1JTNCJTIyJTNFJTNDaWZyYW1lJTIwY2xhc3MlM0QlMjJpZnJhbWUtdGFja3RpbCUyMiUyMHNyYyUzRCUyMmh0dHBzJTNBJTJGJTJGYXBwLnRhY2t0aWwuY29tJTJGZXMlMkZ2aXNvciUyRmV5SjBlWEFpT2lKS1YxUWlMQ0poYkdjaU9pSklVekkxTmlKOS5leUpsZUdsa0lqb3lORFY5LlczRDJ5cFJZd0xXQ0dITzhsdEpaSS1IbGpzRFZZMEVtRTJlNG40a21FR0klMjIlMjB0aXRsZSUzRCUyMjklMjBrYWlrdSUyMGdhdWElMjB0eHVyaWElMjBtdWplciUyMiUyMHN0eWxlJTNEJTIycG9zaXRpb24lM0ElMjBhYnNvbHV0ZSUzQiUyMHRvcCUzQSUyMDAlM0IlMjBsZWZ0JTNBJTIwMCUzQiUyMGJvdHRvbSUzQSUyMDAlM0IlMjByaWdodCUzQSUyMDAlM0IlMjB3aWR0aCUzQSUyMDEwMCUyNSUzQiUyMGhlaWdodCUzQSUyMDEwMCUyNSUzQiUyMGJvcmRlciUzQSUyMDAlM0IlMjIlMjBmcmFtZUJvcmRlciUzRCUyMjAlMjIlMjBzY3JvbGxpbmclM0QlMjJubyUyMiUyMGFsbG93ZnVsbHNjcmVlbiUzRSUzQyUyRmlmcmFtZSUzRSUzQyUyRmRpdiUzRQ==[\/vc_raw_html][\/vc_column][\/vc_row]<\/p>\n<\/div>","protected":false},"excerpt":{"rendered":"<p>Chaqueta kaiku de pa\u00f1o de lana merino, con un aire moderno y original. Corte recto y ligero entalle en la espalda. La chaqueta va rematada con vivos en algod\u00f3n y estampados, en el interior y en el exterior. Hecha con cari\u00f1o en el Pa\u00eds Vasco.<\/p>\n<p><a href=\"https:\/\/app.tacktil.com\/es\/visor\/eyJ0eXAiOiJKV1QiLCJhbGciOiJIUzI1NiJ9.eyJleGlkIjoyNDV9.W3D2ypRYwLWCGHO8ltJZI-HljsDVY0EmE2e4n4kmEGI\" target=\"_blank\" rel=\"noopener\"><img loading=\"lazy\" decoding=\"async\" class=\"alignnone wp-image-9082 size-full\" src=\"https:\/\/amarenak.com\/wp-content\/uploads\/2021\/04\/icons8-360-view-50-1.png\" alt=\"\" width=\"50\" height=\"50\" \/><\/a><\/p>\n<p>&nbsp;<\/p>\n","protected":false},"featured_media":15495,"comment_status":"open","ping_status":"closed","template":"","meta":{"_joinchat":[]},"product_brand":[],"product_cat":[15,563,158,1370,289,1312],"product_tag":[922,712,874,910,716,711,918,920,919,766,911,921,714],"class_list":{"0":"post-15514","1":"product","2":"type-product","3":"status-publish","4":"has-post-thumbnail","6":"product_cat-todas","7":"product_cat-otono-invierno","8":"product_cat-mujer","9":"product_cat-ugarteburu","10":"product_cat-kaiku","11":"product_cat-ultimas-unidades","12":"product_tag-abrigo","13":"product_tag-amarenak","14":"product_tag-blanco","15":"product_tag-chaqueta","16":"product_tag-coleccion-otono-invierno","17":"product_tag-kaiku","18":"product_tag-lana","19":"product_tag-moda-local","20":"product_tag-moda-sostenible","21":"product_tag-mujer","22":"product_tag-negro","23":"product_tag-produccion-local","24":"product_tag-ropa-mujer","26":"first","27":"instock","28":"sale","29":"taxable","30":"shipping-taxable","31":"purchasable","32":"product-type-variable"},"aioseo_notices":[],"jetpack_sharing_enabled":true,"_links":{"self":[{"href":"https:\/\/amarenak.com\/blog\/wp-json\/wp\/v2\/product\/15514","targetHints":{"allow":["GET"]}}],"collection":[{"href":"https:\/\/amarenak.com\/blog\/wp-json\/wp\/v2\/product"}],"about":[{"href":"https:\/\/amarenak.com\/blog\/wp-json\/wp\/v2\/types\/product"}],"replies":[{"embeddable":true,"href":"https:\/\/amarenak.com\/blog\/wp-json\/wp\/v2\/comments?post=15514"}],"wp:featuredmedia":[{"embeddable":true,"href":"https:\/\/amarenak.com\/blog\/wp-json\/wp\/v2\/media\/15495"}],"wp:attachment":[{"href":"https:\/\/amarenak.com\/blog\/wp-json\/wp\/v2\/media?parent=15514"}],"wp:term":[{"taxonomy":"product_brand","embeddable":true,"href":"https:\/\/amarenak.com\/blog\/wp-json\/wp\/v2\/product_brand?post=15514"},{"taxonomy":"product_cat","embeddable":true,"href":"https:\/\/amarenak.com\/blog\/wp-json\/wp\/v2\/product_cat?post=15514"},{"taxonomy":"product_tag","embeddable":true,"href":"https:\/\/amarenak.com\/blog\/wp-json\/wp\/v2\/product_tag?post=15514"}],"curies":[{"name":"wp","href":"https:\/\/api.w.org\/{rel}","templated":true}]}}

<div class="wpb-content-wrapper"><p>[vc_row][vc_column width=»1/2&#8243;][vc_column_text]</p>
<h6><strong>Historia</strong></h6>
<p>El kaiku o lekeitiarra es un <strong>abrigo tradicional del País Vasco.</strong> Lo <strong>llevaban los arrantzales (pescadores)</strong>  cuando iban a faenar al Cantábrico. Se hacía con paño de lana muy tupido, perfecto para soportar el viento y chubascos del norte.</p>
<p>Durante los años 20, resurgió una versión más de calle que las amonas (abuelas) hacían para sus nietos e hijos y <strong>llegó a convertirse en el abrigo más popular en Euskadi.</strong> Hoy en día esta prenda casi ha desaparecido.[/vc_column_text][/vc_column][vc_column width=»1/2&#8243;][vc_single_image image=»5773&#8243; img_size=»large»][/vc_column][/vc_row][vc_row][vc_column width=»1/2&#8243;][vc_single_image image=»5958&#8243; img_size=»large»][/vc_column][vc_column width=»1/2&#8243;][vc_column_text]</p>
<h6><strong>Tejido y cuidados</strong></h6>
<ul>
<li><em>Composición tejido: 100% lana merino</em></li>
</ul>
<p><strong>La lana </strong>es uno de los tejidos naturales más increíbles que existen. Es biodegradable y sostenible. Generalmente proviene de las ovejas, y es lo que les mantiene calentitas en invierno.  Sus propiedades son espectaculares, especialmente para prendas de exterior, ya que es un regulador natural de la temperatura que te mantiene seco y caliente en invierno, absorbe la humedad y es resistente a olores, moho y suciedad.</p>
<p><strong>La lana merino</strong> es además, dentro del mundo de la lana, de las mejores, por su finura y suavidad. Para transformar el tejido en paño, este se somete a una serie de procesos mecánicos, que compactan la lana, haciéndola así prácticamente impermeable al agua y el viento.</p>
<p><strong>Cuidados:</strong> Conviene no lavar demasiado tu prenda, a no ser que sea necesario. Lavar en seco al final de temporada y almacenar, preferiblemente en percha, en un lugar seco y ventilado, sin luz solar directa, hasta el año siguiente.[/vc_column_text][/vc_column][/vc_row][vc_row][vc_column width=»1/2&#8243;][vc_column_text]</p>
<h6><strong>Trazabilidad y Sostenibilidad</strong></h6>
<p>El paño de lana de esta prenda se ha <strong>hilado y tejido en un pueblo de León</strong> por una de las pocas empresas que quedan en España. La lana viene de rebaños de Palencia y Extremadura, que respetan debidamente los derechos de sus animales.</p>
<p>Esta prenda ha sido <strong>confeccionada</strong> con mucho cariño por sastres y costureras de Bizkaia (País Vasco).</p>
<p>El resto de elementos y fornituras que hemos utilizado en esta prenda, son también de procedencia local.[/vc_column_text][/vc_column][vc_column width=»1/2&#8243;][vc_single_image image=»5962&#8243; img_size=»large»][/vc_column][/vc_row][vc_row][vc_column][vc_raw_html]JTNDZGl2JTIwY2xhc3MlM0QlMjJjb250YWluZXItdGFja3RpbCUyMiUyMHN0eWxlJTNEJTIycG9zaXRpb24lM0ElMjByZWxhdGl2ZSUzQiUyMG92ZXJmbG93JTNBJTIwaGlkZGVuJTNCJTIwd2lkdGglM0ElMjAxMDAlMjUlM0IlMjBwYWRkaW5nLXRvcCUzQSUyMDU2LjI1JTI1JTNCJTIyJTNFJTNDaWZyYW1lJTIwY2xhc3MlM0QlMjJpZnJhbWUtdGFja3RpbCUyMiUyMHNyYyUzRCUyMmh0dHBzJTNBJTJGJTJGYXBwLnRhY2t0aWwuY29tJTJGZXMlMkZ2aXNvciUyRmV5SjBlWEFpT2lKS1YxUWlMQ0poYkdjaU9pSklVekkxTmlKOS5leUpsZUdsa0lqb3lORFY5LlczRDJ5cFJZd0xXQ0dITzhsdEpaSS1IbGpzRFZZMEVtRTJlNG40a21FR0klMjIlMjB0aXRsZSUzRCUyMjklMjBrYWlrdSUyMGdhdWElMjB0eHVyaWElMjBtdWplciUyMiUyMHN0eWxlJTNEJTIycG9zaXRpb24lM0ElMjBhYnNvbHV0ZSUzQiUyMHRvcCUzQSUyMDAlM0IlMjBsZWZ0JTNBJTIwMCUzQiUyMGJvdHRvbSUzQSUyMDAlM0IlMjByaWdodCUzQSUyMDAlM0IlMjB3aWR0aCUzQSUyMDEwMCUyNSUzQiUyMGhlaWdodCUzQSUyMDEwMCUyNSUzQiUyMGJvcmRlciUzQSUyMDAlM0IlMjIlMjBmcmFtZUJvcmRlciUzRCUyMjAlMjIlMjBzY3JvbGxpbmclM0QlMjJubyUyMiUyMGFsbG93ZnVsbHNjcmVlbiUzRSUzQyUyRmlmcmFtZSUzRSUzQyUyRmRpdiUzRQ==[/vc_raw_html][/vc_column][/vc_row]</p>
</div>

<p>Chaqueta kaiku de paño de lana merino, con un aire moderno y original. Corte recto y ligero entalle en la espalda. La chaqueta va rematada con vivos en algodón y estampados, en el interior y en el exterior. Hecha con cariño en el País Vasco.</p>
<p><a href="https://app.tacktil.com/es/visor/eyJ0eXAiOiJKV1QiLCJhbGciOiJIUzI1NiJ9.eyJleGlkIjoyNDV9.W3D2ypRYwLWCGHO8ltJZI-HljsDVY0EmE2e4n4kmEGI" target="_blank" rel="noopener"><img loading="lazy" decoding="async" class="alignnone wp-image-9082 size-full" src="https://amarenak.com/wp-content/uploads/2021/04/icons8-360-view-50-1.png" alt="" width="50" height="50" /></a></p>
<p>&nbsp;</p>
