{"id":14239,"date":"2023-04-28T07:26:21","date_gmt":"2023-04-28T07:26:21","guid":{"rendered":"https:\/\/amarenak.com\/?post_type=product&#038;p=14239"},"modified":"2025-10-27T11:39:56","modified_gmt":"2025-10-27T10:39:56","slug":"camiseta-baserritarra-from-pamplona","status":"publish","type":"product","link":"https:\/\/amarenak.com\/blog\/producto\/todas\/camiseta-baserritarra-from-pamplona\/","title":{"rendered":"CAMISETA BASERRITARRA FROM PAMPLONA"},"content":{"rendered":"<div class=\"wpb-content-wrapper\"><p>[vc_row][vc_column width=\u00bb1\/2&#8243;][vc_column_text]<\/p>\n<h6><strong>La historia <\/strong><\/h6>\n<p>Desde el s. XIV, <strong>las mujeres vascas vest\u00edan curiosos tocados<\/strong>, para expresar su procedencia, estatus y estilo, algunos muy sugerentes. Las mujeres j\u00f3venes y solteras iban con la cabeza al descubierto y el pelo rapado, se cree que por higiene.<\/p>\n<p>Apenas hay im\u00e1genes de esos tocados, hasta que <strong>en el siglo XVI,<\/strong> con el descubrimiento de Am\u00e9rica y la primera vuelta al mundo, se despierta la curiosidad en el ser humano por conocer otras culturas. As\u00ed surgen los c\u00f3dices de trajes, en los que<strong> los viajeros ilustraban c\u00f3mo era la gente en otros lugares. Los extranjeros que viajaban a Euskadi, quedaban impresionados <\/strong>y retrataban\u00a0en los c\u00f3dices de la \u00e9poca\u00a0 los cientos de tocados que ve\u00edan.<\/p>\n<p>A principios del s. XVII,<strong> la prohibici\u00f3n de la Iglesia<\/strong> por considerarlos obscenos<strong> y la irrupci\u00f3n de otras modas, hicieron que desapareciesen<\/strong> y que, cientos de a\u00f1os despu\u00e9s, apenas conozcamos la que fue<strong> la prenda vasca m\u00e1s caracter\u00edstica durante m\u00e1s de 3 siglos.<\/strong><\/p>\n<p>Para dar a conocer esta historia, hemos querido recuperar una<strong> ilustraci\u00f3n de 1585 de la obra <em>Dei veri ritratti degl&#8217;habiti di tutte le parti del mondo<\/em> de Bartolomeo Grassi.<\/strong>[\/vc_column_text][\/vc_column][vc_column width=\u00bb1\/2&#8243;][vc_single_image image=\u00bb14241&#8243; img_size=\u00bbfull\u00bb][\/vc_column][\/vc_row][vc_row][vc_column width=\u00bb1\/2&#8243;][vc_single_image image=\u00bb8396&#8243; img_size=\u00bblarge\u00bb][\/vc_column][vc_column width=\u00bb1\/2&#8243;][vc_column_text]<\/p>\n<h6><strong>Proceso de trabajo<\/strong><\/h6>\n<p>Para desarrollar esta colecci\u00f3n, hemos hecho una <strong>recopilaci\u00f3n de m\u00e1s de 200 ilustraciones, reproducciones y cuadros de la \u00e9poca<\/strong> y, mediante <strong>una campa\u00f1a de crowdfunding<\/strong>, hemos seleccionado 5 de esas im\u00e1genes con los votos de los comecenas, para que, una vez m\u00e1s, puedas llevar puesta esta historia y rescatarla del olvido.<\/p>\n<p>Partiendo de<strong> las ilustraciones originales de mujeres vascas del s. XVI <\/strong>escogidas, hemos creado los dise\u00f1os de la colecci\u00f3n para convertirlas en nuevos iconos de nuestra \u00e9poca, a\u00f1adiendo un<strong> texto que indica lo que se mencionaba<\/strong> en la ilustraci\u00f3n original.<\/p>\n<p>Por \u00faltimo, esas ilustraciones han sido serigrafiadas con mucha minuciosidad y cuidado con tintas ecol\u00f3gicas en camisetas y l\u00e1minas de papel en el taller de serigraf\u00eda <strong>Gko Art Studio en Tolosa (Gipuzkoa)<\/strong>.[\/vc_column_text][\/vc_column][\/vc_row][vc_row][vc_column width=\u00bb1\/2&#8243;][vc_column_text]<\/p>\n<h6><strong>Sostenibilidad, trazabilidad y tejido.<\/strong><em>\u00a0 \u00a0 \u00a0<\/em><\/h6>\n<p>Esta camiseta ha sido <strong>confeccionada en Bangladesh bajo el sello Fair Wear,<\/strong> otorgado por la fundaci\u00f3n independiente Fair Wear Foundation que garantiza que se han respetado las ocho normas laborales principales derivadas de los convenios de la OIT y la Declaraci\u00f3n de las Naciones Unidas sobre los derechos humanos.<\/p>\n<ul>\n<li><em>Composici\u00f3n tejido: 100% algod\u00f3n org\u00e1nico GOTS<\/em><em> \u00a0 <\/em><\/li>\n<\/ul>\n<p><strong>El algod\u00f3n <\/strong>es el tejido vegetal m\u00e1s com\u00fan. Esto se debe a sus muchas propiedades. Es una fibra muy transpirable, y absorbe la humedad y el sudor.\u00a0 Los tejidos de algod\u00f3n son adem\u00e1s muy suaves, resistentes y agradables al tacto.<\/p>\n<p><strong>La Norma Textil Org\u00e1nica Global (GOTS)<\/strong> es la norma l\u00edder mundial en el procesamiento de textiles hechos con fibra org\u00e1nica, que incluye criterios ecol\u00f3gicos y sociales.<\/p>\n<p>Para la serigraf\u00eda, se han empleado <strong>tintas textiles de base agua<\/strong> GREEN EARTH que siguen las normativas y condiciones de la Uni\u00f3n Europea en tratamientos ecol\u00f3gicos y cumplen la <strong>normativa OEKO-TEX Standard 100 (libre de formol y APEOS)<\/strong>, formulada con pigmentos exentos de metales pesados.<\/p>\n<p><strong>Cuidados:<\/strong> Lavar en lavadora a 30\u00ba con colores similares. En el primer lavado la prenda puede encoger. Serigraf\u00eda de larga durabilidad.[\/vc_column_text][\/vc_column][vc_column width=\u00bb1\/2&#8243;][vc_single_image image=\u00bb8400&#8243; img_size=\u00bbfull\u00bb alignment=\u00bbcenter\u00bb][vc_single_image image=\u00bb6126&#8243; img_size=\u00bbfull\u00bb alignment=\u00bbcenter\u00bb][vc_single_image image=\u00bb8410&#8243; img_size=\u00bbfull\u00bb alignment=\u00bbcenter\u00bb][\/vc_column][\/vc_row][vc_row][vc_column][vc_raw_html]JTNDZGl2JTIwY2xhc3MlM0QlMjJjb250YWluZXItdGFja3RpbCUyMiUyMHN0eWxlJTNEJTIycG9zaXRpb24lM0ElMjByZWxhdGl2ZSUzQiUyMG92ZXJmbG93JTNBJTIwaGlkZGVuJTNCJTIwd2lkdGglM0ElMjAxMDAlMjUlM0IlMjBwYWRkaW5nLXRvcCUzQSUyMDU2LjI1JTI1JTNCJTIyJTNFJTNDaWZyYW1lJTIwY2xhc3MlM0QlMjJpZnJhbWUtdGFja3RpbCUyMiUyMHNyYyUzRCUyMmh0dHBzJTNBJTJGJTJGd3d3LnRhY2t0aWwuY29tJTJGZXMlMkZ2aXNvciUyRmV5SjBlWEFpT2lKS1YxUWlMQ0poYkdjaU9pSklVekkxTmlKOS5leUpsZUdsa0lqb3lOako5LndGZG4zcllwWmtucC0zLVFPcWozRVd0cHhLS1BjLWJndVoyeERtUV8zdm8lMjIlMjB0aXRsZSUzRCUyMjE5X2NhbWlzZXRhLXdvbWFuLWZyb20tdG9sb3NhJTIyJTIwc3R5bGUlM0QlMjJwb3NpdGlvbiUzQSUyMGFic29sdXRlJTNCJTIwdG9wJTNBJTIwMCUzQiUyMGxlZnQlM0ElMjAwJTNCJTIwYm90dG9tJTNBJTIwMCUzQiUyMHJpZ2h0JTNBJTIwMCUzQiUyMHdpZHRoJTNBJTIwMTAwJTI1JTNCJTIwaGVpZ2h0JTNBJTIwMTAwJTI1JTNCJTIwYm9yZGVyJTNBJTIwMCUzQiUyMiUyMGZyYW1lQm9yZGVyJTNEJTIyMCUyMiUyMHNjcm9sbGluZyUzRCUyMm5vJTIyJTIwYWxsb3dmdWxsc2NyZWVuJTNFJTNDJTJGaWZyYW1lJTNFJTNDJTJGZGl2JTNF[\/vc_raw_html][\/vc_column][\/vc_row]<\/p>\n<\/div>","protected":false},"excerpt":{"rendered":"<p>Camiseta de algod\u00f3n org\u00e1nico GOTS. Disponible en modelo unisex y mujer. La imagen de la camiseta parte de una ilustraci\u00f3n de una campesina de Pamplona del siglo XVI. Combina genial con nuestra GONA GORRIA y una chaqueta KAIKU.<\/p>\n<p>Prenda serigrafiada con mimo con tintas ecol\u00f3gicas en Tolosa (Gipuzkoa).<br \/>\nConfeccionada en Bangladesh bajo el sello Fair Wear.<\/p>\n<p>Fotos de <em>Dani Sagastume.<\/em><\/p>\n<p><a href=\"https:\/\/www.tacktil.com\/es\/visor\/eyJ0eXAiOiJKV1QiLCJhbGciOiJIUzI1NiJ9.eyJleGlkIjoyNjJ9.wFdn3rYpZknp-3-QOqj3EWtpxKKPc-bguZ2xDmQ_3vo\" target=\"_blank\" rel=\"noopener\"><img loading=\"lazy\" decoding=\"async\" class=\"alignnone size-full wp-image-9082\" src=\"https:\/\/amarenak.com\/wp-content\/uploads\/2021\/04\/icons8-360-view-50-1.png\" alt=\"\" width=\"50\" height=\"50\" \/><\/a><\/p>\n","protected":false},"featured_media":14744,"comment_status":"closed","ping_status":"closed","template":"","meta":{"_joinchat":[]},"product_brand":[],"product_cat":[15,563,562,158,159,589],"product_tag":[759,1309,716,960,765,919,766,1310],"class_list":{"0":"post-14239","1":"product","2":"type-product","3":"status-publish","4":"has-post-thumbnail","6":"product_cat-todas","7":"product_cat-otono-invierno","8":"product_cat-primavera-verano","9":"product_cat-mujer","10":"product_cat-hombre","11":"product_cat-camisetas-burukoak","12":"product_tag-algodon","13":"product_tag-burukoa","14":"product_tag-coleccion-otono-invierno","15":"product_tag-coleccion-primavera-verano","16":"product_tag-hombre","17":"product_tag-moda-sostenible","18":"product_tag-mujer","19":"product_tag-pamplona","21":"first","22":"instock","23":"taxable","24":"shipping-taxable","25":"purchasable","26":"product-type-variable"},"aioseo_notices":[],"jetpack_sharing_enabled":true,"_links":{"self":[{"href":"https:\/\/amarenak.com\/blog\/wp-json\/wp\/v2\/product\/14239","targetHints":{"allow":["GET"]}}],"collection":[{"href":"https:\/\/amarenak.com\/blog\/wp-json\/wp\/v2\/product"}],"about":[{"href":"https:\/\/amarenak.com\/blog\/wp-json\/wp\/v2\/types\/product"}],"replies":[{"embeddable":true,"href":"https:\/\/amarenak.com\/blog\/wp-json\/wp\/v2\/comments?post=14239"}],"wp:featuredmedia":[{"embeddable":true,"href":"https:\/\/amarenak.com\/blog\/wp-json\/wp\/v2\/media\/14744"}],"wp:attachment":[{"href":"https:\/\/amarenak.com\/blog\/wp-json\/wp\/v2\/media?parent=14239"}],"wp:term":[{"taxonomy":"product_brand","embeddable":true,"href":"https:\/\/amarenak.com\/blog\/wp-json\/wp\/v2\/product_brand?post=14239"},{"taxonomy":"product_cat","embeddable":true,"href":"https:\/\/amarenak.com\/blog\/wp-json\/wp\/v2\/product_cat?post=14239"},{"taxonomy":"product_tag","embeddable":true,"href":"https:\/\/amarenak.com\/blog\/wp-json\/wp\/v2\/product_tag?post=14239"}],"curies":[{"name":"wp","href":"https:\/\/api.w.org\/{rel}","templated":true}]}}

<div class="wpb-content-wrapper"><p>[vc_row][vc_column width=»1/2&#8243;][vc_column_text]</p>
<h6><strong>La historia </strong></h6>
<p>Desde el s. XIV, <strong>las mujeres vascas vestían curiosos tocados</strong>, para expresar su procedencia, estatus y estilo, algunos muy sugerentes. Las mujeres jóvenes y solteras iban con la cabeza al descubierto y el pelo rapado, se cree que por higiene.</p>
<p>Apenas hay imágenes de esos tocados, hasta que <strong>en el siglo XVI,</strong> con el descubrimiento de América y la primera vuelta al mundo, se despierta la curiosidad en el ser humano por conocer otras culturas. Así surgen los códices de trajes, en los que<strong> los viajeros ilustraban cómo era la gente en otros lugares. Los extranjeros que viajaban a Euskadi, quedaban impresionados </strong>y retrataban en los códices de la época  los cientos de tocados que veían.</p>
<p>A principios del s. XVII,<strong> la prohibición de la Iglesia</strong> por considerarlos obscenos<strong> y la irrupción de otras modas, hicieron que desapareciesen</strong> y que, cientos de años después, apenas conozcamos la que fue<strong> la prenda vasca más característica durante más de 3 siglos.</strong></p>
<p>Para dar a conocer esta historia, hemos querido recuperar una<strong> ilustración de 1585 de la obra <em>Dei veri ritratti degl&#8217;habiti di tutte le parti del mondo</em> de Bartolomeo Grassi.</strong>[/vc_column_text][/vc_column][vc_column width=»1/2&#8243;][vc_single_image image=»14241&#8243; img_size=»full»][/vc_column][/vc_row][vc_row][vc_column width=»1/2&#8243;][vc_single_image image=»8396&#8243; img_size=»large»][/vc_column][vc_column width=»1/2&#8243;][vc_column_text]</p>
<h6><strong>Proceso de trabajo</strong></h6>
<p>Para desarrollar esta colección, hemos hecho una <strong>recopilación de más de 200 ilustraciones, reproducciones y cuadros de la época</strong> y, mediante <strong>una campaña de crowdfunding</strong>, hemos seleccionado 5 de esas imágenes con los votos de los comecenas, para que, una vez más, puedas llevar puesta esta historia y rescatarla del olvido.</p>
<p>Partiendo de<strong> las ilustraciones originales de mujeres vascas del s. XVI </strong>escogidas, hemos creado los diseños de la colección para convertirlas en nuevos iconos de nuestra época, añadiendo un<strong> texto que indica lo que se mencionaba</strong> en la ilustración original.</p>
<p>Por último, esas ilustraciones han sido serigrafiadas con mucha minuciosidad y cuidado con tintas ecológicas en camisetas y láminas de papel en el taller de serigrafía <strong>Gko Art Studio en Tolosa (Gipuzkoa)</strong>.[/vc_column_text][/vc_column][/vc_row][vc_row][vc_column width=»1/2&#8243;][vc_column_text]</p>
<h6><strong>Sostenibilidad, trazabilidad y tejido.</strong><em>     </em></h6>
<p>Esta camiseta ha sido <strong>confeccionada en Bangladesh bajo el sello Fair Wear,</strong> otorgado por la fundación independiente Fair Wear Foundation que garantiza que se han respetado las ocho normas laborales principales derivadas de los convenios de la OIT y la Declaración de las Naciones Unidas sobre los derechos humanos.</p>
<ul>
<li><em>Composición tejido: 100% algodón orgánico GOTS</em><em>   </em></li>
</ul>
<p><strong>El algodón </strong>es el tejido vegetal más común. Esto se debe a sus muchas propiedades. Es una fibra muy transpirable, y absorbe la humedad y el sudor.  Los tejidos de algodón son además muy suaves, resistentes y agradables al tacto.</p>
<p><strong>La Norma Textil Orgánica Global (GOTS)</strong> es la norma líder mundial en el procesamiento de textiles hechos con fibra orgánica, que incluye criterios ecológicos y sociales.</p>
<p>Para la serigrafía, se han empleado <strong>tintas textiles de base agua</strong> GREEN EARTH que siguen las normativas y condiciones de la Unión Europea en tratamientos ecológicos y cumplen la <strong>normativa OEKO-TEX Standard 100 (libre de formol y APEOS)</strong>, formulada con pigmentos exentos de metales pesados.</p>
<p><strong>Cuidados:</strong> Lavar en lavadora a 30º con colores similares. En el primer lavado la prenda puede encoger. Serigrafía de larga durabilidad.[/vc_column_text][/vc_column][vc_column width=»1/2&#8243;][vc_single_image image=»8400&#8243; img_size=»full» alignment=»center»][vc_single_image image=»6126&#8243; img_size=»full» alignment=»center»][vc_single_image image=»8410&#8243; img_size=»full» alignment=»center»][/vc_column][/vc_row][vc_row][vc_column][vc_raw_html]JTNDZGl2JTIwY2xhc3MlM0QlMjJjb250YWluZXItdGFja3RpbCUyMiUyMHN0eWxlJTNEJTIycG9zaXRpb24lM0ElMjByZWxhdGl2ZSUzQiUyMG92ZXJmbG93JTNBJTIwaGlkZGVuJTNCJTIwd2lkdGglM0ElMjAxMDAlMjUlM0IlMjBwYWRkaW5nLXRvcCUzQSUyMDU2LjI1JTI1JTNCJTIyJTNFJTNDaWZyYW1lJTIwY2xhc3MlM0QlMjJpZnJhbWUtdGFja3RpbCUyMiUyMHNyYyUzRCUyMmh0dHBzJTNBJTJGJTJGd3d3LnRhY2t0aWwuY29tJTJGZXMlMkZ2aXNvciUyRmV5SjBlWEFpT2lKS1YxUWlMQ0poYkdjaU9pSklVekkxTmlKOS5leUpsZUdsa0lqb3lOako5LndGZG4zcllwWmtucC0zLVFPcWozRVd0cHhLS1BjLWJndVoyeERtUV8zdm8lMjIlMjB0aXRsZSUzRCUyMjE5X2NhbWlzZXRhLXdvbWFuLWZyb20tdG9sb3NhJTIyJTIwc3R5bGUlM0QlMjJwb3NpdGlvbiUzQSUyMGFic29sdXRlJTNCJTIwdG9wJTNBJTIwMCUzQiUyMGxlZnQlM0ElMjAwJTNCJTIwYm90dG9tJTNBJTIwMCUzQiUyMHJpZ2h0JTNBJTIwMCUzQiUyMHdpZHRoJTNBJTIwMTAwJTI1JTNCJTIwaGVpZ2h0JTNBJTIwMTAwJTI1JTNCJTIwYm9yZGVyJTNBJTIwMCUzQiUyMiUyMGZyYW1lQm9yZGVyJTNEJTIyMCUyMiUyMHNjcm9sbGluZyUzRCUyMm5vJTIyJTIwYWxsb3dmdWxsc2NyZWVuJTNFJTNDJTJGaWZyYW1lJTNFJTNDJTJGZGl2JTNF[/vc_raw_html][/vc_column][/vc_row]</p>
</div>

<p>Camiseta de algodón orgánico GOTS. Disponible en modelo unisex y mujer. La imagen de la camiseta parte de una ilustración de una campesina de Pamplona del siglo XVI. Combina genial con nuestra GONA GORRIA y una chaqueta KAIKU.</p>
<p>Prenda serigrafiada con mimo con tintas ecológicas en Tolosa (Gipuzkoa).<br />
Confeccionada en Bangladesh bajo el sello Fair Wear.</p>
<p>Fotos de <em>Dani Sagastume.</em></p>
<p><a href="https://www.tacktil.com/es/visor/eyJ0eXAiOiJKV1QiLCJhbGciOiJIUzI1NiJ9.eyJleGlkIjoyNjJ9.wFdn3rYpZknp-3-QOqj3EWtpxKKPc-bguZ2xDmQ_3vo" target="_blank" rel="noopener"><img loading="lazy" decoding="async" class="alignnone size-full wp-image-9082" src="https://amarenak.com/wp-content/uploads/2021/04/icons8-360-view-50-1.png" alt="" width="50" height="50" /></a></p>
