{"id":11460,"date":"2022-08-17T11:46:17","date_gmt":"2022-08-17T11:46:17","guid":{"rendered":"https:\/\/amarenak.com\/?post_type=product&#038;p=11460"},"modified":"2024-12-11T14:46:52","modified_gmt":"2024-12-11T13:46:52","slug":"alpargatas-elkano-marino","status":"publish","type":"product","link":"https:\/\/amarenak.com\/blog\/producto\/todas\/alpargatas-elkano-marino\/","title":{"rendered":"ALPARGATAS ELKANO MARINO"},"content":{"rendered":"<div class=\"wpb-content-wrapper\"><p>[vc_row][vc_column width=\u00bb1\/2&#8243;][vc_column_text]<\/p>\n<h6><strong>La historia <\/strong><\/h6>\n<p><em>\u201cPrimus circumdedisti me\u201d<\/em>\u00a0fuiste el primero que la vuelta me diste. As\u00ed reza la inscripci\u00f3n del escudo de armas que el Emperador Carlos V\u00a0entreg\u00f3 a <strong>Juan Sebasti\u00e1n Elkano despu\u00e9s de completar la primera circunnavegaci\u00f3n de la Tierra. <\/strong>De esa manera reconoci\u00f3 la haza\u00f1a del navegante vasco, que lleg\u00f3 a Sanl\u00facar de Barrameda el 6 de septiembre de 1522 a bordo de la nao Victoria, tres a\u00f1os despu\u00e9s de zarpar, el 10 de agosto de 1519.<\/p>\n<p><strong>500 a\u00f1os despu\u00e9s<\/strong>, desde Amarenak queremos recordar y homenajear a este personaje y al resto de marineros vascos del siglo XVI, devolviendo a nuestros d\u00edas y a nuestros armarios algunas de sus prendas.[\/vc_column_text][\/vc_column][vc_column width=\u00bb1\/2&#8243;][vc_single_image image=\u00bb11243&#8243; img_size=\u00bblarge\u00bb add_caption=\u00bbyes\u00bb][\/vc_column][\/vc_row][vc_row][vc_column width=\u00bb1\/2&#8243;][vc_single_image image=\u00bb11239&#8243; img_size=\u00bblarge\u00bb][\/vc_column][vc_column width=\u00bb1\/2&#8243;][vc_column_text]<\/p>\n<h6><strong>Tejido y cuidados <\/strong><\/h6>\n<ul>\n<li><em>Composici\u00f3n tejido: 50% algod\u00f3n 50% poli\u00e9ster<\/em><\/li>\n<\/ul>\n<p><strong>El algod\u00f3n <\/strong>es el tejido vegetal m\u00e1s com\u00fan. Esto se debe a sus muchas propiedades. Es una fibra muy transpirable, y absorbe la humedad y el sudor.\u00a0 Los tejidos de algod\u00f3n son adem\u00e1s muy suaves, resistentes y agradables al tacto.<\/p>\n<p><strong>Cuidados:<\/strong> Se recomienda no usar en d\u00edas de lluvia o suelos h\u00famedos. Limpiar las zonas puntuales a mano y con poca agua. Dejar secar en un lugar ventilado y seco.[\/vc_column_text][\/vc_column][\/vc_row][vc_row][vc_column width=\u00bb1\/2&#8243;][vc_column_text]<\/p>\n<h6><strong>Trazabilidad y Sostenibilidad<\/strong><\/h6>\n<p>El estampado ha sido creado por <strong>Le\u0308le\u0308 Prints<\/strong> (Leire Larretxea, San Sebasti\u00e1n), especializada en estampados originales y llamativos, llenos de flores y aves y sobre todo, con <strong>grandes dosis de color<\/strong>. Para este dise\u00f1o se ha inspirado en las <strong>flores y dibujos bot\u00e1nicos del clavo, pimienta, canela, jengibre y nuez moscada,<\/strong> las\u00a0valiosas <strong>especias recogidas por la expedici\u00f3n Magallanes-Elkano en las islas Molucas<\/strong>, conocidas como las islas de las Especias.<\/p>\n<p>Esta alpargata ha sido <strong>confeccionada de forma artesanal<\/strong> y con mucho cari\u00f1o por <strong>Espartin<\/strong>. Este comercio est\u00e1 especializado en alpargata tradicional de fabricaci\u00f3n propia por <strong>artesanos del Pa\u00eds Vasco y cosidas a mano<\/strong>. Su mayor objetivo ha sido fabricar un <strong>calzado c\u00f3modo y de calidad<\/strong> con telas naturales y ecol\u00f3gicas.[\/vc_column_text][\/vc_column][vc_column width=\u00bb1\/2&#8243;][vc_single_image image=\u00bb11235&#8243; img_size=\u00bblarge\u00bb][\/vc_column][\/vc_row][vc_row][vc_column][vc_column_text]<\/p>\n<h6><strong>AGRADECIMIENTOS:<\/strong><em>\u00a0 \u00a0\u00a0<\/em><\/h6>\n<p>Esta colecci\u00f3n ha sido posible gracias a:[\/vc_column_text][\/vc_column][\/vc_row][vc_row][vc_column width=\u00bb1\/2&#8243;][vc_single_image image=\u00bb8793&#8243; img_size=\u00bbfull\u00bb][\/vc_column][vc_column width=\u00bb1\/2&#8243;][vc_single_image image=\u00bb7659&#8243; img_size=\u00bbfull\u00bb][\/vc_column][\/vc_row][vc_row][vc_column][vc_column_text]Esta historia ha sido financiada v\u00eda crowdfunding por todas estas personas. Millones de gracias a todas ellas por ayudarnos a sacar estas nuevas #historiasquesellevanpuestas a la calle:[\/vc_column_text][\/vc_column][\/vc_row][vc_row][vc_column width=\u00bb1\/2&#8243;][vc_column_text]<\/p>\n<div class=\"page\" title=\"Page 5\">\n<div class=\"layoutArea\">\n<div class=\"column\">\n<p style=\"margin: 0cm;\"><b><i>Uxue Ortega<\/i><\/b><\/p>\n<p style=\"margin: 0cm;\"><b><i>Nagore Otsoa<\/i><\/b><br \/>\n<b><i>Sof\u00eda Pe\u00f1a<\/i><\/b><br \/>\n<b><i>Ricardo Ulises Larrechea <\/i><\/b><\/p>\n<p style=\"margin: 0cm;\"><b><i>Maia Apaolaza<\/i><\/b><br \/>\n<b><i>ONBIZI<\/i><\/b><br \/>\n<b><i>Mabel Mendiguren<\/i><\/b><br \/>\n<b><i>Ane Urtizberea<\/i><\/b><br \/>\n<b><i>Marta S\u00e1ez<\/i><\/b><br \/>\n<b><i>Lara<\/i><\/b><br \/>\n<b><i>OUA<\/i><\/b><br \/>\n<b><i>Carla Libertad Avenue\u00a0<\/i><\/b><br \/>\n<b><i>Arrate<\/i><\/b><br \/>\n<b><i>Mar\u00edapolite<\/i><\/b><br \/>\n<b><i>Xi Lu Gu<\/i><\/b><br \/>\n<b><i>Mar izquierdo<\/i><\/b><br \/>\n<b><i>Josean Rodriguez<\/i><\/b><br \/>\n<b><i>Be\u00f1at Gereka<\/i><\/b><br \/>\n<b><i>Teresa Fdez. <\/i><\/b><\/p>\n<p style=\"margin: 0cm;\"><b><i>Marina Laura S.<\/i><\/b><br \/>\n<b><i>Lore<\/i><\/b><br \/>\n<b><i>Nagore Otsoa<\/i><\/b><br \/>\n<b><i>Jes\u00fas Lacorte<\/i><\/b><br \/>\n<b><i>Leire Jaime<\/i><\/b><br \/>\n<b><i>Garbi\u00f1e de la Granja <\/i><\/b><\/p>\n<p style=\"margin: 0cm;\"><b><i>Zuri Arte<\/i><\/b><\/p>\n<p style=\"margin: 0cm;\"><strong><i>Bea Arrazola<\/i><\/strong><\/p>\n<p style=\"margin: 0cm;\"><strong><i>Javier Bueno <\/i><\/strong><\/p>\n<p style=\"margin: 0cm;\"><strong><i>Jorge Valiente<\/i><\/strong><\/p>\n<p style=\"margin: 0cm;\"><strong><i>Tamara Morales<\/i><\/strong><\/p>\n<\/div>\n<\/div>\n<\/div>\n<p>[\/vc_column_text][\/vc_column][vc_column width=\u00bb1\/2&#8243;][vc_column_text]<\/p>\n<p style=\"margin: 0cm;\"><strong><i>Izadi<\/i><\/strong><br \/>\n<strong><i>Susana L\u00f3pez <\/i><\/strong><\/p>\n<p style=\"margin: 0cm;\"><strong><i>Arzac <\/i><\/strong><\/p>\n<p style=\"margin: 0cm;\"><strong><i>Naiara Pardo<\/i><\/strong><br \/>\n<strong><i>Laura G<\/i><\/strong><br \/>\n<strong><i>Alberto Cubillas Alvarez <\/i><\/strong><\/p>\n<p style=\"margin: 0cm;\"><strong><i>inaki_p_a<\/i><\/strong><br \/>\n<strong><i>Familia Velez<\/i><\/strong><br \/>\n<strong><i>Lourdes Aguirre <\/i><\/strong><\/p>\n<p style=\"margin: 0cm;\"><strong><i>Matxalen MI<\/i><\/strong><br \/>\n<strong><i>Familia Sanz &amp; Larretxea <\/i><\/strong><\/p>\n<p style=\"margin: 0cm;\"><strong><i>Mortzel<\/i><\/strong><br \/>\n<strong><i>Juantxo Bengoetxea <\/i><\/strong><\/p>\n<p style=\"margin: 0cm;\"><strong><i>Ione<\/i><\/strong><br \/>\n<strong><i>Elena Carbajosa <\/i><\/strong><\/p>\n<p style=\"margin: 0cm;\"><strong><i>Jon Alberdi<\/i><\/strong><b><i><br \/>\n<strong>Nuna Arrea<\/strong><\/i><\/b><br \/>\n<strong><i>Oihane L.G.<\/i><\/strong><br \/>\n<strong><i>Maritoni<\/i><\/strong><br \/>\n<strong><i>Nora Alvarez de Eulate San Jose<\/i><\/strong><br \/>\n<strong><i>Agurtzane<\/i><\/strong><br \/>\n<strong><i>Ion Mikel<\/i><\/strong><br \/>\n<strong><i>Pe\u00f1ita 104<\/i><\/strong><br \/>\n<strong><i>Basque Bites<\/i><\/strong><br \/>\n<strong><i>Ness by Esti Garc\u00eda<\/i><\/strong><\/p>\n<p style=\"margin: 0cm;\"><strong><i>Galer\u00eda 8360<\/i><\/strong><br \/>\n<strong><i>Marta Vega<\/i><\/strong><br \/>\n<strong><i>Xabier Aizpuru<\/i><\/strong><br \/>\n<strong><i>Joakin Larretxea<\/i><\/strong><\/p>\n<p>[\/vc_column_text][\/vc_column][\/vc_row]<\/p>\n<\/div>","protected":false},"excerpt":{"rendered":"<p>Alpargatas tradicionales hechas en colaboraci\u00f3n con Espartin y cosidas a mano en su taller en Zumaia. Rematadas por el interior con forro de algod\u00f3n para una mayor comodidad y durabilidad. Suela tradicional de esparto plana o con cu\u00f1a de 4 cm a elegir.<\/p>\n<p>El estampado floral de la colecci\u00f3n ELKANO ha sido creado por L\u00ebl\u00eb prints y est\u00e1 inspirado en las especias recogidas en la expedici\u00f3n Magallanes-Elkano (1519-1522).<\/p>\n<p>Edici\u00f3n limitada conmemorativa del 500 aniversario de la Primera Vuelta al Mundo.<\/p>\n<p>Hecha con cari\u00f1o en el Pa\u00eds Vasco.<\/p>\n","protected":false},"featured_media":12603,"comment_status":"closed","ping_status":"closed","template":"","meta":{"_joinchat":[]},"product_brand":[],"product_cat":[15,562,158,679],"product_tag":[],"class_list":{"0":"post-11460","1":"product","2":"type-product","3":"status-publish","4":"has-post-thumbnail","6":"product_cat-todas","7":"product_cat-primavera-verano","8":"product_cat-mujer","9":"product_cat-elkano","11":"first","12":"instock","13":"taxable","14":"shipping-taxable","15":"purchasable","16":"product-type-variable"},"aioseo_notices":[],"jetpack_sharing_enabled":true,"_links":{"self":[{"href":"https:\/\/amarenak.com\/blog\/wp-json\/wp\/v2\/product\/11460","targetHints":{"allow":["GET"]}}],"collection":[{"href":"https:\/\/amarenak.com\/blog\/wp-json\/wp\/v2\/product"}],"about":[{"href":"https:\/\/amarenak.com\/blog\/wp-json\/wp\/v2\/types\/product"}],"replies":[{"embeddable":true,"href":"https:\/\/amarenak.com\/blog\/wp-json\/wp\/v2\/comments?post=11460"}],"wp:featuredmedia":[{"embeddable":true,"href":"https:\/\/amarenak.com\/blog\/wp-json\/wp\/v2\/media\/12603"}],"wp:attachment":[{"href":"https:\/\/amarenak.com\/blog\/wp-json\/wp\/v2\/media?parent=11460"}],"wp:term":[{"taxonomy":"product_brand","embeddable":true,"href":"https:\/\/amarenak.com\/blog\/wp-json\/wp\/v2\/product_brand?post=11460"},{"taxonomy":"product_cat","embeddable":true,"href":"https:\/\/amarenak.com\/blog\/wp-json\/wp\/v2\/product_cat?post=11460"},{"taxonomy":"product_tag","embeddable":true,"href":"https:\/\/amarenak.com\/blog\/wp-json\/wp\/v2\/product_tag?post=11460"}],"curies":[{"name":"wp","href":"https:\/\/api.w.org\/{rel}","templated":true}]}}

<div class="wpb-content-wrapper"><p>[vc_row][vc_column width=»1/2&#8243;][vc_column_text]</p>
<h6><strong>La historia </strong></h6>
<p><em>“Primus circumdedisti me”</em> fuiste el primero que la vuelta me diste. Así reza la inscripción del escudo de armas que el Emperador Carlos V entregó a <strong>Juan Sebastián Elkano después de completar la primera circunnavegación de la Tierra. </strong>De esa manera reconoció la hazaña del navegante vasco, que llegó a Sanlúcar de Barrameda el 6 de septiembre de 1522 a bordo de la nao Victoria, tres años después de zarpar, el 10 de agosto de 1519.</p>
<p><strong>500 años después</strong>, desde Amarenak queremos recordar y homenajear a este personaje y al resto de marineros vascos del siglo XVI, devolviendo a nuestros días y a nuestros armarios algunas de sus prendas.[/vc_column_text][/vc_column][vc_column width=»1/2&#8243;][vc_single_image image=»11243&#8243; img_size=»large» add_caption=»yes»][/vc_column][/vc_row][vc_row][vc_column width=»1/2&#8243;][vc_single_image image=»11239&#8243; img_size=»large»][/vc_column][vc_column width=»1/2&#8243;][vc_column_text]</p>
<h6><strong>Tejido y cuidados </strong></h6>
<ul>
<li><em>Composición tejido: 50% algodón 50% poliéster</em></li>
</ul>
<p><strong>El algodón </strong>es el tejido vegetal más común. Esto se debe a sus muchas propiedades. Es una fibra muy transpirable, y absorbe la humedad y el sudor.  Los tejidos de algodón son además muy suaves, resistentes y agradables al tacto.</p>
<p><strong>Cuidados:</strong> Se recomienda no usar en días de lluvia o suelos húmedos. Limpiar las zonas puntuales a mano y con poca agua. Dejar secar en un lugar ventilado y seco.[/vc_column_text][/vc_column][/vc_row][vc_row][vc_column width=»1/2&#8243;][vc_column_text]</p>
<h6><strong>Trazabilidad y Sostenibilidad</strong></h6>
<p>El estampado ha sido creado por <strong>Lëlë Prints</strong> (Leire Larretxea, San Sebastián), especializada en estampados originales y llamativos, llenos de flores y aves y sobre todo, con <strong>grandes dosis de color</strong>. Para este diseño se ha inspirado en las <strong>flores y dibujos botánicos del clavo, pimienta, canela, jengibre y nuez moscada,</strong> las valiosas <strong>especias recogidas por la expedición Magallanes-Elkano en las islas Molucas</strong>, conocidas como las islas de las Especias.</p>
<p>Esta alpargata ha sido <strong>confeccionada de forma artesanal</strong> y con mucho cariño por <strong>Espartin</strong>. Este comercio está especializado en alpargata tradicional de fabricación propia por <strong>artesanos del País Vasco y cosidas a mano</strong>. Su mayor objetivo ha sido fabricar un <strong>calzado cómodo y de calidad</strong> con telas naturales y ecológicas.[/vc_column_text][/vc_column][vc_column width=»1/2&#8243;][vc_single_image image=»11235&#8243; img_size=»large»][/vc_column][/vc_row][vc_row][vc_column][vc_column_text]</p>
<h6><strong>AGRADECIMIENTOS:</strong><em>    </em></h6>
<p>Esta colección ha sido posible gracias a:[/vc_column_text][/vc_column][/vc_row][vc_row][vc_column width=»1/2&#8243;][vc_single_image image=»8793&#8243; img_size=»full»][/vc_column][vc_column width=»1/2&#8243;][vc_single_image image=»7659&#8243; img_size=»full»][/vc_column][/vc_row][vc_row][vc_column][vc_column_text]Esta historia ha sido financiada vía crowdfunding por todas estas personas. Millones de gracias a todas ellas por ayudarnos a sacar estas nuevas #historiasquesellevanpuestas a la calle:[/vc_column_text][/vc_column][/vc_row][vc_row][vc_column width=»1/2&#8243;][vc_column_text]</p>
<div class="page" title="Page 5">
<div class="layoutArea">
<div class="column">
<p style="margin: 0cm;"><b><i>Uxue Ortega</i></b></p>
<p style="margin: 0cm;"><b><i>Nagore Otsoa</i></b><br />
<b><i>Sofía Peña</i></b><br />
<b><i>Ricardo Ulises Larrechea </i></b></p>
<p style="margin: 0cm;"><b><i>Maia Apaolaza</i></b><br />
<b><i>ONBIZI</i></b><br />
<b><i>Mabel Mendiguren</i></b><br />
<b><i>Ane Urtizberea</i></b><br />
<b><i>Marta Sáez</i></b><br />
<b><i>Lara</i></b><br />
<b><i>OUA</i></b><br />
<b><i>Carla Libertad Avenue </i></b><br />
<b><i>Arrate</i></b><br />
<b><i>Maríapolite</i></b><br />
<b><i>Xi Lu Gu</i></b><br />
<b><i>Mar izquierdo</i></b><br />
<b><i>Josean Rodriguez</i></b><br />
<b><i>Beñat Gereka</i></b><br />
<b><i>Teresa Fdez. </i></b></p>
<p style="margin: 0cm;"><b><i>Marina Laura S.</i></b><br />
<b><i>Lore</i></b><br />
<b><i>Nagore Otsoa</i></b><br />
<b><i>Jesús Lacorte</i></b><br />
<b><i>Leire Jaime</i></b><br />
<b><i>Garbiñe de la Granja </i></b></p>
<p style="margin: 0cm;"><b><i>Zuri Arte</i></b></p>
<p style="margin: 0cm;"><strong><i>Bea Arrazola</i></strong></p>
<p style="margin: 0cm;"><strong><i>Javier Bueno </i></strong></p>
<p style="margin: 0cm;"><strong><i>Jorge Valiente</i></strong></p>
<p style="margin: 0cm;"><strong><i>Tamara Morales</i></strong></p>
</div>
</div>
</div>
<p>[/vc_column_text][/vc_column][vc_column width=»1/2&#8243;][vc_column_text]</p>
<p style="margin: 0cm;"><strong><i>Izadi</i></strong><br />
<strong><i>Susana López </i></strong></p>
<p style="margin: 0cm;"><strong><i>Arzac </i></strong></p>
<p style="margin: 0cm;"><strong><i>Naiara Pardo</i></strong><br />
<strong><i>Laura G</i></strong><br />
<strong><i>Alberto Cubillas Alvarez </i></strong></p>
<p style="margin: 0cm;"><strong><i>inaki_p_a</i></strong><br />
<strong><i>Familia Velez</i></strong><br />
<strong><i>Lourdes Aguirre </i></strong></p>
<p style="margin: 0cm;"><strong><i>Matxalen MI</i></strong><br />
<strong><i>Familia Sanz &amp; Larretxea </i></strong></p>
<p style="margin: 0cm;"><strong><i>Mortzel</i></strong><br />
<strong><i>Juantxo Bengoetxea </i></strong></p>
<p style="margin: 0cm;"><strong><i>Ione</i></strong><br />
<strong><i>Elena Carbajosa </i></strong></p>
<p style="margin: 0cm;"><strong><i>Jon Alberdi</i></strong><b><i><br />
<strong>Nuna Arrea</strong></i></b><br />
<strong><i>Oihane L.G.</i></strong><br />
<strong><i>Maritoni</i></strong><br />
<strong><i>Nora Alvarez de Eulate San Jose</i></strong><br />
<strong><i>Agurtzane</i></strong><br />
<strong><i>Ion Mikel</i></strong><br />
<strong><i>Peñita 104</i></strong><br />
<strong><i>Basque Bites</i></strong><br />
<strong><i>Ness by Esti García</i></strong></p>
<p style="margin: 0cm;"><strong><i>Galería 8360</i></strong><br />
<strong><i>Marta Vega</i></strong><br />
<strong><i>Xabier Aizpuru</i></strong><br />
<strong><i>Joakin Larretxea</i></strong></p>
<p>[/vc_column_text][/vc_column][/vc_row]</p>
</div>

<p>Alpargatas tradicionales hechas en colaboración con Espartin y cosidas a mano en su taller en Zumaia. Rematadas por el interior con forro de algodón para una mayor comodidad y durabilidad. Suela tradicional de esparto plana o con cuña de 4 cm a elegir.</p>
<p>El estampado floral de la colección ELKANO ha sido creado por Lëlë prints y está inspirado en las especias recogidas en la expedición Magallanes-Elkano (1519-1522).</p>
<p>Edición limitada conmemorativa del 500 aniversario de la Primera Vuelta al Mundo.</p>
<p>Hecha con cariño en el País Vasco.</p>
