{"id":6952,"date":"2020-06-10T11:17:56","date_gmt":"2020-06-10T11:17:56","guid":{"rendered":"https:\/\/amarenak.com\/?post_type=product&#038;p=6952"},"modified":"2024-04-10T15:49:30","modified_gmt":"2024-04-10T15:49:30","slug":"top-mari","status":"publish","type":"product","link":"https:\/\/amarenak.com\/blog\/fr\/producto\/toutes\/top-mari\/","title":{"rendered":"TOP MARI"},"content":{"rendered":"<div class=\"wpb-content-wrapper\"><p>[vc_row][vc_column width=\u00a0\u00bb1\/2&Prime;][vc_column_text]<\/p>\n<h6><strong>La historia <\/strong><\/h6>\n<p>Hasta el s. XIX, el lino era un tejido fundamental en el Pa\u00eds Vasco. Con lino se hac\u00eda el ajuar textil de la mujer. Una de las partes m\u00e1s importantes de ese ajuar era la ropa de cama que, confeccionada para la boda y <strong>decorada a punto de cruz con cenefas azules, reflejaba la maestr\u00eda y estatus de la futura esposa.<\/strong><\/p>\n<p>Algunos de estos bordados se conservan hoy en el <strong>Museo San Telmo de Donostia<\/strong> y gracias a la labor de investigaci\u00f3n y el trabajo de M.A. de Miangolarra y E.Elorza \u00a0algunos de estos bordados, vieron la luz y cobraron su merecido reconocimiento y valor.<\/p>\n<p>[\/vc_column_text][\/vc_column][vc_column width=\u00a0\u00bb1\/2&Prime;][vc_empty_space height=\u00a0\u00bb72px\u00a0\u00bb][vc_single_image image=\u00a0\u00bb5223&Prime; img_size=\u00a0\u00bbfull\u00a0\u00bb][\/vc_column][\/vc_row][vc_row][vc_column width=\u00a0\u00bb1\/2&Prime;][vc_single_image image=\u00a0\u00bb5219&Prime; img_size=\u00a0\u00bbfull\u00a0\u00bb][\/vc_column][vc_column width=\u00a0\u00bb1\/2&Prime;][vc_column_text]<\/p>\n<h6><strong>Tejido y cuidados <\/strong><\/h6>\n<ul>\n<li><em>Composici\u00f3n tejido: 100% algod\u00f3n<\/em><\/li>\n<\/ul>\n<p><strong>El algod\u00f3n <\/strong>es el tejido vegetal m\u00e1s com\u00fan. Esto se debe a sus muchas propiedades. Es una fibra muy transpirable, y absorbe la humedad y el sudor.\u00a0 Los tejidos de algod\u00f3n son adem\u00e1s muy suaves, resistentes y agradables al tacto.<\/p>\n<p><strong>Cuidados:<\/strong> Lavar en lavadora a 30\u00ba con colores similares. En el primer lavado la prenda encoger\u00e1.[\/vc_column_text][\/vc_column][\/vc_row][vc_row][vc_column width=\u00a0\u00bb1\/2&Prime;][vc_column_text]<\/p>\n<h6><strong>Trazabilidad y Sostenibilidad<\/strong><\/h6>\n<p><strong>Los estampados<\/strong> de esta colecci\u00f3n han sido dise\u00f1ados por nosotras y estampados con tintas ecol\u00f3gicas en una empresa de Huelva (Andaluc\u00eda) en tejidos naturales c\u00f3mo el lino y el algod\u00f3n.<\/p>\n<p>Adem\u00e1s, todas las prendas est\u00e1n hechas con la<strong> filosof\u00eda #zerowaste<\/strong>, que consiste en aprovechar toda la tela y evitar as\u00ed generar residuos.<\/p>\n<p>Esta prenda ha sido <strong>confeccionada de forma artesanal<\/strong> y con mucho cari\u00f1o por sastres y costureras de Gipuzkoa (Pa\u00eds Vasco).[\/vc_column_text][\/vc_column][vc_column width=\u00a0\u00bb1\/2&Prime;][vc_single_image image=\u00a0\u00bb5231&Prime; img_size=\u00a0\u00bblarge\u00a0\u00bb][\/vc_column][\/vc_row][vc_row][vc_column][vc_raw_html]JTNDZGl2JTIwY2xhc3MlM0QlMjJjb250YWluZXItdGFja3RpbCUyMiUyMHN0eWxlJTNEJTIycG9zaXRpb24lM0ElMjByZWxhdGl2ZSUzQiUyMG92ZXJmbG93JTNBJTIwaGlkZGVuJTNCJTIwd2lkdGglM0ElMjAxMDAlMjUlM0IlMjBwYWRkaW5nLXRvcCUzQSUyMDU2LjI1JTI1JTNCJTIyJTNFJTNDaWZyYW1lJTIwY2xhc3MlM0QlMjJpZnJhbWUtdGFja3RpbCUyMiUyMHNyYyUzRCUyMmh0dHBzJTNBJTJGJTJGd3d3LnRhY2t0aWwuY29tJTJGZXMlMkZ2aXNvciUyRmV5SjBlWEFpT2lKS1YxUWlMQ0poYkdjaU9pSklVekkxTmlKOS5leUpsZUdsa0lqb3lOVEo5LjlCWmFEQ1RVVDZwMTF6NGZUWXROcHRhcUxMYUxPaEl2UlBNbzFTcUdZS2clMjIlMjB0aXRsZSUzRCUyMjA1JTIwQSUyMHRvcCUyMG1hcmklMjIlMjBzdHlsZSUzRCUyMnBvc2l0aW9uJTNBJTIwYWJzb2x1dGUlM0IlMjB0b3AlM0ElMjAwJTNCJTIwbGVmdCUzQSUyMDAlM0IlMjBib3R0b20lM0ElMjAwJTNCJTIwcmlnaHQlM0ElMjAwJTNCJTIwd2lkdGglM0ElMjAxMDAlMjUlM0IlMjBoZWlnaHQlM0ElMjAxMDAlMjUlM0IlMjBib3JkZXIlM0ElMjAwJTNCJTIyJTIwZnJhbWVCb3JkZXIlM0QlMjIwJTIyJTIwc2Nyb2xsaW5nJTNEJTIybm8lMjIlMjBhbGxvd2Z1bGxzY3JlZW4lM0UlM0MlMkZpZnJhbWUlM0UlM0MlMkZkaXYlM0U=[\/vc_raw_html][\/vc_column][\/vc_row]<\/p>\n<\/div>","protected":false},"excerpt":{"rendered":"<p>Robe en coton avec des motifs imprim\u00e9s inspir\u00e9s de broderies traditionnelles en point de croix. Coupe droite et manches courtes, cintr\u00e9 \u00e0 la taille avec un ruban en satin de coton.<\/p>\n<p>V\u00eatement imprim\u00e9 avec des teintures \u00e9cologiques et confectionn\u00e9 suivant la philosophie #zerowaste (z\u00e9ro d\u00e9chet). Fabriqu\u00e9 avec amour au Pays Basque.<\/p>\n<p style=\"font-size: 11px;\">*Josune\u00a0 mesure 1,67 m et porte une taille U (unique). Si vous voulez un taille sp\u00e9ciale, <a href=\"https:\/\/amarenak.com\/fr\/prendre-rdv\/\">\u00e9crivez-nous<\/a>.<\/p>\n<p><a href=\"https:\/\/www.tacktil.com\/es\/visor\/eyJ0eXAiOiJKV1QiLCJhbGciOiJIUzI1NiJ9.eyJleGlkIjoyNTJ9.9BZaDCTUT6p11z4fTYtNptaqLLaLOhIvRPMo1SqGYKg\" target=\"_blank\" rel=\"noopener\"><img loading=\"lazy\" decoding=\"async\" class=\"alignnone size-full wp-image-9082\" src=\"https:\/\/amarenak.com\/wp-content\/uploads\/2021\/04\/icons8-360-view-50-1.png\" alt=\"\" width=\"50\" height=\"50\" \/><\/a><\/p>\n","protected":false},"featured_media":6960,"comment_status":"closed","ping_status":"closed","template":"","meta":{"_joinchat":[]},"product_brand":[],"product_cat":[329,565,331,414],"product_tag":[],"class_list":{"0":"post-6952","1":"product","2":"type-product","3":"status-publish","4":"has-post-thumbnail","6":"product_cat-toutes","7":"product_cat-printemps-ete","8":"product_cat-femme","9":"product_cat-kardena-fr","11":"first","12":"outofstock","13":"taxable","14":"shipping-taxable","15":"purchasable","16":"product-type-simple"},"aioseo_notices":[],"jetpack_sharing_enabled":true,"_links":{"self":[{"href":"https:\/\/amarenak.com\/blog\/fr\/wp-json\/wp\/v2\/product\/6952","targetHints":{"allow":["GET"]}}],"collection":[{"href":"https:\/\/amarenak.com\/blog\/fr\/wp-json\/wp\/v2\/product"}],"about":[{"href":"https:\/\/amarenak.com\/blog\/fr\/wp-json\/wp\/v2\/types\/product"}],"replies":[{"embeddable":true,"href":"https:\/\/amarenak.com\/blog\/fr\/wp-json\/wp\/v2\/comments?post=6952"}],"wp:featuredmedia":[{"embeddable":true,"href":"https:\/\/amarenak.com\/blog\/fr\/wp-json\/wp\/v2\/media\/6960"}],"wp:attachment":[{"href":"https:\/\/amarenak.com\/blog\/fr\/wp-json\/wp\/v2\/media?parent=6952"}],"wp:term":[{"taxonomy":"product_brand","embeddable":true,"href":"https:\/\/amarenak.com\/blog\/fr\/wp-json\/wp\/v2\/product_brand?post=6952"},{"taxonomy":"product_cat","embeddable":true,"href":"https:\/\/amarenak.com\/blog\/fr\/wp-json\/wp\/v2\/product_cat?post=6952"},{"taxonomy":"product_tag","embeddable":true,"href":"https:\/\/amarenak.com\/blog\/fr\/wp-json\/wp\/v2\/product_tag?post=6952"}],"curies":[{"name":"wp","href":"https:\/\/api.w.org\/{rel}","templated":true}]}}

<div class="wpb-content-wrapper"><p>[vc_row][vc_column width= »1/2&Prime;][vc_column_text]</p>
<h6><strong>La historia </strong></h6>
<p>Hasta el s. XIX, el lino era un tejido fundamental en el País Vasco. Con lino se hacía el ajuar textil de la mujer. Una de las partes más importantes de ese ajuar era la ropa de cama que, confeccionada para la boda y <strong>decorada a punto de cruz con cenefas azules, reflejaba la maestría y estatus de la futura esposa.</strong></p>
<p>Algunos de estos bordados se conservan hoy en el <strong>Museo San Telmo de Donostia</strong> y gracias a la labor de investigación y el trabajo de M.A. de Miangolarra y E.Elorza  algunos de estos bordados, vieron la luz y cobraron su merecido reconocimiento y valor.</p>
<p>[/vc_column_text][/vc_column][vc_column width= »1/2&Prime;][vc_empty_space height= »72px »][vc_single_image image= »5223&Prime; img_size= »full »][/vc_column][/vc_row][vc_row][vc_column width= »1/2&Prime;][vc_single_image image= »5219&Prime; img_size= »full »][/vc_column][vc_column width= »1/2&Prime;][vc_column_text]</p>
<h6><strong>Tejido y cuidados </strong></h6>
<ul>
<li><em>Composición tejido: 100% algodón</em></li>
</ul>
<p><strong>El algodón </strong>es el tejido vegetal más común. Esto se debe a sus muchas propiedades. Es una fibra muy transpirable, y absorbe la humedad y el sudor.  Los tejidos de algodón son además muy suaves, resistentes y agradables al tacto.</p>
<p><strong>Cuidados:</strong> Lavar en lavadora a 30º con colores similares. En el primer lavado la prenda encogerá.[/vc_column_text][/vc_column][/vc_row][vc_row][vc_column width= »1/2&Prime;][vc_column_text]</p>
<h6><strong>Trazabilidad y Sostenibilidad</strong></h6>
<p><strong>Los estampados</strong> de esta colección han sido diseñados por nosotras y estampados con tintas ecológicas en una empresa de Huelva (Andalucía) en tejidos naturales cómo el lino y el algodón.</p>
<p>Además, todas las prendas están hechas con la<strong> filosofía #zerowaste</strong>, que consiste en aprovechar toda la tela y evitar así generar residuos.</p>
<p>Esta prenda ha sido <strong>confeccionada de forma artesanal</strong> y con mucho cariño por sastres y costureras de Gipuzkoa (País Vasco).[/vc_column_text][/vc_column][vc_column width= »1/2&Prime;][vc_single_image image= »5231&Prime; img_size= »large »][/vc_column][/vc_row][vc_row][vc_column][vc_raw_html]JTNDZGl2JTIwY2xhc3MlM0QlMjJjb250YWluZXItdGFja3RpbCUyMiUyMHN0eWxlJTNEJTIycG9zaXRpb24lM0ElMjByZWxhdGl2ZSUzQiUyMG92ZXJmbG93JTNBJTIwaGlkZGVuJTNCJTIwd2lkdGglM0ElMjAxMDAlMjUlM0IlMjBwYWRkaW5nLXRvcCUzQSUyMDU2LjI1JTI1JTNCJTIyJTNFJTNDaWZyYW1lJTIwY2xhc3MlM0QlMjJpZnJhbWUtdGFja3RpbCUyMiUyMHNyYyUzRCUyMmh0dHBzJTNBJTJGJTJGd3d3LnRhY2t0aWwuY29tJTJGZXMlMkZ2aXNvciUyRmV5SjBlWEFpT2lKS1YxUWlMQ0poYkdjaU9pSklVekkxTmlKOS5leUpsZUdsa0lqb3lOVEo5LjlCWmFEQ1RVVDZwMTF6NGZUWXROcHRhcUxMYUxPaEl2UlBNbzFTcUdZS2clMjIlMjB0aXRsZSUzRCUyMjA1JTIwQSUyMHRvcCUyMG1hcmklMjIlMjBzdHlsZSUzRCUyMnBvc2l0aW9uJTNBJTIwYWJzb2x1dGUlM0IlMjB0b3AlM0ElMjAwJTNCJTIwbGVmdCUzQSUyMDAlM0IlMjBib3R0b20lM0ElMjAwJTNCJTIwcmlnaHQlM0ElMjAwJTNCJTIwd2lkdGglM0ElMjAxMDAlMjUlM0IlMjBoZWlnaHQlM0ElMjAxMDAlMjUlM0IlMjBib3JkZXIlM0ElMjAwJTNCJTIyJTIwZnJhbWVCb3JkZXIlM0QlMjIwJTIyJTIwc2Nyb2xsaW5nJTNEJTIybm8lMjIlMjBhbGxvd2Z1bGxzY3JlZW4lM0UlM0MlMkZpZnJhbWUlM0UlM0MlMkZkaXYlM0U=[/vc_raw_html][/vc_column][/vc_row]</p>
</div>

<p>Robe en coton avec des motifs imprimés inspirés de broderies traditionnelles en point de croix. Coupe droite et manches courtes, cintré à la taille avec un ruban en satin de coton.</p>
<p>Vêtement imprimé avec des teintures écologiques et confectionné suivant la philosophie #zerowaste (zéro déchet). Fabriqué avec amour au Pays Basque.</p>
<p style="font-size: 11px;">*Josune  mesure 1,67 m et porte une taille U (unique). Si vous voulez un taille spéciale, <a href="https://amarenak.com/fr/prendre-rdv/">écrivez-nous</a>.</p>
<p><a href="https://www.tacktil.com/es/visor/eyJ0eXAiOiJKV1QiLCJhbGciOiJIUzI1NiJ9.eyJleGlkIjoyNTJ9.9BZaDCTUT6p11z4fTYtNptaqLLaLOhIvRPMo1SqGYKg" target="_blank" rel="noopener"><img loading="lazy" decoding="async" class="alignnone size-full wp-image-9082" src="https://amarenak.com/wp-content/uploads/2021/04/icons8-360-view-50-1.png" alt="" width="50" height="50" /></a></p>
