{"id":6152,"date":"2019-11-06T22:33:59","date_gmt":"2019-11-06T22:33:59","guid":{"rendered":"https:\/\/amarenak.com\/?post_type=product&#038;p=6152"},"modified":"2024-04-11T08:41:13","modified_gmt":"2024-04-11T08:41:13","slug":"gona-gorria-motz","status":"publish","type":"product","link":"https:\/\/amarenak.com\/blog\/fr\/producto\/toutes\/gona-gorria-motz\/","title":{"rendered":"GONA GORRIA MOTZ"},"content":{"rendered":"<div class=\"wpb-content-wrapper\"><p>[vc_row][vc_column width=\u00a0\u00bb1\/2&Prime;][vc_column_text]<\/p>\n<h6><strong>Historia<\/strong><\/h6>\n<p>Gona-gorri (falda roja) era el refajo de pa\u00f1o que llevaban las mujeres vascas, como prenda interior de abrigo, bajo la falda.<\/p>\n<p>Sol\u00edan ser de colores vivos y<strong> las rojas eran las m\u00e1s valiosas.<\/strong> Normalmente se heredaban o formaban parte del ajuar. En el siglo XIX las j\u00f3venes pod\u00edan conseguir el pa\u00f1o rojo, trabajando fuera de casa como en las campa\u00f1as de cereal en Alava.<\/p>\n<p>Algunas iban decoradas con bandas o gracas estampadas en la parte baja. Cuantas m\u00e1s bandas, mayor era el estatus y la posici\u00f3n social.<\/p>\n<p>La mujer que pose\u00eda una buena gona-gorria, <strong>se las ingeniaba para mostrar discretamente su refajo<\/strong>, por ejemplo al sentarse, o haciendo movimientos al andar.[\/vc_column_text][\/vc_column][vc_column width=\u00a0\u00bb1\/2&Prime;][vc_single_image image=\u00a0\u00bb6141&Prime; img_size=\u00a0\u00bblarge\u00a0\u00bb add_caption=\u00a0\u00bbyes\u00a0\u00bb][\/vc_column][\/vc_row][vc_row][vc_column width=\u00a0\u00bb1\/2&Prime;][vc_single_image image=\u00a0\u00bb6129&Prime; img_size=\u00a0\u00bblarge\u00a0\u00bb][vc_single_image image=\u00a0\u00bb6133&Prime; img_size=\u00a0\u00bblarge\u00a0\u00bb][\/vc_column][vc_column width=\u00a0\u00bb1\/2&Prime;][vc_column_text]<\/p>\n<h6><strong>Tissus et entretien<\/strong><\/h6>\n<ul>\n<li><em>Composition du tissu : 70% coton organique GOTS et 30% polyester recycl\u00e9 GRS<br \/>\n<\/em><em>\u00a0<\/em><\/li>\n<\/ul>\n<p><strong>Entretien:<\/strong>\u00a0Laver en machine \u00e0 30 \u00baC avec des couleurs similaires.[\/vc_column_text][\/vc_column][\/vc_row][vc_row][vc_column width=\u00a0\u00bb1\/2&Prime;][vc_column_text]<\/p>\n<h6><strong>Tra\u00e7abilit\u00e9 et D\u00e9veloppement durable<\/strong><\/h6>\n<p>Jupe fabriqu\u00e9 suivant la <strong>philosophie #zerowaste<\/strong>, qui consiste \u00e0 utiliser tout le tissu et \u00e9viter de produire des d\u00e9chets.<\/p>\n<p>Ce v\u00eatement a \u00e9t\u00e9 confectionn\u00e9 avec amour et <strong>suivant des m\u00e9thodes artisanales<\/strong> par des tailleurs et des couturi\u00e8res de Guip\u00fazcoa (Pays Basque).<\/p>\n<p>Certains des mod\u00e8les ne sont <strong>produits que sur commande<\/strong> afin d\u2019\u00e9viter la surproduction et de gaspiller le tissu. Ce proc\u00e9d\u00e9 re\u00e7oit le nom de <strong>#SlowFashion<\/strong> ou \u00ab mode lente \u00bb.[\/vc_column_text][\/vc_column][vc_column width=\u00a0\u00bb1\/2&Prime;][vc_single_image image=\u00a0\u00bb6145&Prime; img_size=\u00a0\u00bblarge\u00a0\u00bb][\/vc_column][\/vc_row]<\/p>\n<\/div>","protected":false},"excerpt":{"rendered":"<p>Jupe midi rouge en velours devor\u00e9 du coton organique et avec une ceinture \u00e9lastiqu\u00e9e en dor\u00e9.<\/p>\n<p>V\u00eatement confectionn\u00e9 suivant la philosophie #zerowaste (z\u00e9ro d\u00e9chet).<\/p>\n<p>Fabriqu\u00e9 avec amour au Pays Basque.<\/p>\n<p style=\"font-size: 11px;\">*Amaoa\u00a0 mesure 1,78 m et porte une taille S. Si vous voulez un taille sp\u00e9ciale, <a href=\"https:\/\/amarenak.com\/fr\/prendre-rdv\/\">\u00e9crivez-nous<\/a>.<\/p>\n","protected":false},"featured_media":6157,"comment_status":"closed","ping_status":"closed","template":"","meta":{"_joinchat":[]},"product_brand":[],"product_cat":[329,569,565,331,494,1315],"product_tag":[],"class_list":{"0":"post-6152","1":"product","2":"type-product","3":"status-publish","4":"has-post-thumbnail","6":"product_cat-toutes","7":"product_cat-automne-hiver","8":"product_cat-printemps-ete","9":"product_cat-femme","10":"product_cat-gona-gorria-fr","11":"product_cat-dernieres-unites","13":"first","14":"outofstock","15":"sold-individually","16":"taxable","17":"shipping-taxable","18":"purchasable","19":"product-type-variable"},"aioseo_notices":[],"jetpack_sharing_enabled":true,"_links":{"self":[{"href":"https:\/\/amarenak.com\/blog\/fr\/wp-json\/wp\/v2\/product\/6152","targetHints":{"allow":["GET"]}}],"collection":[{"href":"https:\/\/amarenak.com\/blog\/fr\/wp-json\/wp\/v2\/product"}],"about":[{"href":"https:\/\/amarenak.com\/blog\/fr\/wp-json\/wp\/v2\/types\/product"}],"replies":[{"embeddable":true,"href":"https:\/\/amarenak.com\/blog\/fr\/wp-json\/wp\/v2\/comments?post=6152"}],"wp:featuredmedia":[{"embeddable":true,"href":"https:\/\/amarenak.com\/blog\/fr\/wp-json\/wp\/v2\/media\/6157"}],"wp:attachment":[{"href":"https:\/\/amarenak.com\/blog\/fr\/wp-json\/wp\/v2\/media?parent=6152"}],"wp:term":[{"taxonomy":"product_brand","embeddable":true,"href":"https:\/\/amarenak.com\/blog\/fr\/wp-json\/wp\/v2\/product_brand?post=6152"},{"taxonomy":"product_cat","embeddable":true,"href":"https:\/\/amarenak.com\/blog\/fr\/wp-json\/wp\/v2\/product_cat?post=6152"},{"taxonomy":"product_tag","embeddable":true,"href":"https:\/\/amarenak.com\/blog\/fr\/wp-json\/wp\/v2\/product_tag?post=6152"}],"curies":[{"name":"wp","href":"https:\/\/api.w.org\/{rel}","templated":true}]}}

<div class="wpb-content-wrapper"><p>[vc_row][vc_column width= »1/2&Prime;][vc_column_text]</p>
<h6><strong>Historia</strong></h6>
<p>Gona-gorri (falda roja) era el refajo de paño que llevaban las mujeres vascas, como prenda interior de abrigo, bajo la falda.</p>
<p>Solían ser de colores vivos y<strong> las rojas eran las más valiosas.</strong> Normalmente se heredaban o formaban parte del ajuar. En el siglo XIX las jóvenes podían conseguir el paño rojo, trabajando fuera de casa como en las campañas de cereal en Alava.</p>
<p>Algunas iban decoradas con bandas o gracas estampadas en la parte baja. Cuantas más bandas, mayor era el estatus y la posición social.</p>
<p>La mujer que poseía una buena gona-gorria, <strong>se las ingeniaba para mostrar discretamente su refajo</strong>, por ejemplo al sentarse, o haciendo movimientos al andar.[/vc_column_text][/vc_column][vc_column width= »1/2&Prime;][vc_single_image image= »6141&Prime; img_size= »large » add_caption= »yes »][/vc_column][/vc_row][vc_row][vc_column width= »1/2&Prime;][vc_single_image image= »6129&Prime; img_size= »large »][vc_single_image image= »6133&Prime; img_size= »large »][/vc_column][vc_column width= »1/2&Prime;][vc_column_text]</p>
<h6><strong>Tissus et entretien</strong></h6>
<ul>
<li><em>Composition du tissu : 70% coton organique GOTS et 30% polyester recyclé GRS<br />
</em><em> </em></li>
</ul>
<p><strong>Entretien:</strong> Laver en machine à 30 ºC avec des couleurs similaires.[/vc_column_text][/vc_column][/vc_row][vc_row][vc_column width= »1/2&Prime;][vc_column_text]</p>
<h6><strong>Traçabilité et Développement durable</strong></h6>
<p>Jupe fabriqué suivant la <strong>philosophie #zerowaste</strong>, qui consiste à utiliser tout le tissu et éviter de produire des déchets.</p>
<p>Ce vêtement a été confectionné avec amour et <strong>suivant des méthodes artisanales</strong> par des tailleurs et des couturières de Guipúzcoa (Pays Basque).</p>
<p>Certains des modèles ne sont <strong>produits que sur commande</strong> afin d’éviter la surproduction et de gaspiller le tissu. Ce procédé reçoit le nom de <strong>#SlowFashion</strong> ou « mode lente ».[/vc_column_text][/vc_column][vc_column width= »1/2&Prime;][vc_single_image image= »6145&Prime; img_size= »large »][/vc_column][/vc_row]</p>
</div>

<p>Jupe midi rouge en velours devoré du coton organique et avec une ceinture élastiquée en doré.</p>
<p>Vêtement confectionné suivant la philosophie #zerowaste (zéro déchet).</p>
<p>Fabriqué avec amour au Pays Basque.</p>
<p style="font-size: 11px;">*Amaoa  mesure 1,78 m et porte une taille S. Si vous voulez un taille spéciale, <a href="https://amarenak.com/fr/prendre-rdv/">écrivez-nous</a>.</p>
