{"id":6041,"date":"2019-11-06T14:43:11","date_gmt":"2019-11-06T14:43:12","guid":{"rendered":"https:\/\/amarenak.com\/?post_type=product&#038;p=6041"},"modified":"2025-04-05T20:13:07","modified_gmt":"2025-04-05T18:13:07","slug":"kaikubasquero-noir","status":"publish","type":"product","link":"https:\/\/amarenak.com\/blog\/fr\/producto\/toutes\/kaikubasquero-noir\/","title":{"rendered":"KAIKUBASQUERO NOIR"},"content":{"rendered":"<div class=\"wpb-content-wrapper\"><p>[vc_row][vc_column width=\u00a0\u00bb1\/2&Prime;][vc_column_text]<\/p>\n<h6><strong><em>L\u2019Histoire<\/em><\/strong><\/h6>\n<p>Le <em>kaiku<\/em> ou <em>lekeitiarra<\/em> est <strong>une veste traditionnelle du Pays Basque, qui habillait autrefois <em>les arrantzaleak<\/em>, les p\u00eacheurs<\/strong> de la baie de Biscaye. Il \u00e9tait fabriqu\u00e9 en drap de laine tr\u00e8s \u00e9pais pour prot\u00e9ger parfaitement du vent et des bourrasques du nord.<\/p>\n<p>Durant les ann\u00e9es 1920, une nouvelle version plus urbaine est apparue, que les <em>amonak<\/em> (nos grand-m\u00e8res) d\u00e9mocratis\u00e8rent en le faisant porter \u00e0 leurs enfants et petits-enfants. C&rsquo;est ainsi que <strong>le <em>kaiku<\/em> est rapidement devenu la veste pr\u00e9f\u00e9r\u00e9e des Basques.<\/strong> Aujourd\u2019hui, cette veste a quasiment disparu.[\/vc_column_text][\/vc_column][vc_column width=\u00a0\u00bb1\/2&Prime;][vc_single_image image=\u00a0\u00bb5776&Prime; img_size=\u00a0\u00bblarge\u00a0\u00bb][\/vc_column][\/vc_row][vc_row][vc_column width=\u00a0\u00bb1\/2&Prime;][vc_single_image image=\u00a0\u00bb5831&Prime; img_size=\u00a0\u00bblarge\u00a0\u00bb][\/vc_column][vc_column width=\u00a0\u00bb1\/2&Prime;][vc_column_text]<\/p>\n<h6><strong>Tissus et entretien<\/strong><\/h6>\n<ul>\n<li><em>Composition du tissu : 100% coton enduit<br \/>\n<\/em><em>\u00a0<\/em><\/li>\n<\/ul>\n<p><strong>Entretien :<\/strong>La toile enduite se lave \u00e0 l&rsquo;\u00e9ponge. Repassez votre v\u00eatement \u00e0 la vapeur toujours dans l&rsquo;interieur, pour \u00e9liminer les plis et froissements dus \u00e0 l\u2019utilisation.[\/vc_column_text][\/vc_column][\/vc_row][vc_row][vc_column width=\u00a0\u00bb1\/2&Prime;][vc_column_text]<\/p>\n<h6><strong>Tra\u00e7abilit\u00e9 et D\u00e9veloppement durable<\/strong><\/h6>\n<p>Cette fois, nous avons collabor\u00e9 avec la maison centenaire <strong>L\u2019Artigue 1910<\/strong> (du Pays Basque fran\u00e7ais) qui a su r\u00e9inventer le si r\u00e9put\u00e9 \u00ab\u00a0Linge Basque\u00a0\u00bb en cr\u00e9ant par exemple ce tissu <strong>imperm\u00e9able, anti-tache et infroissable.<\/strong><\/p>\n<p>Ce v\u00eatement a \u00e9t\u00e9 confectionn\u00e9 avec amour et <strong>suivant des m\u00e9thodes artisanales<\/strong> par des tailleurs et des couturi\u00e8res de Guip\u00fazcoa (Pays Basque).<\/p>\n<p>Certains des mod\u00e8les ne sont <strong>produits que sur commande<\/strong> afin d\u2019\u00e9viter la surproduction et de gaspiller le tissu. Ce proc\u00e9d\u00e9 re\u00e7oit le nom de <strong>#SlowFashion<\/strong> ou \u00ab mode lente \u00bb.[\/vc_column_text][\/vc_column][vc_column width=\u00a0\u00bb1\/2&Prime;][vc_single_image image=\u00a0\u00bb5792&Prime; img_size=\u00a0\u00bblarge\u00a0\u00bb][\/vc_column][\/vc_row][vc_row][vc_column][vc_raw_html]PGRpdiBjbGFzcz0iY29udGFpbmVyLXRhY2t0aWwiIHN0eWxlPSJwb3NpdGlvbjogcmVsYXRpdmU7IG92ZXJmbG93OiBoaWRkZW47IHdpZHRoOiAxMDAlOyBwYWRkaW5nLXRvcDogNTYuMjUlOyI+PGlmcmFtZSBjbGFzcz0iaWZyYW1lLXRhY2t0aWwiIHN0eWxlPSJwb3NpdGlvbjogYWJzb2x1dGU7IHRvcDogMDsgbGVmdDogMDsgYm90dG9tOiAwOyByaWdodDogMDsgd2lkdGg6IDEwMCU7IGhlaWdodDogMTAwJTsgYm9yZGVyOiAwOyIgdGl0bGU9IjEwX2thaWt1YmFzcXVlcm8tbm9pciIgc3JjPSJodHRwczovL3d3dy50YWNrdGlsLmNvbS9lcy92aXNvci9leUowZVhBaU9pSktWMVFpTENKaGJHY2lPaUpJVXpJMU5pSjkuZXlKbGVHbGtJam95T0RCOS5QU0RZQUxYS2tSb3JrV3ZFS0VXMnZ2aGdBSUc2UXdNRmJLcWJldTdlWTlFIiBmcmFtZWJvcmRlcj0iMCIgc2Nyb2xsaW5nPSJubyIgYWxsb3dmdWxsc2NyZWVuPSJhbGxvd2Z1bGxzY3JlZW4iPjwvaWZyYW1lPjwvZGl2Pg==[\/vc_raw_html][\/vc_column][\/vc_row]<\/p>\n<\/div>","protected":false},"excerpt":{"rendered":"<p>Veste kaiku \u00e1 capuche imperm\u00e9able en drap de coton enduit, \u00e0 l\u2019air moderne et original.\u00a0 Coupe droite et d\u00e9cor\u00e9e de bandes de coton \u00e0 l\u2019int\u00e9rieur et \u00e0 l\u2019ext\u00e9rieur. L\u2019imprim\u00e9 \u00e0 rayures est originaire du Pays Basque fran\u00e7ais.<\/p>\n<p>Confectionn\u00e9e avec amour au Pays Basque.<\/p>\n<p style=\"font-size: 11px;\">* Mikel mesure 1,76 m et porte une taille L. Si vous voulez un taille sp\u00e9ciale, <a href=\"https:\/\/amarenak.com\/fr\/prendre-rdv\/\">\u00e9crivez-nous<\/a>.<\/p>\n<p><a href=\"https:\/\/www.tacktil.com\/es\/visor\/eyJ0eXAiOiJKV1QiLCJhbGciOiJIUzI1NiJ9.eyJleGlkIjoyODB9.PSDYALXKkRorkWvEKEW2vvhgAIG6QwMFbKqbeu7eY9E\" target=\"_blank\" rel=\"noopener\"><img loading=\"lazy\" decoding=\"async\" class=\"alignnone size-full wp-image-9082\" src=\"https:\/\/amarenak.com\/wp-content\/uploads\/2021\/04\/icons8-360-view-50-1.png\" alt=\"\" width=\"50\" height=\"50\" \/><\/a><\/p>\n","protected":false},"featured_media":13892,"comment_status":"closed","ping_status":"closed","template":"","meta":{"_joinchat":[]},"product_brand":[],"product_cat":[329,569,565,331,379,330,491,1315],"product_tag":[],"class_list":{"0":"post-6041","1":"product","2":"type-product","3":"status-publish","4":"has-post-thumbnail","6":"product_cat-toutes","7":"product_cat-automne-hiver","8":"product_cat-printemps-ete","9":"product_cat-femme","10":"product_cat-homme","11":"product_cat-kaiku-fr","12":"product_cat-kaikubasquero-fr","13":"product_cat-dernieres-unites","15":"first","16":"instock","17":"sold-individually","18":"taxable","19":"shipping-taxable","20":"purchasable","21":"product-type-variable"},"aioseo_notices":[],"jetpack_sharing_enabled":true,"_links":{"self":[{"href":"https:\/\/amarenak.com\/blog\/fr\/wp-json\/wp\/v2\/product\/6041","targetHints":{"allow":["GET"]}}],"collection":[{"href":"https:\/\/amarenak.com\/blog\/fr\/wp-json\/wp\/v2\/product"}],"about":[{"href":"https:\/\/amarenak.com\/blog\/fr\/wp-json\/wp\/v2\/types\/product"}],"replies":[{"embeddable":true,"href":"https:\/\/amarenak.com\/blog\/fr\/wp-json\/wp\/v2\/comments?post=6041"}],"wp:featuredmedia":[{"embeddable":true,"href":"https:\/\/amarenak.com\/blog\/fr\/wp-json\/wp\/v2\/media\/13892"}],"wp:attachment":[{"href":"https:\/\/amarenak.com\/blog\/fr\/wp-json\/wp\/v2\/media?parent=6041"}],"wp:term":[{"taxonomy":"product_brand","embeddable":true,"href":"https:\/\/amarenak.com\/blog\/fr\/wp-json\/wp\/v2\/product_brand?post=6041"},{"taxonomy":"product_cat","embeddable":true,"href":"https:\/\/amarenak.com\/blog\/fr\/wp-json\/wp\/v2\/product_cat?post=6041"},{"taxonomy":"product_tag","embeddable":true,"href":"https:\/\/amarenak.com\/blog\/fr\/wp-json\/wp\/v2\/product_tag?post=6041"}],"curies":[{"name":"wp","href":"https:\/\/api.w.org\/{rel}","templated":true}]}}

<div class="wpb-content-wrapper"><p>[vc_row][vc_column width= »1/2&Prime;][vc_column_text]</p>
<h6><strong><em>L’Histoire</em></strong></h6>
<p>Le <em>kaiku</em> ou <em>lekeitiarra</em> est <strong>une veste traditionnelle du Pays Basque, qui habillait autrefois <em>les arrantzaleak</em>, les pêcheurs</strong> de la baie de Biscaye. Il était fabriqué en drap de laine très épais pour protéger parfaitement du vent et des bourrasques du nord.</p>
<p>Durant les années 1920, une nouvelle version plus urbaine est apparue, que les <em>amonak</em> (nos grand-mères) démocratisèrent en le faisant porter à leurs enfants et petits-enfants. C&rsquo;est ainsi que <strong>le <em>kaiku</em> est rapidement devenu la veste préférée des Basques.</strong> Aujourd’hui, cette veste a quasiment disparu.[/vc_column_text][/vc_column][vc_column width= »1/2&Prime;][vc_single_image image= »5776&Prime; img_size= »large »][/vc_column][/vc_row][vc_row][vc_column width= »1/2&Prime;][vc_single_image image= »5831&Prime; img_size= »large »][/vc_column][vc_column width= »1/2&Prime;][vc_column_text]</p>
<h6><strong>Tissus et entretien</strong></h6>
<ul>
<li><em>Composition du tissu : 100% coton enduit<br />
</em><em> </em></li>
</ul>
<p><strong>Entretien :</strong>La toile enduite se lave à l&rsquo;éponge. Repassez votre vêtement à la vapeur toujours dans l&rsquo;interieur, pour éliminer les plis et froissements dus à l’utilisation.[/vc_column_text][/vc_column][/vc_row][vc_row][vc_column width= »1/2&Prime;][vc_column_text]</p>
<h6><strong>Traçabilité et Développement durable</strong></h6>
<p>Cette fois, nous avons collaboré avec la maison centenaire <strong>L’Artigue 1910</strong> (du Pays Basque français) qui a su réinventer le si réputé « Linge Basque » en créant par exemple ce tissu <strong>imperméable, anti-tache et infroissable.</strong></p>
<p>Ce vêtement a été confectionné avec amour et <strong>suivant des méthodes artisanales</strong> par des tailleurs et des couturières de Guipúzcoa (Pays Basque).</p>
<p>Certains des modèles ne sont <strong>produits que sur commande</strong> afin d’éviter la surproduction et de gaspiller le tissu. Ce procédé reçoit le nom de <strong>#SlowFashion</strong> ou « mode lente ».[/vc_column_text][/vc_column][vc_column width= »1/2&Prime;][vc_single_image image= »5792&Prime; img_size= »large »][/vc_column][/vc_row][vc_row][vc_column][vc_raw_html]PGRpdiBjbGFzcz0iY29udGFpbmVyLXRhY2t0aWwiIHN0eWxlPSJwb3NpdGlvbjogcmVsYXRpdmU7IG92ZXJmbG93OiBoaWRkZW47IHdpZHRoOiAxMDAlOyBwYWRkaW5nLXRvcDogNTYuMjUlOyI+PGlmcmFtZSBjbGFzcz0iaWZyYW1lLXRhY2t0aWwiIHN0eWxlPSJwb3NpdGlvbjogYWJzb2x1dGU7IHRvcDogMDsgbGVmdDogMDsgYm90dG9tOiAwOyByaWdodDogMDsgd2lkdGg6IDEwMCU7IGhlaWdodDogMTAwJTsgYm9yZGVyOiAwOyIgdGl0bGU9IjEwX2thaWt1YmFzcXVlcm8tbm9pciIgc3JjPSJodHRwczovL3d3dy50YWNrdGlsLmNvbS9lcy92aXNvci9leUowZVhBaU9pSktWMVFpTENKaGJHY2lPaUpJVXpJMU5pSjkuZXlKbGVHbGtJam95T0RCOS5QU0RZQUxYS2tSb3JrV3ZFS0VXMnZ2aGdBSUc2UXdNRmJLcWJldTdlWTlFIiBmcmFtZWJvcmRlcj0iMCIgc2Nyb2xsaW5nPSJubyIgYWxsb3dmdWxsc2NyZWVuPSJhbGxvd2Z1bGxzY3JlZW4iPjwvaWZyYW1lPjwvZGl2Pg==[/vc_raw_html][/vc_column][/vc_row]</p>
</div>

<p>Veste kaiku á capuche imperméable en drap de coton enduit, à l’air moderne et original.  Coupe droite et décorée de bandes de coton à l’intérieur et à l’extérieur. L’imprimé à rayures est originaire du Pays Basque français.</p>
<p>Confectionnée avec amour au Pays Basque.</p>
<p style="font-size: 11px;">* Mikel mesure 1,76 m et porte une taille L. Si vous voulez un taille spéciale, <a href="https://amarenak.com/fr/prendre-rdv/">écrivez-nous</a>.</p>
<p><a href="https://www.tacktil.com/es/visor/eyJ0eXAiOiJKV1QiLCJhbGciOiJIUzI1NiJ9.eyJleGlkIjoyODB9.PSDYALXKkRorkWvEKEW2vvhgAIG6QwMFbKqbeu7eY9E" target="_blank" rel="noopener"><img loading="lazy" decoding="async" class="alignnone size-full wp-image-9082" src="https://amarenak.com/wp-content/uploads/2021/04/icons8-360-view-50-1.png" alt="" width="50" height="50" /></a></p>
