{"id":5488,"date":"2019-03-12T12:07:40","date_gmt":"2019-03-12T12:07:40","guid":{"rendered":"https:\/\/amarenak.com\/product\/kaikoutil-jaune\/"},"modified":"2024-04-12T14:26:57","modified_gmt":"2024-04-12T14:26:57","slug":"kaikoutil-jaune","status":"publish","type":"product","link":"https:\/\/amarenak.com\/blog\/fr\/producto\/toutes\/kaikoutil-jaune\/","title":{"rendered":"KAIKOUTIL JAUNE"},"content":{"rendered":"<div class=\"wpb-content-wrapper\"><p>[vc_row][vc_column width=\u00a0\u00bb1\/2&Prime;][vc_column_text]<\/p>\n<h6><strong><em>L\u2019Histoire<\/em><\/strong><\/h6>\n<p>Le <em>kaiku<\/em> ou <em>lekeitiarra<\/em> est <strong>une veste traditionnelle du Pays Basque, qui habillait autrefois <em>les arrantzaleak<\/em>, les p\u00eacheurs<\/strong> de la baie de Biscaye. Il \u00e9tait fabriqu\u00e9 en drap de laine tr\u00e8s \u00e9pais pour prot\u00e9ger parfaitement du vent et des bourrasques du nord.<\/p>\n<p>Durant les ann\u00e9es 1920, une nouvelle version plus urbaine est apparue, que les <em>amonak<\/em> (nos grand-m\u00e8res) d\u00e9mocratis\u00e8rent en le faisant porter \u00e0 leurs enfants et petits-enfants. C&rsquo;est ainsi que <strong>le <em>kaiku<\/em> est rapidement devenu la veste pr\u00e9f\u00e9r\u00e9e des Basques.<\/strong> Aujourd\u2019hui, cette veste a quasiment disparu.[\/vc_column_text][\/vc_column][vc_column width=\u00a0\u00bb1\/2&Prime;][vc_single_image image=\u00a0\u00bb5776&Prime; img_size=\u00a0\u00bblarge\u00a0\u00bb][\/vc_column][\/vc_row][vc_row][vc_column width=\u00a0\u00bb1\/2&Prime;][vc_single_image image=\u00a0\u00bb5219&Prime; img_size=\u00a0\u00bblarge\u00a0\u00bb][\/vc_column][vc_column width=\u00a0\u00bb1\/2&Prime;][vc_column_text]<\/p>\n<h6><strong>Tissus et entretien<\/strong><\/h6>\n<ul>\n<li><em>Composition du tissu : 50% lin, 50% coton<br \/>\n<\/em><em>\u00a0<\/em><\/li>\n<\/ul>\n<p><strong>Le lin<\/strong> est la plus ancienne fibre v\u00e9g\u00e9tale utilis\u00e9e par l\u2019\u00eatre humain pour tisser et a constitu\u00e9 pendant des si\u00e8cles l\u2019un des piliers de l\u2019\u00e9conomie du Pays Basque. Le lin \u00e9tait cultiv\u00e9 dans de nombreuses fermes de notre pays et servait \u00e0 confectionner tous les v\u00eatements et le linge de maison.<\/p>\n<p>Le lin est l\u2019un des tissus les plus durables, car il requiert tr\u00e8s peu d\u2019eau et d\u2019espace. Ses fibres ont le pouvoir d\u2019absorber la chaleur et l\u2019humidit\u00e9 et d\u2019\u00e9vaporer l\u2019eau tr\u00e8s rapidement, ce qui explique pourquoi ce tissu est si frais.<\/p>\n<p><strong>Entretien\u00a0:<\/strong> Repassez votre v\u00eatement \u00e0 la vapeur pour \u00e9liminer les plis et froissements dus \u00e0 l\u2019utilisation. Il est conseill\u00e9 de ne pas laver trop souvent votre v\u00eatement, seulement si c\u2019est vraiment n\u00e9cessaire. Lavez-le \u00e0 sec une fois la saison termin\u00e9e et rangez-le, de pr\u00e9f\u00e9rence sur un cintre, dans un endroit sec et ventil\u00e9, \u00e0 l\u2019abri de la lumi\u00e8re directe du soleil, jusqu\u2019\u00e0 l\u2019ann\u00e9e suivante.[\/vc_column_text][\/vc_column][\/vc_row][vc_row][vc_column width=\u00a0\u00bb1\/2&Prime;][vc_column_text]<\/p>\n<h6><strong>Tra\u00e7abilit\u00e9 et D\u00e9veloppement durable<\/strong><\/h6>\n<p>Le tissu a \u00e9t\u00e9 r\u00e9alis\u00e9 par <strong>Tissage Moutet<\/strong>, une maison qui depuis 1919 d\u00e9veloppe un savoir-faire pour tisser <strong>le v\u00e9ritable linge basque.<\/strong> Historiquement, le linge basque est un linge en lin \u00e0 7 bandes unies dont on recouvrait le dos des b\u0153ufs pendant le travail aux champs. Avec le temps, la maison Moutet a aussi modernis\u00e9 ce tissu, que nous avons utilis\u00e9 pour cette collection<\/p>\n<p>Ce v\u00eatement a \u00e9t\u00e9 confectionn\u00e9 avec amour et <strong>suivant des m\u00e9thodes artisanales<\/strong> par des tailleurs et des couturi\u00e8res de Guip\u00fazcoa (Pays Basque).<\/p>\n<p>Certains des mod\u00e8les ne sont <strong>produits que sur commande<\/strong> afin d\u2019\u00e9viter la surproduction et de gaspiller le tissu. Ce proc\u00e9d\u00e9 re\u00e7oit le nom de <strong>#SlowFashion<\/strong> ou \u00ab mode lente \u00bb.[\/vc_column_text][\/vc_column][vc_column width=\u00a0\u00bb1\/2&Prime;][vc_single_image image=\u00a0\u00bb6405&Prime; img_size=\u00a0\u00bblarge\u00a0\u00bb][\/vc_column][\/vc_row][vc_row][vc_column][vc_raw_html]PGRpdiBjbGFzcz0iY29udGFpbmVyLXRhY2t0aWwiIHN0eWxlPSJwb3NpdGlvbjogcmVsYXRpdmU7IG92ZXJmbG93OiBoaWRkZW47IHdpZHRoOiAxMDAlOyBwYWRkaW5nLXRvcDogNTYuMjUlOyI+PGlmcmFtZSBjbGFzcz0iaWZyYW1lLXRhY2t0aWwiIHN0eWxlPSJwb3NpdGlvbjogYWJzb2x1dGU7IHRvcDogMDsgbGVmdDogMDsgYm90dG9tOiAwOyByaWdodDogMDsgd2lkdGg6IDEwMCU7IGhlaWdodDogMTAwJTsgYm9yZGVyOiAwOyIgdGl0bGU9IjEyX2thaWtvdXRpbC1qYXVuZSIgc3JjPSJodHRwczovL3d3dy50YWNrdGlsLmNvbS9lcy92aXNvci9leUowZVhBaU9pSktWMVFpTENKaGJHY2lPaUpJVXpJMU5pSjkuZXlKbGVHbGtJam95TnpkOS5nUFpCLXczUVFkN2JDZnRKT1gyRzVjbEtSX2htaG5vRi1VM2l3WEp1ZHZBIiBmcmFtZWJvcmRlcj0iMCIgc2Nyb2xsaW5nPSJubyIgYWxsb3dmdWxsc2NyZWVuPSJhbGxvd2Z1bGxzY3JlZW4iPjwvaWZyYW1lPjwvZGl2Pg==[\/vc_raw_html][\/vc_column][\/vc_row]<\/p>\n<\/div>","protected":false},"excerpt":{"rendered":"<p>Veste kaiku en drap de lin, \u00e0 l\u2019air moderne et original.\u00a0 Coupe droite et manches trois-quart. \u00a0La veste est d\u00e9cor\u00e9e de bandes de coton \u00e0 l\u2019int\u00e9rieur et \u00e0 l\u2019ext\u00e9rieur. L\u2019imprim\u00e9 \u00e0 rayures est originaire du Pays Basque fran\u00e7ais.<\/p>\n<p>Confectionn\u00e9e avec amour au Pays Basque.<\/p>\n<p style=\"font-size: 11px;\">* Marta mesure 1,66 m et porte une taille M. Si vous voulez un taille sp\u00e9ciale, <a href=\"https:\/\/amarenak.com\/fr\/prendre-rdv\/\">\u00e9crivez-nous<\/a>.<\/p>\n<p><a href=\"https:\/\/www.tacktil.com\/es\/visor\/eyJ0eXAiOiJKV1QiLCJhbGciOiJIUzI1NiJ9.eyJleGlkIjoyNzd9.gPZB-w3QQd7bCftJOX2G5clKR_hmhnoF-U3iwXJudvA\" target=\"_blank\" rel=\"noopener\"><img loading=\"lazy\" decoding=\"async\" class=\"alignnone size-full wp-image-9082\" src=\"https:\/\/amarenak.com\/wp-content\/uploads\/2021\/04\/icons8-360-view-50-1.png\" alt=\"\" width=\"50\" height=\"50\" \/><\/a><\/p>\n","protected":false},"featured_media":3979,"comment_status":"closed","ping_status":"closed","template":"","meta":{"_joinchat":[]},"product_brand":[],"product_cat":[329,565,331,330,359,1315],"product_tag":[],"class_list":{"0":"post-5488","1":"product","2":"type-product","3":"status-publish","4":"has-post-thumbnail","6":"product_cat-toutes","7":"product_cat-printemps-ete","8":"product_cat-femme","9":"product_cat-kaiku-fr","10":"product_cat-kaikoutil-fr","11":"product_cat-dernieres-unites","13":"first","14":"instock","15":"taxable","16":"shipping-taxable","17":"purchasable","18":"product-type-variable"},"aioseo_notices":[],"jetpack_sharing_enabled":true,"_links":{"self":[{"href":"https:\/\/amarenak.com\/blog\/fr\/wp-json\/wp\/v2\/product\/5488","targetHints":{"allow":["GET"]}}],"collection":[{"href":"https:\/\/amarenak.com\/blog\/fr\/wp-json\/wp\/v2\/product"}],"about":[{"href":"https:\/\/amarenak.com\/blog\/fr\/wp-json\/wp\/v2\/types\/product"}],"replies":[{"embeddable":true,"href":"https:\/\/amarenak.com\/blog\/fr\/wp-json\/wp\/v2\/comments?post=5488"}],"wp:featuredmedia":[{"embeddable":true,"href":"https:\/\/amarenak.com\/blog\/fr\/wp-json\/wp\/v2\/media\/3979"}],"wp:attachment":[{"href":"https:\/\/amarenak.com\/blog\/fr\/wp-json\/wp\/v2\/media?parent=5488"}],"wp:term":[{"taxonomy":"product_brand","embeddable":true,"href":"https:\/\/amarenak.com\/blog\/fr\/wp-json\/wp\/v2\/product_brand?post=5488"},{"taxonomy":"product_cat","embeddable":true,"href":"https:\/\/amarenak.com\/blog\/fr\/wp-json\/wp\/v2\/product_cat?post=5488"},{"taxonomy":"product_tag","embeddable":true,"href":"https:\/\/amarenak.com\/blog\/fr\/wp-json\/wp\/v2\/product_tag?post=5488"}],"curies":[{"name":"wp","href":"https:\/\/api.w.org\/{rel}","templated":true}]}}

<div class="wpb-content-wrapper"><p>[vc_row][vc_column width= »1/2&Prime;][vc_column_text]</p>
<h6><strong><em>L’Histoire</em></strong></h6>
<p>Le <em>kaiku</em> ou <em>lekeitiarra</em> est <strong>une veste traditionnelle du Pays Basque, qui habillait autrefois <em>les arrantzaleak</em>, les pêcheurs</strong> de la baie de Biscaye. Il était fabriqué en drap de laine très épais pour protéger parfaitement du vent et des bourrasques du nord.</p>
<p>Durant les années 1920, une nouvelle version plus urbaine est apparue, que les <em>amonak</em> (nos grand-mères) démocratisèrent en le faisant porter à leurs enfants et petits-enfants. C&rsquo;est ainsi que <strong>le <em>kaiku</em> est rapidement devenu la veste préférée des Basques.</strong> Aujourd’hui, cette veste a quasiment disparu.[/vc_column_text][/vc_column][vc_column width= »1/2&Prime;][vc_single_image image= »5776&Prime; img_size= »large »][/vc_column][/vc_row][vc_row][vc_column width= »1/2&Prime;][vc_single_image image= »5219&Prime; img_size= »large »][/vc_column][vc_column width= »1/2&Prime;][vc_column_text]</p>
<h6><strong>Tissus et entretien</strong></h6>
<ul>
<li><em>Composition du tissu : 50% lin, 50% coton<br />
</em><em> </em></li>
</ul>
<p><strong>Le lin</strong> est la plus ancienne fibre végétale utilisée par l’être humain pour tisser et a constitué pendant des siècles l’un des piliers de l’économie du Pays Basque. Le lin était cultivé dans de nombreuses fermes de notre pays et servait à confectionner tous les vêtements et le linge de maison.</p>
<p>Le lin est l’un des tissus les plus durables, car il requiert très peu d’eau et d’espace. Ses fibres ont le pouvoir d’absorber la chaleur et l’humidité et d’évaporer l’eau très rapidement, ce qui explique pourquoi ce tissu est si frais.</p>
<p><strong>Entretien :</strong> Repassez votre vêtement à la vapeur pour éliminer les plis et froissements dus à l’utilisation. Il est conseillé de ne pas laver trop souvent votre vêtement, seulement si c’est vraiment nécessaire. Lavez-le à sec une fois la saison terminée et rangez-le, de préférence sur un cintre, dans un endroit sec et ventilé, à l’abri de la lumière directe du soleil, jusqu’à l’année suivante.[/vc_column_text][/vc_column][/vc_row][vc_row][vc_column width= »1/2&Prime;][vc_column_text]</p>
<h6><strong>Traçabilité et Développement durable</strong></h6>
<p>Le tissu a été réalisé par <strong>Tissage Moutet</strong>, une maison qui depuis 1919 développe un savoir-faire pour tisser <strong>le véritable linge basque.</strong> Historiquement, le linge basque est un linge en lin à 7 bandes unies dont on recouvrait le dos des bœufs pendant le travail aux champs. Avec le temps, la maison Moutet a aussi modernisé ce tissu, que nous avons utilisé pour cette collection</p>
<p>Ce vêtement a été confectionné avec amour et <strong>suivant des méthodes artisanales</strong> par des tailleurs et des couturières de Guipúzcoa (Pays Basque).</p>
<p>Certains des modèles ne sont <strong>produits que sur commande</strong> afin d’éviter la surproduction et de gaspiller le tissu. Ce procédé reçoit le nom de <strong>#SlowFashion</strong> ou « mode lente ».[/vc_column_text][/vc_column][vc_column width= »1/2&Prime;][vc_single_image image= »6405&Prime; img_size= »large »][/vc_column][/vc_row][vc_row][vc_column][vc_raw_html]PGRpdiBjbGFzcz0iY29udGFpbmVyLXRhY2t0aWwiIHN0eWxlPSJwb3NpdGlvbjogcmVsYXRpdmU7IG92ZXJmbG93OiBoaWRkZW47IHdpZHRoOiAxMDAlOyBwYWRkaW5nLXRvcDogNTYuMjUlOyI+PGlmcmFtZSBjbGFzcz0iaWZyYW1lLXRhY2t0aWwiIHN0eWxlPSJwb3NpdGlvbjogYWJzb2x1dGU7IHRvcDogMDsgbGVmdDogMDsgYm90dG9tOiAwOyByaWdodDogMDsgd2lkdGg6IDEwMCU7IGhlaWdodDogMTAwJTsgYm9yZGVyOiAwOyIgdGl0bGU9IjEyX2thaWtvdXRpbC1qYXVuZSIgc3JjPSJodHRwczovL3d3dy50YWNrdGlsLmNvbS9lcy92aXNvci9leUowZVhBaU9pSktWMVFpTENKaGJHY2lPaUpJVXpJMU5pSjkuZXlKbGVHbGtJam95TnpkOS5nUFpCLXczUVFkN2JDZnRKT1gyRzVjbEtSX2htaG5vRi1VM2l3WEp1ZHZBIiBmcmFtZWJvcmRlcj0iMCIgc2Nyb2xsaW5nPSJubyIgYWxsb3dmdWxsc2NyZWVuPSJhbGxvd2Z1bGxzY3JlZW4iPjwvaWZyYW1lPjwvZGl2Pg==[/vc_raw_html][/vc_column][/vc_row]</p>
</div>

<p>Veste kaiku en drap de lin, à l’air moderne et original.  Coupe droite et manches trois-quart.  La veste est décorée de bandes de coton à l’intérieur et à l’extérieur. L’imprimé à rayures est originaire du Pays Basque français.</p>
<p>Confectionnée avec amour au Pays Basque.</p>
<p style="font-size: 11px;">* Marta mesure 1,66 m et porte une taille M. Si vous voulez un taille spéciale, <a href="https://amarenak.com/fr/prendre-rdv/">écrivez-nous</a>.</p>
<p><a href="https://www.tacktil.com/es/visor/eyJ0eXAiOiJKV1QiLCJhbGciOiJIUzI1NiJ9.eyJleGlkIjoyNzd9.gPZB-w3QQd7bCftJOX2G5clKR_hmhnoF-U3iwXJudvA" target="_blank" rel="noopener"><img loading="lazy" decoding="async" class="alignnone size-full wp-image-9082" src="https://amarenak.com/wp-content/uploads/2021/04/icons8-360-view-50-1.png" alt="" width="50" height="50" /></a></p>
