{"id":20282,"date":"2024-11-05T00:01:29","date_gmt":"2024-11-04T23:01:29","guid":{"rendered":"https:\/\/amarenak.com\/product\/kaiku-iturri-enea-marinela\/"},"modified":"2024-11-05T12:54:39","modified_gmt":"2024-11-05T11:54:39","slug":"kaiku-iturri-enea-marinela","status":"publish","type":"product","link":"https:\/\/amarenak.com\/blog\/fr\/producto\/toutes\/kaiku-iturri-enea-marinela\/","title":{"rendered":"KAIKU ITURRI ENEA MARINELA"},"content":{"rendered":"<div class=\"wpb-content-wrapper\"><p>[vc_row][vc_column width=\u00a0\u00bb1\/2&Prime;][vc_column_text]<\/p>\n<h6><strong><em>L\u2019Histoire<\/em><\/strong><\/h6>\n<p>Le <em>kaiku<\/em> ou <em>lekeitiarra<\/em> est <strong>une veste traditionnelle du Pays Basque, qui habillait autrefois <em>les arrantzaleak<\/em>, les p\u00eacheurs<\/strong> de la baie de Biscaye. Il \u00e9tait fabriqu\u00e9 en drap de laine tr\u00e8s \u00e9pais pour prot\u00e9ger parfaitement du vent et des bourrasques du nord.<\/p>\n<p>Durant les ann\u00e9es 1920, une nouvelle version plus urbaine est apparue, que les <em>amonak<\/em> (nos grand-m\u00e8res) d\u00e9mocratis\u00e8rent en le faisant porter \u00e0 leurs enfants et petits-enfants. C&rsquo;est ainsi que <strong>le <em>kaiku<\/em> est rapidement devenu la veste pr\u00e9f\u00e9r\u00e9e des Basques.<\/strong> Aujourd\u2019hui, cette veste a quasiment disparu.[\/vc_column_text][\/vc_column][vc_column width=\u00a0\u00bb1\/2&Prime;][vc_single_image image=\u00a0\u00bb5776&Prime; img_size=\u00a0\u00bblarge\u00a0\u00bb][\/vc_column][\/vc_row][vc_row][vc_column width=\u00a0\u00bb1\/2&Prime;][vc_single_image image=\u00a0\u00bb5961&Prime; img_size=\u00a0\u00bblarge\u00a0\u00bb][\/vc_column][vc_column width=\u00a0\u00bb1\/2&Prime;][vc_column_text]<\/p>\n<h6><strong>Tissus et entretien<\/strong><\/h6>\n<ul>\n<li><em><em>Composition du tissu : 100 % laine m\u00e9rinos<\/em><\/em><\/li>\n<li><em><em>Composition du tissu : 100% coton<\/em><\/em><em>\u00a0<\/em><\/li>\n<\/ul>\n<p><strong>La laine <\/strong>est un des tissus naturels les plus incroyables qui existent. Biod\u00e9gradable et durable. Elle est g\u00e9n\u00e9ralement obtenue des brebis, qu\u2019elle maintient au chaud l\u2019hiver. Ses propri\u00e9t\u00e9s sont spectaculaires, surtout pour les habits d\u2019ext\u00e9rieur, car elle r\u00e9gule naturellement la temp\u00e9rature en vous maintenant sec et au chaud l\u2019hiver, absorbe l\u2019humidit\u00e9 et est r\u00e9sistante aux odeurs, \u00e0 la moisissure et aux taches.<\/p>\n<p><strong>Dans le secteur de la laine, la laine m\u00e9rinos<\/strong> est aussi consid\u00e9r\u00e9e comme l\u2019une des meilleures \u00e0 cause de sa finesse et de sa douceur. Pour sa transformation en drap, le tissu est soumis \u00e0 une s\u00e9rie de processus m\u00e9caniques qui compactent la laine, la rendant pratiquement imperm\u00e9able \u00e0 l\u2019eau et herm\u00e9tique au vent.<\/p>\n<p><strong>Le coton<\/strong> est le tissu v\u00e9g\u00e9tal le plus r\u00e9pandu. Cela est d\u00fb \u00e0 ses nombreuses propri\u00e9t\u00e9s. C&rsquo;est une fibre tr\u00e8s respirante qui absorbe l&rsquo;humidit\u00e9 et la sueur. Les tissus en coton sont \u00e9galement tr\u00e8s doux, durables et agr\u00e9ables au toucher.<\/p>\n<p><strong>Entretien\u00a0:<\/strong> Il est conseill\u00e9 de ne pas laver trop souvent votre v\u00eatement, seulement si c\u2019est vraiment n\u00e9cessaire. Lavez-le \u00e0 sec une fois la saison termin\u00e9e et rangez-le, de pr\u00e9f\u00e9rence sur un cintre, dans un endroit sec et ventil\u00e9, \u00e0 l\u2019abri de la lumi\u00e8re directe du soleil, jusqu\u2019\u00e0 l\u2019ann\u00e9e suivante.[\/vc_column_text][\/vc_column][\/vc_row][vc_row][vc_column width=\u00a0\u00bb1\/2&Prime;][vc_column_text]<\/p>\n<h6><strong>Tra\u00e7abilit\u00e9 et D\u00e9veloppement durable<\/strong><\/h6>\n<p>Le drap de laine de ce v\u00eatement <strong>a \u00e9t\u00e9 fil\u00e9 et tiss\u00e9 dans un village du L\u00e9on<\/strong>, par une des rares entreprises qui subsistent encore en Espagne. La laine provient de troupeaux de Palencia et d\u2019Estr\u00e9madure, o\u00f9 les droits des animaux sont respect\u00e9s.<\/p>\n<p>Le tissu color\u00e9 imprim\u00e9 en bloc provient d&rsquo;Inde, de l&rsquo;un des fournisseurs soigneusement s\u00e9lectionn\u00e9s avec lesquels Iturri enea travaille, qu&rsquo;ils connaissent personnellement et visitent chaque ann\u00e9e. L&rsquo;impression \u00e0 la planche est une technique ancestrale et artisanale qui consiste \u00e0 imprimer le tissu \u00e0 la main \u00e0 l&rsquo;aide de diff\u00e9rents tampons en bois. C&rsquo;est pourquoi les impressions pr\u00e9sentent souvent des irr\u00e9gularit\u00e9s qui les rendent encore plus uniques et sp\u00e9ciales.<\/p>\n<p>Ce v\u00eatement a \u00e9t\u00e9 <strong>confectionn\u00e9<\/strong> avec amour dans l&rsquo;un de nos ateliers de <strong>Trapaga (Pays basque)<\/strong>.<\/p>\n<p>Les autres <strong>\u00e9l\u00e9ments et garnitures<\/strong> que nous avons utilis\u00e9s pour ce v\u00eatement sont <strong>\u00e9galement d&rsquo;origine locale<\/strong> (Union europ\u00e9enne).[\/vc_column_text][\/vc_column][vc_column width=\u00a0\u00bb1\/2&Prime;][vc_single_image image=\u00a0\u00bb5965&Prime; img_size=\u00a0\u00bblarge\u00a0\u00bb][\/vc_column][\/vc_row][vc_row][vc_column][vc_raw_html]PGRpdiBjbGFzcz0iY29udGFpbmVyLXRhY2t0aWwiIHN0eWxlPSJwb3NpdGlvbjogcmVsYXRpdmU7IG92ZXJmbG93OiBoaWRkZW47IHdpZHRoOiAxMDAlOyBwYWRkaW5nLXRvcDogNTYuMjUlOyI+PGlmcmFtZSBjbGFzcz0iaWZyYW1lLXRhY2t0aWwiIHN0eWxlPSJwb3NpdGlvbjogYWJzb2x1dGU7IHRvcDogMDsgbGVmdDogMDsgYm90dG9tOiAwOyByaWdodDogMDsgd2lkdGg6IDEwMCU7IGhlaWdodDogMTAwJTsgYm9yZGVyOiAwOyIgdGl0bGU9IjAxX2thaWt1LWx1emUtaG9kZWkiIHNyYz0iaHR0cHM6Ly93d3cudGFja3RpbC5jb20vZXMvdmlzb3IvZXlKMGVYQWlPaUpLVjFRaUxDSmhiR2NpT2lKSVV6STFOaUo5LmV5SmxlR2xrSWpveU5EWjkuQklGOFNZRDg3MEhwYks3RVIxOXFELU5VemZEUmpNTDctdkV0aWdtUVlqdyIgZnJhbWVib3JkZXI9IjAiIHNjcm9sbGluZz0ibm8iIGFsbG93ZnVsbHNjcmVlbj0iYWxsb3dmdWxsc2NyZWVuIj48L2lmcmFtZT48L2Rpdj4=[\/vc_raw_html][\/vc_column][\/vc_row]<\/p>\n<\/div>","protected":false},"excerpt":{"rendered":"<p>C&rsquo;est avec beaucoup d&rsquo;affection et d&rsquo;enthousiasme que nous vous pr\u00e9sentons la veste d&rsquo;hiver Kaiku, fruit de la <strong>collaboration Amarenak x Iturri enea<\/strong>, un v\u00eatement qui fusionne le meilleur des deux mondes.<\/p>\n<p>Fabriqu\u00e9e en <strong>laine m\u00e9rinos<\/strong> intemporelle, cette <strong>veste d&rsquo;hiver kaiku<\/strong> a une touche fra\u00eeche et moderne, une coupe droite et une subtile fente dans le dos pour une touche sp\u00e9ciale. Le coton uni et les d\u00e9tails \u00e0 carreaux vichy ajoutent la petite touche de fun qui la distingue.<\/p>\n<p>Mais la magie ne s&rsquo;arr\u00eate pas l\u00e0. Cette <strong>\u00e9dition sp\u00e9ciale est r\u00e9versible<\/strong>, et \u00e0 l&rsquo;int\u00e9rieur se cache une <strong>doublure florale exclusive<\/strong> qui ne pouvait na\u00eetre que de cette collaboration avec Iturri enea. Amoureux du diff\u00e9rent et de l&rsquo;extraordinaire, il nous invite \u00e0 appr\u00e9cier l&rsquo;art et la cr\u00e9ativit\u00e9 au quotidien.<\/p>\n<p>Cette veste est un clin d&rsquo;\u0153il \u00e0 l&rsquo;unique et au surprenant, une pi\u00e8ce qui t\u00e9moigne de l&rsquo;amour du d\u00e9tail et du style. <strong>Fabriqu\u00e9e avec amour au Pays Basque<\/strong>, c&rsquo;est une \u00e9dition qui vous fera sentir sp\u00e9cial \u00e0 chaque fois que vous la porterez. Venez vivre l&rsquo;exp\u00e9rience Amarenak x Iturri Enea !<\/p>\n<p>Il s&rsquo;agit d&rsquo;une collection tr\u00e8s limit\u00e9e (il n&rsquo;y a que<strong> 12 unit\u00e9s<\/strong>), c&rsquo;est pourquoi nous les ferons <strong>sous r\u00e9servation.<\/strong> Les commandes ne pourront \u00eatre pass\u00e9es que du<strong> 5 (00:01) au 10 (23:59) novembre.<\/strong> Nous garantissons ainsi que ceux d&rsquo;entre vous qui les veulent pourront obtenir leur taille.<\/p>\n<p><strong>La livraison sera effectu\u00e9e avant le 24 d\u00e9cembre<\/strong>, juste \u00e0 temps pour faire un cadeau sp\u00e9cial \u00e0 No\u00ebl. Apr\u00e8s cette date, les v\u00eatements restants seront disponibles dans nos boutiques physiques et en ligne.<\/p>\n<p>Si, pour une raison quelconque, <strong>nous ne sommes pas en mesure de produire ce mod\u00e8le<\/strong>, <strong>le montant total sera rembours\u00e9.<\/strong><\/p>\n<p><a href=\"https:\/\/www.tacktil.com\/es\/visor\/eyJ0eXAiOiJKV1QiLCJhbGciOiJIUzI1NiJ9.eyJleGlkIjoyNDZ9.BIF8SYD870HpbK7ER19qD-NUzfDRjML7-vEtigmQYjw\" target=\"_blank\" rel=\"noopener\"><img loading=\"lazy\" decoding=\"async\" class=\"alignnone size-full wp-image-9082\" src=\"https:\/\/amarenak.com\/wp-content\/uploads\/2021\/04\/icons8-360-view-50-1.png\" alt=\"\" width=\"50\" height=\"50\" \/><\/a><\/p>\n<p>&nbsp;<\/p>\n","protected":false},"featured_media":20220,"comment_status":"open","ping_status":"closed","template":"","meta":{"_joinchat":[]},"product_brand":[],"product_cat":[329,569,331,330,1441],"product_tag":[837,729,730,834,852,844,846,1440,731,851,951,732,949,847,946],"class_list":{"0":"post-20282","1":"product","2":"type-product","3":"status-publish","4":"has-post-thumbnail","6":"product_cat-toutes","7":"product_cat-automne-hiver","8":"product_cat-femme","9":"product_cat-kaiku-fr","10":"product_cat-iturri-enea-fr","11":"product_tag-actualise","12":"product_tag-amarenak-fr","13":"product_tag-coleccion-otono-invierno-fr","14":"product_tag-coton","15":"product_tag-exclusif","16":"product_tag-femme","17":"product_tag-floraux","18":"product_tag-iturrienea-fr","19":"product_tag-kaiku-fr","20":"product_tag-limite","21":"product_tag-manteau","22":"product_tag-moda-vasca-fr","23":"product_tag-mode-locale","24":"product_tag-pays-basque","25":"product_tag-veste","27":"first","28":"outofstock","29":"taxable","30":"shipping-taxable","31":"purchasable","32":"product-type-variable"},"aioseo_notices":[],"jetpack_sharing_enabled":true,"_links":{"self":[{"href":"https:\/\/amarenak.com\/blog\/fr\/wp-json\/wp\/v2\/product\/20282","targetHints":{"allow":["GET"]}}],"collection":[{"href":"https:\/\/amarenak.com\/blog\/fr\/wp-json\/wp\/v2\/product"}],"about":[{"href":"https:\/\/amarenak.com\/blog\/fr\/wp-json\/wp\/v2\/types\/product"}],"replies":[{"embeddable":true,"href":"https:\/\/amarenak.com\/blog\/fr\/wp-json\/wp\/v2\/comments?post=20282"}],"wp:featuredmedia":[{"embeddable":true,"href":"https:\/\/amarenak.com\/blog\/fr\/wp-json\/wp\/v2\/media\/20220"}],"wp:attachment":[{"href":"https:\/\/amarenak.com\/blog\/fr\/wp-json\/wp\/v2\/media?parent=20282"}],"wp:term":[{"taxonomy":"product_brand","embeddable":true,"href":"https:\/\/amarenak.com\/blog\/fr\/wp-json\/wp\/v2\/product_brand?post=20282"},{"taxonomy":"product_cat","embeddable":true,"href":"https:\/\/amarenak.com\/blog\/fr\/wp-json\/wp\/v2\/product_cat?post=20282"},{"taxonomy":"product_tag","embeddable":true,"href":"https:\/\/amarenak.com\/blog\/fr\/wp-json\/wp\/v2\/product_tag?post=20282"}],"curies":[{"name":"wp","href":"https:\/\/api.w.org\/{rel}","templated":true}]}}

<div class="wpb-content-wrapper"><p>[vc_row][vc_column width= »1/2&Prime;][vc_column_text]</p>
<h6><strong><em>L’Histoire</em></strong></h6>
<p>Le <em>kaiku</em> ou <em>lekeitiarra</em> est <strong>une veste traditionnelle du Pays Basque, qui habillait autrefois <em>les arrantzaleak</em>, les pêcheurs</strong> de la baie de Biscaye. Il était fabriqué en drap de laine très épais pour protéger parfaitement du vent et des bourrasques du nord.</p>
<p>Durant les années 1920, une nouvelle version plus urbaine est apparue, que les <em>amonak</em> (nos grand-mères) démocratisèrent en le faisant porter à leurs enfants et petits-enfants. C&rsquo;est ainsi que <strong>le <em>kaiku</em> est rapidement devenu la veste préférée des Basques.</strong> Aujourd’hui, cette veste a quasiment disparu.[/vc_column_text][/vc_column][vc_column width= »1/2&Prime;][vc_single_image image= »5776&Prime; img_size= »large »][/vc_column][/vc_row][vc_row][vc_column width= »1/2&Prime;][vc_single_image image= »5961&Prime; img_size= »large »][/vc_column][vc_column width= »1/2&Prime;][vc_column_text]</p>
<h6><strong>Tissus et entretien</strong></h6>
<ul>
<li><em><em>Composition du tissu : 100 % laine mérinos</em></em></li>
<li><em><em>Composition du tissu : 100% coton</em></em><em> </em></li>
</ul>
<p><strong>La laine </strong>est un des tissus naturels les plus incroyables qui existent. Biodégradable et durable. Elle est généralement obtenue des brebis, qu’elle maintient au chaud l’hiver. Ses propriétés sont spectaculaires, surtout pour les habits d’extérieur, car elle régule naturellement la température en vous maintenant sec et au chaud l’hiver, absorbe l’humidité et est résistante aux odeurs, à la moisissure et aux taches.</p>
<p><strong>Dans le secteur de la laine, la laine mérinos</strong> est aussi considérée comme l’une des meilleures à cause de sa finesse et de sa douceur. Pour sa transformation en drap, le tissu est soumis à une série de processus mécaniques qui compactent la laine, la rendant pratiquement imperméable à l’eau et hermétique au vent.</p>
<p><strong>Le coton</strong> est le tissu végétal le plus répandu. Cela est dû à ses nombreuses propriétés. C&rsquo;est une fibre très respirante qui absorbe l&rsquo;humidité et la sueur. Les tissus en coton sont également très doux, durables et agréables au toucher.</p>
<p><strong>Entretien :</strong> Il est conseillé de ne pas laver trop souvent votre vêtement, seulement si c’est vraiment nécessaire. Lavez-le à sec une fois la saison terminée et rangez-le, de préférence sur un cintre, dans un endroit sec et ventilé, à l’abri de la lumière directe du soleil, jusqu’à l’année suivante.[/vc_column_text][/vc_column][/vc_row][vc_row][vc_column width= »1/2&Prime;][vc_column_text]</p>
<h6><strong>Traçabilité et Développement durable</strong></h6>
<p>Le drap de laine de ce vêtement <strong>a été filé et tissé dans un village du Léon</strong>, par une des rares entreprises qui subsistent encore en Espagne. La laine provient de troupeaux de Palencia et d’Estrémadure, où les droits des animaux sont respectés.</p>
<p>Le tissu coloré imprimé en bloc provient d&rsquo;Inde, de l&rsquo;un des fournisseurs soigneusement sélectionnés avec lesquels Iturri enea travaille, qu&rsquo;ils connaissent personnellement et visitent chaque année. L&rsquo;impression à la planche est une technique ancestrale et artisanale qui consiste à imprimer le tissu à la main à l&rsquo;aide de différents tampons en bois. C&rsquo;est pourquoi les impressions présentent souvent des irrégularités qui les rendent encore plus uniques et spéciales.</p>
<p>Ce vêtement a été <strong>confectionné</strong> avec amour dans l&rsquo;un de nos ateliers de <strong>Trapaga (Pays basque)</strong>.</p>
<p>Les autres <strong>éléments et garnitures</strong> que nous avons utilisés pour ce vêtement sont <strong>également d&rsquo;origine locale</strong> (Union européenne).[/vc_column_text][/vc_column][vc_column width= »1/2&Prime;][vc_single_image image= »5965&Prime; img_size= »large »][/vc_column][/vc_row][vc_row][vc_column][vc_raw_html]PGRpdiBjbGFzcz0iY29udGFpbmVyLXRhY2t0aWwiIHN0eWxlPSJwb3NpdGlvbjogcmVsYXRpdmU7IG92ZXJmbG93OiBoaWRkZW47IHdpZHRoOiAxMDAlOyBwYWRkaW5nLXRvcDogNTYuMjUlOyI+PGlmcmFtZSBjbGFzcz0iaWZyYW1lLXRhY2t0aWwiIHN0eWxlPSJwb3NpdGlvbjogYWJzb2x1dGU7IHRvcDogMDsgbGVmdDogMDsgYm90dG9tOiAwOyByaWdodDogMDsgd2lkdGg6IDEwMCU7IGhlaWdodDogMTAwJTsgYm9yZGVyOiAwOyIgdGl0bGU9IjAxX2thaWt1LWx1emUtaG9kZWkiIHNyYz0iaHR0cHM6Ly93d3cudGFja3RpbC5jb20vZXMvdmlzb3IvZXlKMGVYQWlPaUpLVjFRaUxDSmhiR2NpT2lKSVV6STFOaUo5LmV5SmxlR2xrSWpveU5EWjkuQklGOFNZRDg3MEhwYks3RVIxOXFELU5VemZEUmpNTDctdkV0aWdtUVlqdyIgZnJhbWVib3JkZXI9IjAiIHNjcm9sbGluZz0ibm8iIGFsbG93ZnVsbHNjcmVlbj0iYWxsb3dmdWxsc2NyZWVuIj48L2lmcmFtZT48L2Rpdj4=[/vc_raw_html][/vc_column][/vc_row]</p>
</div>

<p>C&rsquo;est avec beaucoup d&rsquo;affection et d&rsquo;enthousiasme que nous vous présentons la veste d&rsquo;hiver Kaiku, fruit de la <strong>collaboration Amarenak x Iturri enea</strong>, un vêtement qui fusionne le meilleur des deux mondes.</p>
<p>Fabriquée en <strong>laine mérinos</strong> intemporelle, cette <strong>veste d&rsquo;hiver kaiku</strong> a une touche fraîche et moderne, une coupe droite et une subtile fente dans le dos pour une touche spéciale. Le coton uni et les détails à carreaux vichy ajoutent la petite touche de fun qui la distingue.</p>
<p>Mais la magie ne s&rsquo;arrête pas là. Cette <strong>édition spéciale est réversible</strong>, et à l&rsquo;intérieur se cache une <strong>doublure florale exclusive</strong> qui ne pouvait naître que de cette collaboration avec Iturri enea. Amoureux du différent et de l&rsquo;extraordinaire, il nous invite à apprécier l&rsquo;art et la créativité au quotidien.</p>
<p>Cette veste est un clin d&rsquo;œil à l&rsquo;unique et au surprenant, une pièce qui témoigne de l&rsquo;amour du détail et du style. <strong>Fabriquée avec amour au Pays Basque</strong>, c&rsquo;est une édition qui vous fera sentir spécial à chaque fois que vous la porterez. Venez vivre l&rsquo;expérience Amarenak x Iturri Enea !</p>
<p>Il s&rsquo;agit d&rsquo;une collection très limitée (il n&rsquo;y a que<strong> 12 unités</strong>), c&rsquo;est pourquoi nous les ferons <strong>sous réservation.</strong> Les commandes ne pourront être passées que du<strong> 5 (00:01) au 10 (23:59) novembre.</strong> Nous garantissons ainsi que ceux d&rsquo;entre vous qui les veulent pourront obtenir leur taille.</p>
<p><strong>La livraison sera effectuée avant le 24 décembre</strong>, juste à temps pour faire un cadeau spécial à Noël. Après cette date, les vêtements restants seront disponibles dans nos boutiques physiques et en ligne.</p>
<p>Si, pour une raison quelconque, <strong>nous ne sommes pas en mesure de produire ce modèle</strong>, <strong>le montant total sera remboursé.</strong></p>
<p><a href="https://www.tacktil.com/es/visor/eyJ0eXAiOiJKV1QiLCJhbGciOiJIUzI1NiJ9.eyJleGlkIjoyNDZ9.BIF8SYD870HpbK7ER19qD-NUzfDRjML7-vEtigmQYjw" target="_blank" rel="noopener"><img loading="lazy" decoding="async" class="alignnone size-full wp-image-9082" src="https://amarenak.com/wp-content/uploads/2021/04/icons8-360-view-50-1.png" alt="" width="50" height="50" /></a></p>
<p>&nbsp;</p>
