{"id":11574,"date":"2022-08-17T13:43:22","date_gmt":"2022-08-17T13:43:25","guid":{"rendered":"https:\/\/amarenak.com\/?post_type=product&#038;p=11574"},"modified":"2024-04-10T14:45:44","modified_gmt":"2024-04-10T14:45:44","slug":"elkano-t-shir","status":"publish","type":"product","link":"https:\/\/amarenak.com\/blog\/fr\/producto\/toutes\/elkano-t-shir\/","title":{"rendered":"T-SHIRT ELKANO"},"content":{"rendered":"<div class=\"wpb-content-wrapper\"><p>[vc_row][vc_column width=\u00a0\u00bb1\/2&Prime;][vc_column_text]<\/p>\n<h6>L&rsquo;histoire<\/h6>\n<p>\u00ab\u00a0Primus circumdedisti me\u00a0\u00bb, tu as \u00e9t\u00e9 le premier \u00e0 me contourner. C&rsquo;est ainsi que l&rsquo;on peut lire l&rsquo;inscription sur le blason que l&#8217;empereur Charles V a donn\u00e9 \u00e0 <strong>Juan Sebasti\u00e1n Elkano apr\u00e8s avoir accompli le premier tour du monde<\/strong>. Il reconna\u00eet ainsi l&rsquo;exploit du navigateur basque, arriv\u00e9 \u00e0 Sanl\u00facar de Barrameda le 6 septembre 1522 \u00e0 bord du navire Victoria, trois ans apr\u00e8s avoir pris la mer, le 10 ao\u00fbt 1519.<\/p>\n<p><strong>500 ans plus tard<\/strong>, depuis Amarenak, nous voulons nous souvenir et rendre hommage \u00e0 ce personnage et au reste des marins basques du XVIe si\u00e8cle, en ramenant \u00e0 nos jours et \u00e0 nos armoires certains de ses v\u00eatements.[\/vc_column_text][\/vc_column][vc_column width=\u00a0\u00bb1\/2&Prime;][vc_single_image image=\u00a0\u00bb11246&Prime; img_size=\u00a0\u00bbfull\u00a0\u00bb][\/vc_column][\/vc_row][vc_row][vc_column width=\u00a0\u00bb1\/2&Prime;][vc_single_image image=\u00a0\u00bb11242&Prime; img_size=\u00a0\u00bblarge\u00a0\u00bb][\/vc_column][vc_column width=\u00a0\u00bb1\/2&Prime;][vc_column_text]<\/p>\n<h6><strong>TISSUS ET ENTRETIEN<\/strong><\/h6>\n<ul>\n<li><em>Composition du tissu int\u00e9rieur: 100% polyester recycl\u00e9 GRS<br \/>\n<\/em><\/li>\n<\/ul>\n<p><strong>Le coton<\/strong> est le tissu v\u00e9g\u00e9tal le plus courant. Cela est d\u00fb \u00e0 ses nombreuses propri\u00e9t\u00e9s. C\u2019est une fibre tr\u00e8s respirante, qui absorbe l\u2019humidit\u00e9 et la transpiration. Les tissus en coton sont \u00e9galement tr\u00e8s doux, durables et agr\u00e9ables au toucher.<\/p>\n<p><strong>Entretien:<\/strong>\u00a0Laver en machine \u00e0 30 \u00baC avec des couleurs similaires.[\/vc_column_text][\/vc_column][\/vc_row][vc_row][vc_column width=\u00a0\u00bb1\/2&Prime;][vc_column_text]<\/p>\n<h6>Durabilit\u00e9, tra\u00e7abilit\u00e9 et tissu<\/h6>\n<p>Ce T-shirt a \u00e9t\u00e9 <strong>fabriqu\u00e9 au Bangladesh sous le label Fair Wear<\/strong>, d\u00e9cern\u00e9 par la Fair Wear Foundation ind\u00e9pendante, qui garantit le respect des huit normes fondamentales du travail issues des conventions de l\u2019OIT et de la D\u00e9claration des droits de l\u2019homme des Nations unies.<\/p>\n<p><strong>Le Global Organic Textile Standard (GOTS)<\/strong> est la principale norme mondiale pour le traitement des textiles fabriqu\u00e9s \u00e0 partir de fibres biologiques, qui comprend des crit\u00e8res \u00e9cologiques et sociaux.<\/p>\n<p>L&rsquo;imprim\u00e9 a \u00e9t\u00e9 cr\u00e9\u00e9 par <strong>L\u00ebl\u00eb Prints<\/strong> (Leire Larretxea, San Sebasti\u00e1n), qui se sp\u00e9cialise dans les imprim\u00e9s originaux et accrocheurs, pleins de fleurs et d&rsquo;oiseaux et, surtout, avec une<strong> grande dose de couleurs<\/strong>. Pour ce dessin, elle s&rsquo;est inspir\u00e9e des <strong>fleurs et des dessins botaniques de clous de girofle, de poivre, de cannelle, de gingembre et de noix de muscade<\/strong>, les pr\u00e9cieuses <strong>\u00e9pices recueillies par l&rsquo;exp\u00e9dition Magellan-Elkano dans les \u00eeles Moluques<\/strong>, connues sous le nom d&rsquo;\u00eeles aux \u00e9pices. L&rsquo;impression a \u00e9t\u00e9 r\u00e9alis\u00e9e avec amour \u00e0 Gipuzkoa.[\/vc_column_text][\/vc_column][vc_column width=\u00a0\u00bb1\/2&Prime;][vc_single_image image=\u00a0\u00bb8403&Prime; img_size=\u00a0\u00bbfull\u00a0\u00bb alignment=\u00a0\u00bbcenter\u00a0\u00bb][vc_single_image image=\u00a0\u00bb6129&Prime; img_size=\u00a0\u00bbfull\u00a0\u00bb alignment=\u00a0\u00bbcenter\u00a0\u00bb][vc_single_image image=\u00a0\u00bb8413&Prime; img_size=\u00a0\u00bbfull\u00a0\u00bb alignment=\u00a0\u00bbcenter\u00a0\u00bb][\/vc_column][\/vc_row][vc_row][vc_column][vc_column_text]<\/p>\n<h6>REMERCIEMENTS :<\/h6>\n<p>Cette collection a \u00e9t\u00e9 rendue possible par :[\/vc_column_text][\/vc_column][\/vc_row][vc_row][vc_column width=\u00a0\u00bb1\/2&Prime;][vc_single_image image=\u00a0\u00bb8796&Prime; img_size=\u00a0\u00bbfull\u00a0\u00bb][\/vc_column][vc_column width=\u00a0\u00bb1\/2&Prime;][vc_single_image image=\u00a0\u00bb7658&Prime; img_size=\u00a0\u00bbfull\u00a0\u00bb][\/vc_column][\/vc_row][vc_row][vc_column][vc_column_text]Cette histoire a \u00e9t\u00e9 financ\u00e9e par crowdfunding par toutes ces personnes. Des millions de mercis \u00e0 tous ceux qui nous ont aid\u00e9s \u00e0 faire descendre ces nouvelles #historiasquesellevanpuestas dans les rues :[\/vc_column_text][\/vc_column][\/vc_row][vc_row][vc_column width=\u00a0\u00bb1\/2&Prime;][vc_column_text]<\/p>\n<div class=\"page\" title=\"Page 5\">\n<div class=\"layoutArea\">\n<div class=\"column\">\n<p style=\"margin: 0cm;\"><b><i>Uxue Ortega<\/i><\/b><\/p>\n<p style=\"margin: 0cm;\"><b><i>Nagore Otsoa<\/i><\/b><br \/>\n<b><i>Sof\u00eda Pe\u00f1a<\/i><\/b><br \/>\n<b><i>Ricardo Ulises Larrechea <\/i><\/b><\/p>\n<p style=\"margin: 0cm;\"><b><i>Maia Apaolaza<\/i><\/b><br \/>\n<b><i>ONBIZI<\/i><\/b><br \/>\n<b><i>Mabel Mendiguren<\/i><\/b><br \/>\n<b><i>Ane Urtizberea<\/i><\/b><br \/>\n<b><i>Marta S\u00e1ez<\/i><\/b><br \/>\n<b><i>Lara<\/i><\/b><br \/>\n<b><i>OUA<\/i><\/b><br \/>\n<b><i>Carla Libertad Avenue\u00a0<\/i><\/b><br \/>\n<b><i>Arrate<\/i><\/b><br \/>\n<b><i>Mar\u00edapolite<\/i><\/b><br \/>\n<b><i>Xi Lu Gu<\/i><\/b><br \/>\n<b><i>Mar izquierdo<\/i><\/b><br \/>\n<b><i>Josean Rodriguez<\/i><\/b><br \/>\n<b><i>Be\u00f1at Gereka<\/i><\/b><br \/>\n<b><i>Teresa Fdez. <\/i><\/b><\/p>\n<p style=\"margin: 0cm;\"><b><i>Marina Laura S.<\/i><\/b><br \/>\n<b><i>Lore<\/i><\/b><br \/>\n<b><i>Nagore Otsoa<\/i><\/b><br \/>\n<b><i>Jes\u00fas Lacorte<\/i><\/b><br \/>\n<b><i>Leire Jaime<\/i><\/b><br \/>\n<b><i>Garbi\u00f1e de la Granja <\/i><\/b><\/p>\n<p style=\"margin: 0cm;\"><b><i>Zuri Arte<\/i><\/b><\/p>\n<p style=\"margin: 0cm;\"><strong><i>Bea Arrazola<\/i><\/strong><\/p>\n<p style=\"margin: 0cm;\"><strong><i>Javier Bueno <\/i><\/strong><\/p>\n<p style=\"margin: 0cm;\"><strong><i>Jorge Valiente<\/i><\/strong><\/p>\n<p style=\"margin: 0cm;\"><strong><i>Tamara Morales<\/i><\/strong><\/p>\n<\/div>\n<\/div>\n<\/div>\n<p>[\/vc_column_text][\/vc_column][vc_column width=\u00a0\u00bb1\/2&Prime;][vc_column_text]<\/p>\n<p style=\"margin: 0cm;\"><strong><i>Izadi<\/i><\/strong><br \/>\n<strong><i>Susana L\u00f3pez <\/i><\/strong><\/p>\n<p style=\"margin: 0cm;\"><strong><i>Arzac <\/i><\/strong><\/p>\n<p style=\"margin: 0cm;\"><strong><i>Naiara Pardo<\/i><\/strong><br \/>\n<strong><i>Laura G<\/i><\/strong><br \/>\n<strong><i>Alberto Cubillas Alvarez <\/i><\/strong><\/p>\n<p style=\"margin: 0cm;\"><strong><i>inaki_p_a<\/i><\/strong><br \/>\n<strong><i>Familia Velez<\/i><\/strong><br \/>\n<strong><i>Lourdes Aguirre <\/i><\/strong><\/p>\n<p style=\"margin: 0cm;\"><strong><i>Matxalen MI<\/i><\/strong><br \/>\n<strong><i>Familia Sanz &amp; Larretxea <\/i><\/strong><\/p>\n<p style=\"margin: 0cm;\"><strong><i>Mortzel<\/i><\/strong><br \/>\n<strong><i>Juantxo Bengoetxea <\/i><\/strong><\/p>\n<p style=\"margin: 0cm;\"><strong><i>Ione<\/i><\/strong><br \/>\n<strong><i>Elena Carbajosa <\/i><\/strong><\/p>\n<p style=\"margin: 0cm;\"><strong><i>Jon Alberdi<\/i><\/strong><b><i><br \/>\n<strong>Nuna Arrea<\/strong><\/i><\/b><br \/>\n<strong><i>Oihane L.G.<\/i><\/strong><br \/>\n<strong><i>Maritoni<\/i><\/strong><br \/>\n<strong><i>Nora Alvarez de Eulate San Jose<\/i><\/strong><br \/>\n<strong><i>Agurtzane<\/i><\/strong><br \/>\n<strong><i>Ion Mikel<\/i><\/strong><br \/>\n<strong><i>Pe\u00f1ita 104<\/i><\/strong><br \/>\n<strong><i>Basque Bites<\/i><\/strong><br \/>\n<strong><i>Ness by Esti Garc\u00eda<\/i><\/strong><\/p>\n<p style=\"margin: 0cm;\"><strong><i>Galer\u00eda 8360<\/i><\/strong><br \/>\n<strong><i>Marta Vega<\/i><\/strong><br \/>\n<strong><i>Xabier Aizpuru<\/i><\/strong><br \/>\n<strong><i>Joakin Larretxea<\/i><\/strong><\/p>\n<p>[\/vc_column_text][\/vc_column][\/vc_row]<\/p>\n<\/div>","protected":false},"excerpt":{"rendered":"<p>T-shirt en coton biologique GOTS de couleur blanc cass\u00e9, avec l&rsquo;imprim\u00e9 de la collection ELKANO, cr\u00e9\u00e9 en collaboration avec L\u00ebl\u00eb prints et inspir\u00e9 des \u00e9pices recueillies lors de l&rsquo;exp\u00e9dition Magellan-Elkano (1519-1522). Disponible en mod\u00e8les unisexe et f\u00e9minin.<\/p>\n<p>\u00c9dition limit\u00e9e comm\u00e9morant le 500e anniversaire de la premi\u00e8re course autour du monde.<\/p>\n<p>V\u00eatement imprim\u00e9 num\u00e9riquement \u00e0 Gipuzkoa.<br \/>\nFabriqu\u00e9 au Bangladesh sous le label Fair Wear.<\/p>\n<p>&nbsp;<\/p>\n","protected":false},"featured_media":12466,"comment_status":"closed","ping_status":"closed","template":"","meta":{"_joinchat":{"message_text":"\u00bfTe gusta la historia de {PRODUCT}? Te recordamos que todas nuestras prendas son unidades limitadas y numeradas ;)","message_send":"Kaixo {SITE}!\nMe gustar\u00eda saber m\u00e1s sobre {PRODUCT}? \u00a1Eskerrik asko!"}},"product_brand":[],"product_cat":[329,569,565,331,379,696,1315],"product_tag":[],"class_list":{"0":"post-11574","1":"product","2":"type-product","3":"status-publish","4":"has-post-thumbnail","6":"product_cat-toutes","7":"product_cat-automne-hiver","8":"product_cat-printemps-ete","9":"product_cat-femme","10":"product_cat-homme","11":"product_cat-elkano-fr","12":"product_cat-dernieres-unites","14":"first","15":"instock","16":"taxable","17":"shipping-taxable","18":"purchasable","19":"product-type-variable"},"aioseo_notices":[],"jetpack_sharing_enabled":true,"_links":{"self":[{"href":"https:\/\/amarenak.com\/blog\/fr\/wp-json\/wp\/v2\/product\/11574","targetHints":{"allow":["GET"]}}],"collection":[{"href":"https:\/\/amarenak.com\/blog\/fr\/wp-json\/wp\/v2\/product"}],"about":[{"href":"https:\/\/amarenak.com\/blog\/fr\/wp-json\/wp\/v2\/types\/product"}],"replies":[{"embeddable":true,"href":"https:\/\/amarenak.com\/blog\/fr\/wp-json\/wp\/v2\/comments?post=11574"}],"wp:featuredmedia":[{"embeddable":true,"href":"https:\/\/amarenak.com\/blog\/fr\/wp-json\/wp\/v2\/media\/12466"}],"wp:attachment":[{"href":"https:\/\/amarenak.com\/blog\/fr\/wp-json\/wp\/v2\/media?parent=11574"}],"wp:term":[{"taxonomy":"product_brand","embeddable":true,"href":"https:\/\/amarenak.com\/blog\/fr\/wp-json\/wp\/v2\/product_brand?post=11574"},{"taxonomy":"product_cat","embeddable":true,"href":"https:\/\/amarenak.com\/blog\/fr\/wp-json\/wp\/v2\/product_cat?post=11574"},{"taxonomy":"product_tag","embeddable":true,"href":"https:\/\/amarenak.com\/blog\/fr\/wp-json\/wp\/v2\/product_tag?post=11574"}],"curies":[{"name":"wp","href":"https:\/\/api.w.org\/{rel}","templated":true}]}}

<div class="wpb-content-wrapper"><p>[vc_row][vc_column width= »1/2&Prime;][vc_column_text]</p>
<h6>L&rsquo;histoire</h6>
<p>« Primus circumdedisti me », tu as été le premier à me contourner. C&rsquo;est ainsi que l&rsquo;on peut lire l&rsquo;inscription sur le blason que l&#8217;empereur Charles V a donné à <strong>Juan Sebastián Elkano après avoir accompli le premier tour du monde</strong>. Il reconnaît ainsi l&rsquo;exploit du navigateur basque, arrivé à Sanlúcar de Barrameda le 6 septembre 1522 à bord du navire Victoria, trois ans après avoir pris la mer, le 10 août 1519.</p>
<p><strong>500 ans plus tard</strong>, depuis Amarenak, nous voulons nous souvenir et rendre hommage à ce personnage et au reste des marins basques du XVIe siècle, en ramenant à nos jours et à nos armoires certains de ses vêtements.[/vc_column_text][/vc_column][vc_column width= »1/2&Prime;][vc_single_image image= »11246&Prime; img_size= »full »][/vc_column][/vc_row][vc_row][vc_column width= »1/2&Prime;][vc_single_image image= »11242&Prime; img_size= »large »][/vc_column][vc_column width= »1/2&Prime;][vc_column_text]</p>
<h6><strong>TISSUS ET ENTRETIEN</strong></h6>
<ul>
<li><em>Composition du tissu intérieur: 100% polyester recyclé GRS<br />
</em></li>
</ul>
<p><strong>Le coton</strong> est le tissu végétal le plus courant. Cela est dû à ses nombreuses propriétés. C’est une fibre très respirante, qui absorbe l’humidité et la transpiration. Les tissus en coton sont également très doux, durables et agréables au toucher.</p>
<p><strong>Entretien:</strong> Laver en machine à 30 ºC avec des couleurs similaires.[/vc_column_text][/vc_column][/vc_row][vc_row][vc_column width= »1/2&Prime;][vc_column_text]</p>
<h6>Durabilité, traçabilité et tissu</h6>
<p>Ce T-shirt a été <strong>fabriqué au Bangladesh sous le label Fair Wear</strong>, décerné par la Fair Wear Foundation indépendante, qui garantit le respect des huit normes fondamentales du travail issues des conventions de l’OIT et de la Déclaration des droits de l’homme des Nations unies.</p>
<p><strong>Le Global Organic Textile Standard (GOTS)</strong> est la principale norme mondiale pour le traitement des textiles fabriqués à partir de fibres biologiques, qui comprend des critères écologiques et sociaux.</p>
<p>L&rsquo;imprimé a été créé par <strong>Lëlë Prints</strong> (Leire Larretxea, San Sebastián), qui se spécialise dans les imprimés originaux et accrocheurs, pleins de fleurs et d&rsquo;oiseaux et, surtout, avec une<strong> grande dose de couleurs</strong>. Pour ce dessin, elle s&rsquo;est inspirée des <strong>fleurs et des dessins botaniques de clous de girofle, de poivre, de cannelle, de gingembre et de noix de muscade</strong>, les précieuses <strong>épices recueillies par l&rsquo;expédition Magellan-Elkano dans les îles Moluques</strong>, connues sous le nom d&rsquo;îles aux épices. L&rsquo;impression a été réalisée avec amour à Gipuzkoa.[/vc_column_text][/vc_column][vc_column width= »1/2&Prime;][vc_single_image image= »8403&Prime; img_size= »full » alignment= »center »][vc_single_image image= »6129&Prime; img_size= »full » alignment= »center »][vc_single_image image= »8413&Prime; img_size= »full » alignment= »center »][/vc_column][/vc_row][vc_row][vc_column][vc_column_text]</p>
<h6>REMERCIEMENTS :</h6>
<p>Cette collection a été rendue possible par :[/vc_column_text][/vc_column][/vc_row][vc_row][vc_column width= »1/2&Prime;][vc_single_image image= »8796&Prime; img_size= »full »][/vc_column][vc_column width= »1/2&Prime;][vc_single_image image= »7658&Prime; img_size= »full »][/vc_column][/vc_row][vc_row][vc_column][vc_column_text]Cette histoire a été financée par crowdfunding par toutes ces personnes. Des millions de mercis à tous ceux qui nous ont aidés à faire descendre ces nouvelles #historiasquesellevanpuestas dans les rues :[/vc_column_text][/vc_column][/vc_row][vc_row][vc_column width= »1/2&Prime;][vc_column_text]</p>
<div class="page" title="Page 5">
<div class="layoutArea">
<div class="column">
<p style="margin: 0cm;"><b><i>Uxue Ortega</i></b></p>
<p style="margin: 0cm;"><b><i>Nagore Otsoa</i></b><br />
<b><i>Sofía Peña</i></b><br />
<b><i>Ricardo Ulises Larrechea </i></b></p>
<p style="margin: 0cm;"><b><i>Maia Apaolaza</i></b><br />
<b><i>ONBIZI</i></b><br />
<b><i>Mabel Mendiguren</i></b><br />
<b><i>Ane Urtizberea</i></b><br />
<b><i>Marta Sáez</i></b><br />
<b><i>Lara</i></b><br />
<b><i>OUA</i></b><br />
<b><i>Carla Libertad Avenue </i></b><br />
<b><i>Arrate</i></b><br />
<b><i>Maríapolite</i></b><br />
<b><i>Xi Lu Gu</i></b><br />
<b><i>Mar izquierdo</i></b><br />
<b><i>Josean Rodriguez</i></b><br />
<b><i>Beñat Gereka</i></b><br />
<b><i>Teresa Fdez. </i></b></p>
<p style="margin: 0cm;"><b><i>Marina Laura S.</i></b><br />
<b><i>Lore</i></b><br />
<b><i>Nagore Otsoa</i></b><br />
<b><i>Jesús Lacorte</i></b><br />
<b><i>Leire Jaime</i></b><br />
<b><i>Garbiñe de la Granja </i></b></p>
<p style="margin: 0cm;"><b><i>Zuri Arte</i></b></p>
<p style="margin: 0cm;"><strong><i>Bea Arrazola</i></strong></p>
<p style="margin: 0cm;"><strong><i>Javier Bueno </i></strong></p>
<p style="margin: 0cm;"><strong><i>Jorge Valiente</i></strong></p>
<p style="margin: 0cm;"><strong><i>Tamara Morales</i></strong></p>
</div>
</div>
</div>
<p>[/vc_column_text][/vc_column][vc_column width= »1/2&Prime;][vc_column_text]</p>
<p style="margin: 0cm;"><strong><i>Izadi</i></strong><br />
<strong><i>Susana López </i></strong></p>
<p style="margin: 0cm;"><strong><i>Arzac </i></strong></p>
<p style="margin: 0cm;"><strong><i>Naiara Pardo</i></strong><br />
<strong><i>Laura G</i></strong><br />
<strong><i>Alberto Cubillas Alvarez </i></strong></p>
<p style="margin: 0cm;"><strong><i>inaki_p_a</i></strong><br />
<strong><i>Familia Velez</i></strong><br />
<strong><i>Lourdes Aguirre </i></strong></p>
<p style="margin: 0cm;"><strong><i>Matxalen MI</i></strong><br />
<strong><i>Familia Sanz &amp; Larretxea </i></strong></p>
<p style="margin: 0cm;"><strong><i>Mortzel</i></strong><br />
<strong><i>Juantxo Bengoetxea </i></strong></p>
<p style="margin: 0cm;"><strong><i>Ione</i></strong><br />
<strong><i>Elena Carbajosa </i></strong></p>
<p style="margin: 0cm;"><strong><i>Jon Alberdi</i></strong><b><i><br />
<strong>Nuna Arrea</strong></i></b><br />
<strong><i>Oihane L.G.</i></strong><br />
<strong><i>Maritoni</i></strong><br />
<strong><i>Nora Alvarez de Eulate San Jose</i></strong><br />
<strong><i>Agurtzane</i></strong><br />
<strong><i>Ion Mikel</i></strong><br />
<strong><i>Peñita 104</i></strong><br />
<strong><i>Basque Bites</i></strong><br />
<strong><i>Ness by Esti García</i></strong></p>
<p style="margin: 0cm;"><strong><i>Galería 8360</i></strong><br />
<strong><i>Marta Vega</i></strong><br />
<strong><i>Xabier Aizpuru</i></strong><br />
<strong><i>Joakin Larretxea</i></strong></p>
<p>[/vc_column_text][/vc_column][/vc_row]</p>
</div>

<p>T-shirt en coton biologique GOTS de couleur blanc cassé, avec l&rsquo;imprimé de la collection ELKANO, créé en collaboration avec Lëlë prints et inspiré des épices recueillies lors de l&rsquo;expédition Magellan-Elkano (1519-1522). Disponible en modèles unisexe et féminin.</p>
<p>Édition limitée commémorant le 500e anniversaire de la première course autour du monde.</p>
<p>Vêtement imprimé numériquement à Gipuzkoa.<br />
Fabriqué au Bangladesh sous le label Fair Wear.</p>
<p>&nbsp;</p>

Kaixo {SITE}!
Me gustaría saber más sobre {PRODUCT}? ¡Eskerrik asko!
