{"id":6669,"date":"2020-04-10T17:25:09","date_gmt":"2020-04-10T17:25:09","guid":{"rendered":"https:\/\/amarenak.com\/wp-content\/uploads\/2019\/03\/ARRATIARRA-MARINELA-gorria-Amarenak-historias-que-se-llevan-puestas-janzteko-istorioak-wearable-stories-basque-style-espalda-web.jpg"},"modified":"2022-07-06T14:56:26","modified_gmt":"2022-07-06T14:56:26","slug":"arratiarra-marinela-gorria-amarenak-historias-que-se-llevan-puestas-janzteko-istorioak-wearable-stories-basque-style-espalda-web-2","status":"inherit","type":"attachment","link":"https:\/\/amarenak.com\/blog\/fr\/?attachment_id=6669","title":{"rendered":"Amarenak \u00e9l\u00e9gante veste Basque en drap de laine m\u00e9rinos"},"author":2,"featured_media":0,"comment_status":"open","ping_status":"closed","template":"","meta":[],"class_list":["post-6669","attachment","type-attachment","status-inherit","hentry"],"aioseo_notices":[],"jetpack_sharing_enabled":true,"description":{"rendered":"<p class=\"attachment\"><span class=\"fresco\" data-fresco-group=\"\" href='https:\/\/amarenak.com\/blog\/wp-content\/uploads\/2019\/03\/ARRATIARRA-MARINELA-gorria-Amarenak-historias-que-se-llevan-puestas-janzteko-istorioak-wearable-stories-basque-style-espalda-web.jpg'><img loading=\"lazy\" decoding=\"async\" width=\"200\" height=\"300\" src=\"https:\/\/amarenak.com\/blog\/wp-content\/uploads\/2019\/03\/ARRATIARRA-MARINELA-gorria-Amarenak-historias-que-se-llevan-puestas-janzteko-istorioak-wearable-stories-basque-style-espalda-web-200x300.jpg\" class=\"attachment-medium size-medium\" alt=\"Amarenak \u00e9l\u00e9gante veste Basque en drap de laine m\u00e9rinos\" srcset=\"https:\/\/amarenak.com\/blog\/wp-content\/uploads\/2019\/03\/ARRATIARRA-MARINELA-gorria-Amarenak-historias-que-se-llevan-puestas-janzteko-istorioak-wearable-stories-basque-style-espalda-web-200x300.jpg 200w, https:\/\/amarenak.com\/blog\/wp-content\/uploads\/2019\/03\/ARRATIARRA-MARINELA-gorria-Amarenak-historias-que-se-llevan-puestas-janzteko-istorioak-wearable-stories-basque-style-espalda-web-300x450.jpg 300w, https:\/\/amarenak.com\/blog\/wp-content\/uploads\/2019\/03\/ARRATIARRA-MARINELA-gorria-Amarenak-historias-que-se-llevan-puestas-janzteko-istorioak-wearable-stories-basque-style-espalda-web-601x902.jpg 601w, https:\/\/amarenak.com\/blog\/wp-content\/uploads\/2019\/03\/ARRATIARRA-MARINELA-gorria-Amarenak-historias-que-se-llevan-puestas-janzteko-istorioak-wearable-stories-basque-style-espalda-web-683x1024.jpg 683w, https:\/\/amarenak.com\/blog\/wp-content\/uploads\/2019\/03\/ARRATIARRA-MARINELA-gorria-Amarenak-historias-que-se-llevan-puestas-janzteko-istorioak-wearable-stories-basque-style-espalda-web-768x1152.jpg 768w, https:\/\/amarenak.com\/blog\/wp-content\/uploads\/2019\/03\/ARRATIARRA-MARINELA-gorria-Amarenak-historias-que-se-llevan-puestas-janzteko-istorioak-wearable-stories-basque-style-espalda-web.jpg 1000w\" sizes=\"auto, (max-width: 200px) 100vw, 200px\" \/><\/a><\/p>\n<p>Amarenak chaqueta bolero arratiarra vasca para bodas de invierno<\/p>\n"},"caption":{"rendered":"<p>Amarenak chaqueta bolero arratiarra vasca para bodas de invierno<\/p>\n"},"alt_text":"Amarenak \u00e9l\u00e9gante veste Basque en drap de laine m\u00e9rinos","media_type":"image","mime_type":"image\/jpeg","media_details":{"width":1000,"height":1500,"file":"2019\/03\/ARRATIARRA-MARINELA-gorria-Amarenak-historias-que-se-llevan-puestas-janzteko-istorioak-wearable-stories-basque-style-espalda-web.jpg","sizes":{"woocommerce_thumbnail":{"file":"ARRATIARRA-MARINELA-gorria-Amarenak-historias-que-se-llevan-puestas-janzteko-istorioak-wearable-stories-basque-style-espalda-web-300x450.jpg","width":300,"height":450,"uncropped":false,"mime_type":"image\/jpeg","source_url":"https:\/\/amarenak.com\/blog\/wp-content\/uploads\/2019\/03\/ARRATIARRA-MARINELA-gorria-Amarenak-historias-que-se-llevan-puestas-janzteko-istorioak-wearable-stories-basque-style-espalda-web-300x450.jpg"},"woocommerce_gallery_thumbnail":{"file":"ARRATIARRA-MARINELA-gorria-Amarenak-historias-que-se-llevan-puestas-janzteko-istorioak-wearable-stories-basque-style-espalda-web-100x100.jpg","width":100,"height":100,"mime_type":"image\/jpeg","source_url":"https:\/\/amarenak.com\/blog\/wp-content\/uploads\/2019\/03\/ARRATIARRA-MARINELA-gorria-Amarenak-historias-que-se-llevan-puestas-janzteko-istorioak-wearable-stories-basque-style-espalda-web-100x100.jpg"},"woocommerce_single":{"file":"ARRATIARRA-MARINELA-gorria-Amarenak-historias-que-se-llevan-puestas-janzteko-istorioak-wearable-stories-basque-style-espalda-web-601x902.jpg","width":601,"height":902,"mime_type":"image\/jpeg","source_url":"https:\/\/amarenak.com\/blog\/wp-content\/uploads\/2019\/03\/ARRATIARRA-MARINELA-gorria-Amarenak-historias-que-se-llevan-puestas-janzteko-istorioak-wearable-stories-basque-style-espalda-web-601x902.jpg"},"medium":{"file":"ARRATIARRA-MARINELA-gorria-Amarenak-historias-que-se-llevan-puestas-janzteko-istorioak-wearable-stories-basque-style-espalda-web-200x300.jpg","width":200,"height":300,"mime_type":"image\/jpeg","source_url":"https:\/\/amarenak.com\/blog\/wp-content\/uploads\/2019\/03\/ARRATIARRA-MARINELA-gorria-Amarenak-historias-que-se-llevan-puestas-janzteko-istorioak-wearable-stories-basque-style-espalda-web-200x300.jpg"},"large":{"file":"ARRATIARRA-MARINELA-gorria-Amarenak-historias-que-se-llevan-puestas-janzteko-istorioak-wearable-stories-basque-style-espalda-web-683x1024.jpg","width":683,"height":1024,"mime_type":"image\/jpeg","source_url":"https:\/\/amarenak.com\/blog\/wp-content\/uploads\/2019\/03\/ARRATIARRA-MARINELA-gorria-Amarenak-historias-que-se-llevan-puestas-janzteko-istorioak-wearable-stories-basque-style-espalda-web-683x1024.jpg"},"thumbnail":{"file":"ARRATIARRA-MARINELA-gorria-Amarenak-historias-que-se-llevan-puestas-janzteko-istorioak-wearable-stories-basque-style-espalda-web-150x150.jpg","width":150,"height":150,"mime_type":"image\/jpeg","source_url":"https:\/\/amarenak.com\/blog\/wp-content\/uploads\/2019\/03\/ARRATIARRA-MARINELA-gorria-Amarenak-historias-que-se-llevan-puestas-janzteko-istorioak-wearable-stories-basque-style-espalda-web-150x150.jpg"},"medium_large":{"file":"ARRATIARRA-MARINELA-gorria-Amarenak-historias-que-se-llevan-puestas-janzteko-istorioak-wearable-stories-basque-style-espalda-web-768x1152.jpg","width":768,"height":1152,"mime_type":"image\/jpeg","source_url":"https:\/\/amarenak.com\/blog\/wp-content\/uploads\/2019\/03\/ARRATIARRA-MARINELA-gorria-Amarenak-historias-que-se-llevan-puestas-janzteko-istorioak-wearable-stories-basque-style-espalda-web-768x1152.jpg"},"product_small_thumbnail":{"file":"ARRATIARRA-MARINELA-gorria-Amarenak-historias-que-se-llevan-puestas-janzteko-istorioak-wearable-stories-basque-style-espalda-web-116x145.jpg","width":116,"height":145,"mime_type":"image\/jpeg","source_url":"https:\/\/amarenak.com\/blog\/wp-content\/uploads\/2019\/03\/ARRATIARRA-MARINELA-gorria-Amarenak-historias-que-se-llevan-puestas-janzteko-istorioak-wearable-stories-basque-style-espalda-web-116x145.jpg"},"shop_single_small_thumbnail":{"file":"ARRATIARRA-MARINELA-gorria-Amarenak-historias-que-se-llevan-puestas-janzteko-istorioak-wearable-stories-basque-style-espalda-web-190x236.jpg","width":190,"height":236,"mime_type":"image\/jpeg","source_url":"https:\/\/amarenak.com\/blog\/wp-content\/uploads\/2019\/03\/ARRATIARRA-MARINELA-gorria-Amarenak-historias-que-se-llevan-puestas-janzteko-istorioak-wearable-stories-basque-style-espalda-web-190x236.jpg"},"blog-isotope":{"file":"ARRATIARRA-MARINELA-gorria-Amarenak-historias-que-se-llevan-puestas-janzteko-istorioak-wearable-stories-basque-style-espalda-web-620x500.jpg","width":620,"height":500,"mime_type":"image\/jpeg","source_url":"https:\/\/amarenak.com\/blog\/wp-content\/uploads\/2019\/03\/ARRATIARRA-MARINELA-gorria-Amarenak-historias-que-se-llevan-puestas-janzteko-istorioak-wearable-stories-basque-style-espalda-web-620x500.jpg"},"shop_catalog":{"file":"ARRATIARRA-MARINELA-gorria-Amarenak-historias-que-se-llevan-puestas-janzteko-istorioak-wearable-stories-basque-style-espalda-web-300x450.jpg","width":300,"height":450,"uncropped":false,"mime_type":"image\/jpeg","source_url":"https:\/\/amarenak.com\/blog\/wp-content\/uploads\/2019\/03\/ARRATIARRA-MARINELA-gorria-Amarenak-historias-que-se-llevan-puestas-janzteko-istorioak-wearable-stories-basque-style-espalda-web-300x450.jpg"},"shop_single":{"file":"ARRATIARRA-MARINELA-gorria-Amarenak-historias-que-se-llevan-puestas-janzteko-istorioak-wearable-stories-basque-style-espalda-web-601x902.jpg","width":601,"height":902,"mime_type":"image\/jpeg","source_url":"https:\/\/amarenak.com\/blog\/wp-content\/uploads\/2019\/03\/ARRATIARRA-MARINELA-gorria-Amarenak-historias-que-se-llevan-puestas-janzteko-istorioak-wearable-stories-basque-style-espalda-web-601x902.jpg"},"shop_thumbnail":{"file":"ARRATIARRA-MARINELA-gorria-Amarenak-historias-que-se-llevan-puestas-janzteko-istorioak-wearable-stories-basque-style-espalda-web-100x100.jpg","width":100,"height":100,"mime_type":"image\/jpeg","source_url":"https:\/\/amarenak.com\/blog\/wp-content\/uploads\/2019\/03\/ARRATIARRA-MARINELA-gorria-Amarenak-historias-que-se-llevan-puestas-janzteko-istorioak-wearable-stories-basque-style-espalda-web-100x100.jpg"},"full":{"file":"ARRATIARRA-MARINELA-gorria-Amarenak-historias-que-se-llevan-puestas-janzteko-istorioak-wearable-stories-basque-style-espalda-web.jpg","width":1000,"height":1500,"mime_type":"image\/jpeg","source_url":"https:\/\/amarenak.com\/blog\/wp-content\/uploads\/2019\/03\/ARRATIARRA-MARINELA-gorria-Amarenak-historias-que-se-llevan-puestas-janzteko-istorioak-wearable-stories-basque-style-espalda-web.jpg"}},"image_meta":{"aperture":"0","credit":"","camera":"","caption":"","created_timestamp":"0","copyright":"Mikel Blasco","focal_length":"0","iso":"0","shutter_speed":"0","title":"","orientation":"0","keywords":[]}},"post":5494,"source_url":"https:\/\/amarenak.com\/blog\/wp-content\/uploads\/2019\/03\/ARRATIARRA-MARINELA-gorria-Amarenak-historias-que-se-llevan-puestas-janzteko-istorioak-wearable-stories-basque-style-espalda-web.jpg","_links":{"self":[{"href":"https:\/\/amarenak.com\/blog\/fr\/wp-json\/wp\/v2\/media\/6669","targetHints":{"allow":["GET"]}}],"collection":[{"href":"https:\/\/amarenak.com\/blog\/fr\/wp-json\/wp\/v2\/media"}],"about":[{"href":"https:\/\/amarenak.com\/blog\/fr\/wp-json\/wp\/v2\/types\/attachment"}],"author":[{"embeddable":true,"href":"https:\/\/amarenak.com\/blog\/fr\/wp-json\/wp\/v2\/users\/2"}],"replies":[{"embeddable":true,"href":"https:\/\/amarenak.com\/blog\/fr\/wp-json\/wp\/v2\/comments?post=6669"}],"wp:attached-to":[{"embeddable":true,"post_type":"product","id":5494,"href":"https:\/\/amarenak.com\/blog\/fr\/wp-json\/wp\/v2\/product\/5494"}],"curies":[{"name":"wp","href":"https:\/\/api.w.org\/{rel}","templated":true}]}}

Amarenak élégante veste Basque en drap de laine mérinos

<p class="attachment"><span class="fresco" data-fresco-group="" href='https://amarenak.com/blog/wp-content/uploads/2019/03/ARRATIARRA-MARINELA-gorria-Amarenak-historias-que-se-llevan-puestas-janzteko-istorioak-wearable-stories-basque-style-espalda-web.jpg'><img loading="lazy" decoding="async" width="200" height="300" src="https://amarenak.com/blog/wp-content/uploads/2019/03/ARRATIARRA-MARINELA-gorria-Amarenak-historias-que-se-llevan-puestas-janzteko-istorioak-wearable-stories-basque-style-espalda-web-200x300.jpg" class="attachment-medium size-medium" alt="Amarenak élégante veste Basque en drap de laine mérinos" srcset="https://amarenak.com/blog/wp-content/uploads/2019/03/ARRATIARRA-MARINELA-gorria-Amarenak-historias-que-se-llevan-puestas-janzteko-istorioak-wearable-stories-basque-style-espalda-web-200x300.jpg 200w, https://amarenak.com/blog/wp-content/uploads/2019/03/ARRATIARRA-MARINELA-gorria-Amarenak-historias-que-se-llevan-puestas-janzteko-istorioak-wearable-stories-basque-style-espalda-web-300x450.jpg 300w, https://amarenak.com/blog/wp-content/uploads/2019/03/ARRATIARRA-MARINELA-gorria-Amarenak-historias-que-se-llevan-puestas-janzteko-istorioak-wearable-stories-basque-style-espalda-web-601x902.jpg 601w, https://amarenak.com/blog/wp-content/uploads/2019/03/ARRATIARRA-MARINELA-gorria-Amarenak-historias-que-se-llevan-puestas-janzteko-istorioak-wearable-stories-basque-style-espalda-web-683x1024.jpg 683w, https://amarenak.com/blog/wp-content/uploads/2019/03/ARRATIARRA-MARINELA-gorria-Amarenak-historias-que-se-llevan-puestas-janzteko-istorioak-wearable-stories-basque-style-espalda-web-768x1152.jpg 768w, https://amarenak.com/blog/wp-content/uploads/2019/03/ARRATIARRA-MARINELA-gorria-Amarenak-historias-que-se-llevan-puestas-janzteko-istorioak-wearable-stories-basque-style-espalda-web.jpg 1000w" sizes="auto, (max-width: 200px) 100vw, 200px" /></a></p>
<p>Amarenak chaqueta bolero arratiarra vasca para bodas de invierno</p>
