{"id":12882,"date":"2022-10-27T10:13:32","date_gmt":"2022-10-27T10:13:32","guid":{"rendered":"https:\/\/amarenak.com\/wp-content\/uploads\/2022\/10\/Juan-Sebastian-Elcano-Ignacio-Zuloaga-1921-Diputacion-Foral-de-Gipuzkoa-Museo-Maritimo-Vasco.jpg"},"modified":"2023-04-13T10:24:02","modified_gmt":"2023-04-13T10:24:02","slug":"juan-sebastian-elcano-ignacio-zuloaga-1921-diputacion-foral-de-gipuzkoa-museo-maritimo-vasco-2-2","status":"inherit","type":"attachment","link":"https:\/\/amarenak.com\/blog\/eu\/amarenak-denda\/juan-sebastian-elcano-ignacio-zuloaga-1921-diputacion-foral-de-gipuzkoa-museo-maritimo-vasco-2-2\/","title":{"rendered":"Juan-Sebasti\u00e1n-Elcano-Ignacio-Zuloaga-1921-Diputaci\u00f3n-Foral-de-Gipuzkoa-Museo-Mar\u00edtimo-Vasco"},"author":13,"featured_media":0,"comment_status":"open","ping_status":"closed","template":"","meta":[],"class_list":["post-12882","attachment","type-attachment","status-inherit","hentry"],"aioseo_notices":[],"jetpack_sharing_enabled":true,"description":{"rendered":"<p class=\"attachment\"><span class=\"fresco\" data-fresco-group=\"\" href='https:\/\/amarenak.com\/blog\/wp-content\/uploads\/2022\/10\/Juan-Sebastian-Elcano-Ignacio-Zuloaga-1921-Diputacion-Foral-de-Gipuzkoa-Museo-Maritimo-Vasco.jpg'><img loading=\"lazy\" decoding=\"async\" width=\"528\" height=\"600\" src=\"https:\/\/amarenak.com\/blog\/wp-content\/uploads\/2022\/10\/Juan-Sebastian-Elcano-Ignacio-Zuloaga-1921-Diputacion-Foral-de-Gipuzkoa-Museo-Maritimo-Vasco-528x600.jpg\" class=\"attachment-medium size-medium\" alt=\"Juan-Sebasti\u00e1n-Elcano-Ignacio-Zuloaga-1921-Diputaci\u00f3n-Foral-de-Gipuzkoa-Museo-Mar\u00edtimo-Vasco\" srcset=\"https:\/\/amarenak.com\/blog\/wp-content\/uploads\/2022\/10\/Juan-Sebastian-Elcano-Ignacio-Zuloaga-1921-Diputacion-Foral-de-Gipuzkoa-Museo-Maritimo-Vasco-528x600.jpg 528w, https:\/\/amarenak.com\/blog\/wp-content\/uploads\/2022\/10\/Juan-Sebastian-Elcano-Ignacio-Zuloaga-1921-Diputacion-Foral-de-Gipuzkoa-Museo-Maritimo-Vasco-901x1024.jpg 901w, https:\/\/amarenak.com\/blog\/wp-content\/uploads\/2022\/10\/Juan-Sebastian-Elcano-Ignacio-Zuloaga-1921-Diputacion-Foral-de-Gipuzkoa-Museo-Maritimo-Vasco-768x873.jpg 768w, https:\/\/amarenak.com\/blog\/wp-content\/uploads\/2022\/10\/Juan-Sebastian-Elcano-Ignacio-Zuloaga-1921-Diputacion-Foral-de-Gipuzkoa-Museo-Maritimo-Vasco-601x683.jpg 601w, https:\/\/amarenak.com\/blog\/wp-content\/uploads\/2022\/10\/Juan-Sebastian-Elcano-Ignacio-Zuloaga-1921-Diputacion-Foral-de-Gipuzkoa-Museo-Maritimo-Vasco.jpg 1000w\" sizes=\"auto, (max-width: 528px) 100vw, 528px\" \/><\/a><\/p>\n<p>Juan-Sebasti\u00e1n-Elcano-Ignacio-Zuloaga-1921-Diputaci\u00f3n-Foral-de-Gipuzkoa-Museo-Mar\u00edtimo-Vasco<\/p>\n"},"caption":{"rendered":"<p>Juan-Sebasti\u00e1n-Elcano-Ignacio-Zuloaga-1921-Diputaci\u00f3n-Foral-de-Gipuzkoa-Museo-Mar\u00edtimo-Vasco<\/p>\n"},"alt_text":"Juan-Sebasti\u00e1n-Elcano-Ignacio-Zuloaga-1921-Diputaci\u00f3n-Foral-de-Gipuzkoa-Museo-Mar\u00edtimo-Vasco","media_type":"image","mime_type":"image\/jpeg","media_details":{"width":1000,"height":1137,"file":"2022\/10\/Juan-Sebastian-Elcano-Ignacio-Zuloaga-1921-Diputacion-Foral-de-Gipuzkoa-Museo-Maritimo-Vasco.jpg","filesize":218466,"sizes":{"medium":{"file":"Juan-Sebastian-Elcano-Ignacio-Zuloaga-1921-Diputacion-Foral-de-Gipuzkoa-Museo-Maritimo-Vasco-528x600.jpg","width":528,"height":600,"filesize":61863,"mime_type":"image\/jpeg","source_url":"https:\/\/amarenak.com\/blog\/wp-content\/uploads\/2022\/10\/Juan-Sebastian-Elcano-Ignacio-Zuloaga-1921-Diputacion-Foral-de-Gipuzkoa-Museo-Maritimo-Vasco-528x600.jpg"},"large":{"file":"Juan-Sebastian-Elcano-Ignacio-Zuloaga-1921-Diputacion-Foral-de-Gipuzkoa-Museo-Maritimo-Vasco-901x1024.jpg","width":901,"height":1024,"filesize":145327,"mime_type":"image\/jpeg","source_url":"https:\/\/amarenak.com\/blog\/wp-content\/uploads\/2022\/10\/Juan-Sebastian-Elcano-Ignacio-Zuloaga-1921-Diputacion-Foral-de-Gipuzkoa-Museo-Maritimo-Vasco-901x1024.jpg"},"thumbnail":{"file":"Juan-Sebastian-Elcano-Ignacio-Zuloaga-1921-Diputacion-Foral-de-Gipuzkoa-Museo-Maritimo-Vasco-150x150.jpg","width":150,"height":150,"filesize":6939,"mime_type":"image\/jpeg","source_url":"https:\/\/amarenak.com\/blog\/wp-content\/uploads\/2022\/10\/Juan-Sebastian-Elcano-Ignacio-Zuloaga-1921-Diputacion-Foral-de-Gipuzkoa-Museo-Maritimo-Vasco-150x150.jpg"},"medium_large":{"file":"Juan-Sebastian-Elcano-Ignacio-Zuloaga-1921-Diputacion-Foral-de-Gipuzkoa-Museo-Maritimo-Vasco-768x873.jpg","width":768,"height":873,"filesize":114290,"mime_type":"image\/jpeg","source_url":"https:\/\/amarenak.com\/blog\/wp-content\/uploads\/2022\/10\/Juan-Sebastian-Elcano-Ignacio-Zuloaga-1921-Diputacion-Foral-de-Gipuzkoa-Museo-Maritimo-Vasco-768x873.jpg"},"blog-isotope":{"file":"Juan-Sebastian-Elcano-Ignacio-Zuloaga-1921-Diputacion-Foral-de-Gipuzkoa-Museo-Maritimo-Vasco-620x500.jpg","width":620,"height":500,"filesize":59259,"mime_type":"image\/jpeg","source_url":"https:\/\/amarenak.com\/blog\/wp-content\/uploads\/2022\/10\/Juan-Sebastian-Elcano-Ignacio-Zuloaga-1921-Diputacion-Foral-de-Gipuzkoa-Museo-Maritimo-Vasco-620x500.jpg"},"woocommerce_thumbnail":{"file":"Juan-Sebastian-Elcano-Ignacio-Zuloaga-1921-Diputacion-Foral-de-Gipuzkoa-Museo-Maritimo-Vasco-300x450.jpg","width":300,"height":450,"filesize":31116,"mime_type":"image\/jpeg","source_url":"https:\/\/amarenak.com\/blog\/wp-content\/uploads\/2022\/10\/Juan-Sebastian-Elcano-Ignacio-Zuloaga-1921-Diputacion-Foral-de-Gipuzkoa-Museo-Maritimo-Vasco-300x450.jpg"},"woocommerce_single":{"file":"Juan-Sebastian-Elcano-Ignacio-Zuloaga-1921-Diputacion-Foral-de-Gipuzkoa-Museo-Maritimo-Vasco-601x683.jpg","width":601,"height":683,"filesize":77248,"mime_type":"image\/jpeg","source_url":"https:\/\/amarenak.com\/blog\/wp-content\/uploads\/2022\/10\/Juan-Sebastian-Elcano-Ignacio-Zuloaga-1921-Diputacion-Foral-de-Gipuzkoa-Museo-Maritimo-Vasco-601x683.jpg"},"woocommerce_gallery_thumbnail":{"file":"Juan-Sebastian-Elcano-Ignacio-Zuloaga-1921-Diputacion-Foral-de-Gipuzkoa-Museo-Maritimo-Vasco-100x100.jpg","width":100,"height":100,"filesize":3875,"mime_type":"image\/jpeg","source_url":"https:\/\/amarenak.com\/blog\/wp-content\/uploads\/2022\/10\/Juan-Sebastian-Elcano-Ignacio-Zuloaga-1921-Diputacion-Foral-de-Gipuzkoa-Museo-Maritimo-Vasco-100x100.jpg"},"cmplz_banner_image":{"file":"Juan-Sebastian-Elcano-Ignacio-Zuloaga-1921-Diputacion-Foral-de-Gipuzkoa-Museo-Maritimo-Vasco-350x100.jpg","width":350,"height":100,"filesize":8141,"mime_type":"image\/jpeg","source_url":"https:\/\/amarenak.com\/blog\/wp-content\/uploads\/2022\/10\/Juan-Sebastian-Elcano-Ignacio-Zuloaga-1921-Diputacion-Foral-de-Gipuzkoa-Museo-Maritimo-Vasco-350x100.jpg"},"full":{"file":"Juan-Sebastian-Elcano-Ignacio-Zuloaga-1921-Diputacion-Foral-de-Gipuzkoa-Museo-Maritimo-Vasco.jpg","width":1000,"height":1137,"mime_type":"image\/jpeg","source_url":"https:\/\/amarenak.com\/blog\/wp-content\/uploads\/2022\/10\/Juan-Sebastian-Elcano-Ignacio-Zuloaga-1921-Diputacion-Foral-de-Gipuzkoa-Museo-Maritimo-Vasco.jpg"}},"image_meta":{"aperture":"0","credit":"","camera":"","caption":"","created_timestamp":"0","copyright":"","focal_length":"0","iso":"0","shutter_speed":"0","title":"","orientation":"0","keywords":[]}},"post":5406,"source_url":"https:\/\/amarenak.com\/blog\/wp-content\/uploads\/2022\/10\/Juan-Sebastian-Elcano-Ignacio-Zuloaga-1921-Diputacion-Foral-de-Gipuzkoa-Museo-Maritimo-Vasco.jpg","_links":{"self":[{"href":"https:\/\/amarenak.com\/blog\/eu\/wp-json\/wp\/v2\/media\/12882","targetHints":{"allow":["GET"]}}],"collection":[{"href":"https:\/\/amarenak.com\/blog\/eu\/wp-json\/wp\/v2\/media"}],"about":[{"href":"https:\/\/amarenak.com\/blog\/eu\/wp-json\/wp\/v2\/types\/attachment"}],"author":[{"embeddable":true,"href":"https:\/\/amarenak.com\/blog\/eu\/wp-json\/wp\/v2\/users\/13"}],"replies":[{"embeddable":true,"href":"https:\/\/amarenak.com\/blog\/eu\/wp-json\/wp\/v2\/comments?post=12882"}],"wp:attached-to":[{"embeddable":true,"post_type":"page","id":5406,"href":"https:\/\/amarenak.com\/blog\/eu\/wp-json\/wp\/v2\/pages\/5406"}],"curies":[{"name":"wp","href":"https:\/\/api.w.org\/{rel}","templated":true}]}}

Juan-Sebastián-Elcano-Ignacio-Zuloaga-1921-Diputación-Foral-de-Gipuzkoa-Museo-Marítimo-Vasco

<p class="attachment"><span class="fresco" data-fresco-group="" href='https://amarenak.com/blog/wp-content/uploads/2022/10/Juan-Sebastian-Elcano-Ignacio-Zuloaga-1921-Diputacion-Foral-de-Gipuzkoa-Museo-Maritimo-Vasco.jpg'><img loading="lazy" decoding="async" width="528" height="600" src="https://amarenak.com/blog/wp-content/uploads/2022/10/Juan-Sebastian-Elcano-Ignacio-Zuloaga-1921-Diputacion-Foral-de-Gipuzkoa-Museo-Maritimo-Vasco-528x600.jpg" class="attachment-medium size-medium" alt="Juan-Sebastián-Elcano-Ignacio-Zuloaga-1921-Diputación-Foral-de-Gipuzkoa-Museo-Marítimo-Vasco" srcset="https://amarenak.com/blog/wp-content/uploads/2022/10/Juan-Sebastian-Elcano-Ignacio-Zuloaga-1921-Diputacion-Foral-de-Gipuzkoa-Museo-Maritimo-Vasco-528x600.jpg 528w, https://amarenak.com/blog/wp-content/uploads/2022/10/Juan-Sebastian-Elcano-Ignacio-Zuloaga-1921-Diputacion-Foral-de-Gipuzkoa-Museo-Maritimo-Vasco-901x1024.jpg 901w, https://amarenak.com/blog/wp-content/uploads/2022/10/Juan-Sebastian-Elcano-Ignacio-Zuloaga-1921-Diputacion-Foral-de-Gipuzkoa-Museo-Maritimo-Vasco-768x873.jpg 768w, https://amarenak.com/blog/wp-content/uploads/2022/10/Juan-Sebastian-Elcano-Ignacio-Zuloaga-1921-Diputacion-Foral-de-Gipuzkoa-Museo-Maritimo-Vasco-601x683.jpg 601w, https://amarenak.com/blog/wp-content/uploads/2022/10/Juan-Sebastian-Elcano-Ignacio-Zuloaga-1921-Diputacion-Foral-de-Gipuzkoa-Museo-Maritimo-Vasco.jpg 1000w" sizes="auto, (max-width: 528px) 100vw, 528px" /></a></p>
<p>Juan-Sebastián-Elcano-Ignacio-Zuloaga-1921-Diputación-Foral-de-Gipuzkoa-Museo-Marítimo-Vasco</p>

<p>Juan-Sebastián-Elcano-Ignacio-Zuloaga-1921-Diputación-Foral-de-Gipuzkoa-Museo-Marítimo-Vasco</p>
